NOAA-Style Climate Report Archive

for Hessville, NY - Since March 2004

(Reports Generated by WeatherLink)

Report for 2015 February
                   MONTHLY CLIMATOLOGICAL SUMMARY for FEB. 2015

NAME: Indian Trail Weather   CITY: Hessville   STATE: New York 
ELEV:  1041 ft  LAT:  42° 51' 52" N  LONG:  74° 43' 15" W

                   TEMPERATURE (°F), RAIN  (in), WIND SPEED (mph)

                                      HEAT  COOL        AVG
    MEAN                              DEG   DEG         WIND                 DOM
DAY TEMP  HIGH   TIME   LOW    TIME   DAYS  DAYS  RAIN  SPEED HIGH   TIME    DIR
------------------------------------------------------------------------------------
 1  18.2  24.3   1:30p   9.7  12:00m  46.8   0.0  0.00   6.2  22.0   4:00a    NW
 2   6.2  14.1   5:00p  -1.8   9:30p  58.8   0.0  0.09   9.8  29.0  10:00p     E
 3  10.5  20.6   3:30p  -1.6   3:30a  54.5   0.0  0.00   8.1  22.0   1:30p   WSW
 4  24.2  32.9   7:30p  14.6  12:30a  40.8   0.0  0.02   6.1  29.0   1:30p    SW
 5  13.5  29.6  12:30a   0.7  10:30p  51.5   0.0  0.01   9.6  29.0   2:00p     W
 6  11.2  20.0   3:30p  -1.9   5:30a  53.8   0.0  0.00   9.6  27.0  10:00a    SW
 7  23.2  27.5   4:30p  18.3   1:00a  41.8   0.0  0.08   6.9  27.0   2:30a    SW
 8  15.7  24.8  12:30a  13.0  12:30p  49.3   0.0  0.20   6.4  17.0   8:30a     E
 9  18.2  21.5   2:30p  14.8  12:30a  46.8   0.0  0.07   8.3  17.0  11:00a     E
10  22.5  28.1   3:00p  17.1  11:00p  42.5   0.0  0.00   2.9  13.0  11:30a     W
11  16.6  22.1   3:00p   9.2   4:30a  48.4   0.0  0.00   2.0  10.0   1:30p    NE
12  16.2  25.8  11:00a  -1.0  12:00m  48.8   0.0  0.04   7.8  32.0   3:00p     W
13  -1.9   4.4   4:00p -10.4   7:30a  66.9   0.0  0.00   9.0  30.0   2:00p     W
14   7.2  15.4   4:00p  -0.9   4:00a  57.8   0.0  0.02   1.6  20.0  12:00m    NE
15  -0.4  11.7  12:30a  -9.0  12:00m  65.4   0.0  0.00  15.0  37.0   1:00a   WNW
16  -2.7   5.5   3:30p -10.9   4:00a  67.7   0.0  0.00  10.6  29.0   2:30a     W
17   4.5  17.6   4:00p  -5.3   4:00a  60.5   0.0  0.00   2.3  10.0   8:30p    SW
18   9.9  21.5   2:30p  -5.6   7:00a  55.1   0.0  0.00   2.2  11.0   3:30p    NE
19   7.2  14.0   1:00a  -2.2  12:00m  57.8   0.0  0.00  15.6  35.0  12:30p     W
20  -0.7   7.6   3:00p  -6.8  10:00p  65.7   0.0  0.00   9.5  30.0  10:00a     W
21   6.3  17.5   6:00p  -8.7   2:00a  58.7   0.0  0.20   2.7  15.0   1:00p   ENE
22  21.5  28.3   2:00p  15.1  12:30a  43.5   0.0  0.00   4.4  17.0  12:00m   WSW
23   3.3  21.6  12:30a  -6.3  11:00p  61.7   0.0  0.00  11.6  39.0   1:30a     W
24   3.9  16.4   8:00p -11.2   4:30a  61.1   0.0  0.00   4.0  27.0   8:00p     S
25  15.6  23.2  11:30a   7.3  11:30p  49.4   0.0  0.00   9.1  28.0   1:00p    SW
26  10.9  19.3   3:30p   5.8   3:00a  54.1   0.0  0.00   3.2  13.0  12:30a   WSW
27   7.0  14.9   3:30p  -0.1   6:00a  58.0   0.0  0.00   7.9  20.0   1:30p   WSW
28   9.0  22.0   4:00p  -0.5   4:00a  56.0   0.0  0.00   5.4  16.0   6:00a   WSW
-------------------------------------------------------------------------------------
    10.6  32.9     4   -11.2    24  1523.2   0.0  0.73   7.1  39.0    23       W

Max >=  90.0:  0
Max <=  32.0: 27
Min <=  32.0: 28
Min <=   0.0: 17
Max Rain: 0.20 ON 02/08/15
Days of Rain: 8 (>.01 in) 2 (>.1 in) 0 (>1 in)
Heat Base:  65.0  Cool Base:  65.0  Method: Integration