NOAA-Style Climate Report Archive

for Hessville, NY - Since March 2004

(Reports Generated by WeatherLink)

Report for 2015 January
                   MONTHLY CLIMATOLOGICAL SUMMARY for JAN. 2015

NAME: Indian Trail Weather   CITY: Hessville   STATE: New York 
ELEV:  1041 ft  LAT:  42° 51' 52" N  LONG:  74° 43' 15" W

                   TEMPERATURE (°F), RAIN  (in), WIND SPEED (mph)

                                      HEAT  COOL        AVG
    MEAN                              DEG   DEG         WIND                 DOM
DAY TEMP  HIGH   TIME   LOW    TIME   DAYS  DAYS  RAIN  SPEED HIGH   TIME    DIR
------------------------------------------------------------------------------------
 1  24.8  31.1   3:30p  18.5   4:30a  40.2   0.0  0.00   9.6  28.0   1:00p    SW
 2  27.0  31.5   2:30a  20.8  12:00m  38.0   0.0  0.00   9.2  31.0  10:00a     W
 3  22.2  32.0  12:00m  16.0   5:00a  42.8   0.0  0.88   4.3  17.0   4:30p     E
 4  36.0  48.7   5:30p  31.8   1:00a  29.0   0.0  0.25   4.0  34.0  10:00p     W
 5  18.5  36.6  12:30a   7.8  11:00p  46.5   0.0  0.01  13.1  41.0   5:00a     W
 6  11.5  17.2   2:30p   5.7   3:00a  53.5   0.0  0.00   3.9  20.0  10:30p    SW
 7   7.0  15.0  12:00p  -8.2  12:00m  58.0   0.0  0.00  13.3  38.0   3:30p    SW
 8   5.3  15.8   2:00p -11.7   6:30a  59.7   0.0  0.00   8.9  32.0  10:30p   SSW
 9  17.6  23.1  12:30p  13.1  10:00p  47.4   0.0  0.01  10.6  35.0  11:00a   WSW
10  11.0  15.0   3:00p   7.5   7:00a  54.0   0.0  0.00   9.8  27.0  10:00a    SW
11  17.4  22.9  12:30p  10.0  12:30a  47.6   0.0  0.00   5.3  26.0   1:00a    SW
12  29.9  35.4   2:00p  20.3  12:30a  35.1   0.0  0.16   4.1  22.0   6:30p   WNW
13   4.9  22.2  12:30a  -1.9   7:30a  60.1   0.0  0.00   4.7  22.0   1:00a   WSW
14   5.7  17.5   9:30p  -8.1   6:30a  59.3   0.0  0.00   1.2   8.0   1:55p    SW
15  17.7  25.2   3:00p   9.6   6:00a  47.3   0.0  0.00   4.3  15.0  12:00m   WSW
16  19.6  27.7   8:30a   6.9  12:00m  45.4   0.0  0.01  11.8  34.0   1:00p    SW
17   6.8  14.6   2:30p  -3.4   6:30a  58.2   0.0  0.00   3.9  15.0  12:30a     E
18  25.5  35.8  10:00p   9.3  12:30a  39.5   0.0  0.09   2.1  14.0  10:30p    NE
19  30.3  35.1  12:30a  25.3  12:00m  34.7   0.0  0.00  12.3  35.0   8:30p     W
20  19.2  25.3  12:30a  11.0  12:00m  45.8   0.0  0.00   7.9  25.0   1:00a     W
21  13.8  20.6   1:30p   2.0   7:30a  51.2   0.0  0.00   3.2  14.0   3:30a     S
22  20.5  25.7   3:30p  15.5   9:30p  44.5   0.0  0.00   4.1  19.0   4:30p    SW
23  23.1  29.6   3:30p  18.0  12:30a  41.9   0.0  0.00   7.1  20.0   4:00a    SW
24  27.0  35.2   2:00p  19.5   3:00a  38.0   0.0  0.00   5.2  30.0   7:30p     W
25  20.2  32.4   4:30a   6.0  11:00p  44.8   0.0  0.00  11.1  39.0   7:00a     W
26   9.7  14.7   4:30p   0.8   3:30a  55.3   0.0  0.00   6.8  19.0  11:00a     E
27  13.9  17.2  11:30a   9.8   9:00p  51.1   0.0  0.00   7.2  26.0   6:00p   WNW
28  13.2  20.4   2:30p   7.4   7:00a  51.8   0.0  0.00  10.3  28.0   2:00a     W
29  16.1  29.4   8:00p   1.4   7:00a  48.9   0.0  0.03   4.1  17.0   4:00p     S
30  19.6  28.2   7:30a   2.6  12:00m  45.4   0.0  0.06  10.6  33.0   8:00p   WNW
31   5.4  13.8  12:00m  -5.0   8:00a  59.6   0.0  0.00  10.6  30.0   1:30a     W
-------------------------------------------------------------------------------------
    17.4  48.7     4   -11.7     8  1474.6   0.0  1.50   7.2  41.0     5       W

Max >=  90.0:  0
Max <=  32.0: 24
Min <=  32.0: 31
Min <=   0.0:  6
Max Rain: 0.88 ON 01/03/15
Days of Rain: 6 (>.01 in) 3 (>.1 in) 0 (>1 in)
Heat Base:  65.0  Cool Base:  65.0  Method: Integration