NOAA-Style Climate Report Archive

for Hessville, NY - Since March 2004

(Reports Generated by WeatherLink)

Report for 2015
                            ANNUAL CLIMATOLOGICAL SUMMARY

NAME: Indian Trail Weather  CITY: Hessville   STATE: New York  
ELEV:  1041 ft  LAT:  42° 51' 52" N  LONG:  74° 43' 15" W

               TEMPERATURE (°F), HEAT BASE 65.0, COOL BASE 65.0
                          DEP.  HEAT  COOL                                          
        MEAN  MEAN        FROM  DEG   DEG                        MAX  MAX  MIN  MIN 
 YR MO  MAX   MIN   MEAN  NORM  DAYS  DAYS  HI  DATE  LOW  DATE  >=90 <=32 <=32 <=0 
------------------------------------------------------------------------------------
 15  1  25.6   8.3  17.4  -3.1  1475     0  48.7   4 -11.7    8    0   24   31    6
 15  2  19.7   1.5  10.6 -12.7  1523     0  32.9   4 -11.2   24    0   27   28   17
 15  3  33.6  17.7  25.8  -5.6  1214     0  47.2  10   1.0    6    0   12   30    0
 15  4  52.8  34.3  43.1  -1.2   659     3  75.0  13  21.8    1    0    0   11    0
 15  5  73.1  49.6  61.5   6.2   204    97  85.4   8  31.5   23    0    0    1    0
 15  6  71.1  53.5  62.3  -1.7   139    57  81.9  23  41.2    7    0    0    0    0
 15  7  78.8  59.5  69.0   1.1    50   170  90.2  19  49.0   16    1    0    0    0
 15  8  78.5  58.0  67.8   1.4    59   145  89.7  18  52.1   28    0    0    0    0
 15  9  75.7  55.1  64.8   5.6   120   115  89.0   9  40.7   27    0    0    0    0
 15 10  56.2  39.2  47.4  -0.5   549     3  76.7  12  22.1   19    0    0    5    0
 15 11  52.7  34.6  43.3   5.7   652     2  72.5   6  20.8   23    0    0   14    0
 15 12  45.2  32.2  38.7  12.6   815     0  66.1  24  18.1   28    0    2   14    0
------------------------------------------------------------------------------------
        55.5  37.2  46.2   0.7  7458   590  90.2 JUL -11.7  JAN    1   65  134   23

                                PRECIPITATION (in)

               DEP.   MAX        DAYS OF RAIN 
               FROM   OBS.          OVER
 YR MO  TOTAL  NORM   DAY  DATE .01   .1   1
---------------------------------------------
 15  1  1.50  -1.72  0.88    3    6    3    0
 15  2  0.73  -2.19  0.20    8    8    2    0
 15  3  1.11  -3.00  0.56   26    8    2    0
 15  4  2.33  -1.65  0.63    8   10    6    0
 15  5  1.78  -2.54  0.36   18    8    7    0
 15  6  6.75   2.14  1.89   12   17   12    2
 15  7  2.67  -1.71  0.73    9   10    7    0
 15  8  2.31  -1.99  0.75   21    8    5    0
 15  9  3.73  -0.22  1.21   30    9    8    1
 15 10  2.91  -1.18  1.06   28   11    6    1
 15 11  1.76  -2.11  0.76   11    6    4    0
 15 12  2.91  -0.43  0.76   27   11    7    0
---------------------------------------------
       30.49-16.60  1.89  JUN  112   69    4

                                WIND SPEED (mph)
                          DOM
 YR MO   AVG.  HI   DATE  DIR
---------------------------------
 15  1   7.2  41.0    5     W
 15  2   7.1  39.0   23     W
 15  3   7.6  40.0   17     W
 15  4   7.8  44.0   18     W
 15  5   5.6  40.0   27    SW
 15  6   4.6  50.0   12   ENE
 15  7   4.0  49.0   13    SW
 15  8   3.9  35.0   10    SW
 15  9   3.8  33.0   19    SW
 15 10   5.7  33.0   30    SW
 15 11   6.3  41.0   13    SW
 15 12   5.5  46.0   19   WSW
---------------------------------
         5.7  50.0  JUN   SW