NOAA-Style Climate Report Archive

for Hessville, NY - Since March 2004

(Reports Generated by WeatherLink)

Report for 2014 December
                   MONTHLY CLIMATOLOGICAL SUMMARY for DEC. 2014

NAME: Indian Trail Weather   CITY: Hessville   STATE: New York 
ELEV:  1041 ft  LAT:  42° 51' 52" N  LONG:  74° 43' 15" W

                   TEMPERATURE (°F), RAIN  (in), WIND SPEED (mph)

                                      HEAT  COOL        AVG
    MEAN                              DEG   DEG         WIND                 DOM
DAY TEMP  HIGH   TIME   LOW    TIME   DAYS  DAYS  RAIN  SPEED HIGH   TIME    DIR
------------------------------------------------------------------------------------
 1  40.2  51.9   1:30a  27.9  12:00m  24.8   0.0  0.00  11.5  30.0   1:00p     W
 2  26.2  31.9  12:00m  18.4   8:00a  38.8   0.0  0.09   6.9  18.0   1:00a     E
 3  35.3  41.3   3:30p  31.8  12:30a  29.7   0.0  0.05   6.6  39.0   6:30p   WSW
 4  29.4  33.1   2:00a  21.4  12:00m  35.6   0.0  0.00   7.6  30.0   2:00a     W
 5  25.0  30.1  11:30p  18.3   7:00a  40.0   0.0  0.10   3.1  13.0   9:00a     E
 6  32.9  35.0   1:30p  30.0  12:30a  32.1   0.0  0.48   2.8  20.0   8:30p   WNW
 7  24.7  32.0  12:30a  15.9  12:00m  40.3   0.0  0.00   6.0  17.0   3:30a    NW
 8  19.2  24.7   6:30p  11.8   7:00a  45.8   0.0  0.00   8.1  25.0   3:00p     E
 9  30.5  36.1  10:30p  23.4  12:30a  34.5   0.0  0.68   5.1  24.0  10:30p    NW
10  29.0  35.4  12:30a  25.5   8:00p  36.0   0.0  0.12  12.9  31.0   3:30a   WNW
11  26.5  29.3  12:00p  24.7   9:00p  38.5   0.0  0.00   9.1  21.0   1:00p   WSW
12  26.4  27.9   1:30p  24.7   4:00a  38.6   0.0  0.00   7.2  20.0   9:00p     W
13  30.0  34.0  12:00m  26.7   7:00a  35.0   0.0  0.00   8.6  25.0   2:00p     W
14  34.4  36.2  12:30p  33.1  10:30p  30.6   0.0  0.00   7.2  26.0   1:00a     W
15  32.8  34.1   3:00p  31.6   7:30a  32.2   0.0  0.00   3.8  18.0   3:00a     W
16  32.5  35.0   8:30p  29.5   7:00a  32.5   0.0  0.07   3.5  12.0   2:00a     E
17  36.4  42.7  12:00p  31.9  12:00m  28.6   0.0  0.02   6.4  23.0   9:30p   WSW
18  30.7  32.3  11:30a  28.3  11:00p  34.3   0.0  0.01  11.6  29.0   5:30a   WSW
19  24.9  28.3  12:30a  22.3  12:00m  40.1   0.0  0.00   8.1  24.0   1:30p   WNW
20  22.9  26.6  12:00m  17.0   8:00a  42.1   0.0  0.00   1.1  14.0   1:00a   NNW
21  27.9  31.9   3:00p  24.3   1:30a  37.1   0.0  0.00   0.5   6.0   1:30p   NNW
22  30.3  32.2  11:00p  27.5   8:00a  34.7   0.0  0.00   4.0  13.0  12:30p     E
23  34.8  36.7  10:00p  32.1   1:00a  30.2   0.0  0.34   5.8  13.0   6:00a     E
24  39.9  43.6  12:00m  36.3  12:30a  25.1   0.0  0.27   2.6  12.0   1:30p     E
25  43.0  56.3   2:30a  37.0   8:00p  22.0   0.0  0.24  12.3  37.0  11:00a   WSW
26  37.8  43.8   3:30p  31.8   7:00p  27.2   0.0  0.00   7.3  26.0   1:00a     W
27  42.9  50.4  12:00m  35.3   2:00a  22.1   0.0  0.00   7.7  29.0  10:30p    SW
28  38.2  50.9  12:30a  31.6  10:30p  26.8   0.0  0.52  10.8  31.0   5:30p     W
29  28.1  32.7   3:00a  18.9  12:00m  36.9   0.0  0.00   7.1  19.0   3:30a     W
30  18.7  22.9   2:30p  15.0   8:30p  46.3   0.0  0.00   6.0  24.0   3:00p    NW
31  19.2  22.7   3:00p  16.6   7:00p  45.8   0.0  0.00  10.4  28.0  12:00m    SW
-------------------------------------------------------------------------------------
    30.7  56.3    25    11.8     8  1064.3   0.0  2.99   6.8  39.0     3       W

Max >=  90.0:  0
Max <=  32.0: 11
Min <=  32.0: 26
Min <=   0.0:  0
Max Rain: 0.68 ON 12/09/14
Days of Rain: 12 (>.01 in) 7 (>.1 in) 0 (>1 in)
Heat Base:  65.0  Cool Base:  65.0  Method: Integration