NOAA-Style Climate Report Archive

for Hessville, NY - Since March 2004

(Reports Generated by WeatherLink)

Report for 2014 November
                   MONTHLY CLIMATOLOGICAL SUMMARY for NOV. 2014

NAME: Indian Trail Weather   CITY: Hessville   STATE: New York 
ELEV:  1041 ft  LAT:  42° 51' 52" N  LONG:  74° 43' 15" W

                   TEMPERATURE (°F), RAIN  (in), WIND SPEED (mph)

                                      HEAT  COOL        AVG
    MEAN                              DEG   DEG         WIND                 DOM
DAY TEMP  HIGH   TIME   LOW    TIME   DAYS  DAYS  RAIN  SPEED HIGH   TIME    DIR
------------------------------------------------------------------------------------
 1  41.3  46.2   1:30p  34.1  12:00m  23.7   0.0  0.02   4.0  19.0   9:00p   NNW
 2  36.2  41.1   2:00p  32.9  10:30p  28.8   0.0  0.00  10.6  33.0  10:30a    NW
 3  44.2  52.6   2:30p  34.3  12:30a  20.8   0.0  0.00   9.1  29.0  10:00a     W
 4  56.5  64.0   2:00p  48.6   5:00a   8.5   0.0  0.00   7.7  26.0   8:30p   SSW
 5  50.1  60.6  12:30a  37.3  12:00m  14.9   0.0  0.02   7.6  27.0   7:00a   WSW
 6  40.7  45.5  12:30p  37.5  12:30a  24.3   0.0  0.16   3.4  17.0   2:30p   ENE
 7  37.1  41.4  11:30a  32.3  12:00m  27.9   0.0  0.00   8.7  26.0   1:30p   WNW
 8  37.5  42.8  11:30p  32.0   4:00a  27.5   0.0  0.00   4.9  19.0  11:30p   WSW
 9  40.7  46.1   3:00p  31.2  10:30p  24.3   0.0  0.00   4.5  21.0  12:30a    SW
10  44.1  54.4   2:30p  33.7   1:00a  20.9   0.0  0.00   4.0  16.0   5:30a    SW
11  49.0  63.4   2:00p  35.3   5:00a  16.0   0.0  0.00   3.5  25.0  12:30p   ESE
12  42.1  52.9  12:30a  33.2  11:30p  22.9   0.0  0.01   6.0  29.0   9:30a     W
13  34.0  41.1   1:30p  30.4   6:00a  31.0   0.0  0.02   4.8  16.0  11:30a    SW
14  29.9  33.9   1:00p  26.6  10:30p  35.1   0.0  0.01   8.0  23.0   5:30p     W
15  27.6  35.0   2:30p  23.4   7:00a  37.4   0.0  0.00   6.2  20.0  12:30p     W
16  33.9  39.1  12:30p  27.1   4:00a  31.1   0.0  0.00   6.2  24.0   1:00p     S
17  33.5  37.2   8:30p  31.8   4:30a  31.5   0.0  0.58   4.2  30.0  11:30p     E
18  23.1  33.3  12:30a  17.6  12:00m  41.9   0.0  0.00  14.9  37.0  11:30a   WSW
19  22.0  28.3   3:00p  15.8   7:00a  43.0   0.0  0.00  10.3  35.0  12:30a    SW
20  26.4  32.4  10:00a  19.2   8:30p  38.6   0.0  0.00   9.7  32.0   2:30a    SW
21  21.1  25.6   2:00p  17.5   6:30p  43.9   0.0  0.00  10.9  28.0   1:00p    SW
22  29.7  39.9  12:00m  16.6   3:30a  35.3   0.0  0.10   7.4  32.0  11:00p    SW
23  45.0  54.4  12:00p  39.3  12:30a  20.0   0.0  0.11   7.9  32.0   2:00a    SW
24  55.5  68.1   1:30p  38.2   3:30a  10.0   0.4  0.22   8.9  42.0   8:00p     S
25  43.7  60.1  12:30a  35.3   9:00p  21.3   0.0  0.00  10.1  32.0  11:30a    SW
26  32.2  36.3  12:30a  29.3  11:30p  32.8   0.0  0.36   3.7  18.0  12:30a   WNW
27  27.6  29.6   1:30p  26.0  10:30p  37.4   0.0  0.02   3.9  13.0  10:00a     W
28  23.5  26.9  12:30a  19.1   9:30p  41.5   0.0  0.00   7.3  26.0   1:00p     W
29  23.0  29.9   2:30p  14.0   7:00a  42.0   0.0  0.00   3.9  15.0   2:00a     E
30  40.8  50.7  12:00m  26.1  12:30a  24.2   0.0  0.00   5.7  23.0   3:00p     S
-------------------------------------------------------------------------------------
    36.4  68.1    24    14.0    29   858.5   0.4  1.63   6.9  42.0    24      SW

Max >=  90.0:  0
Max <=  32.0:  5
Min <=  32.0: 17
Min <=   0.0:  0
Max Rain: 0.58 ON 11/17/14
Days of Rain: 10 (>.01 in) 5 (>.1 in) 0 (>1 in)
Heat Base:  65.0  Cool Base:  65.0  Method: Integration