NOAA-Style Climate Report Archive

for Hessville, NY - Since March 2004

(Reports Generated by WeatherLink)

Report for 2014 October
                   MONTHLY CLIMATOLOGICAL SUMMARY for OCT. 2014

NAME: Indian Trail Weather   CITY: Hessville   STATE: New York 
ELEV:  1041 ft  LAT:  42° 51' 52" N  LONG:  74° 43' 15" W

                   TEMPERATURE (°F), RAIN  (in), WIND SPEED (mph)

                                      HEAT  COOL        AVG
    MEAN                              DEG   DEG         WIND                 DOM
DAY TEMP  HIGH   TIME   LOW    TIME   DAYS  DAYS  RAIN  SPEED HIGH   TIME    DIR
------------------------------------------------------------------------------------
 1  58.1  61.6   3:30p  54.2  12:30a   6.9   0.0  0.00   1.9  11.0  11:00a   ENE
 2  59.8  69.3   4:00p  54.4  12:00m   5.6   0.3  0.00   1.9  11.0  11:00a     E
 3  59.4  72.5   3:00p  49.4   6:30a   6.8   1.2  0.00   4.1  20.0   4:30p     E
 4  53.1  58.5   1:00p  44.9  12:00m  11.9   0.0  0.60   4.2  18.0   3:30a     E
 5  45.4  54.6   4:00p  36.2   7:00a  19.6   0.0  0.00   5.5  20.0   1:30p   SSW
 6  51.6  65.1   5:00p  35.8   3:30a  13.4   0.0  0.00   4.9  31.0   4:00p     S
 7  60.2  67.8   4:30p  53.2   4:00a   5.0   0.2  0.00   6.1  30.0   2:00p   SSW
 8  56.2  63.9   2:00p  48.4  12:00m   8.8   0.0  0.43   9.8  31.0   3:30p    SW
 9  50.5  58.8   2:30p  42.9   7:30a  14.5   0.0  0.00   8.8  28.0   1:30p   WSW
10  47.0  57.7   2:00p  38.4   6:30a  18.0   0.0  0.00   5.2  24.0  10:30a    SW
11  45.7  56.9   3:00p  38.9   1:00a  19.3   0.0  0.00   2.8  15.0   6:00p     W
12  46.1  58.6   4:30p  36.9   7:30a  18.9   0.0  0.00   2.7  11.0  12:30a    SW
13  50.0  63.3   3:00p  36.2   3:00a  15.0   0.0  0.00   2.9  23.0   2:30p     S
14  64.0  76.2   3:00p  52.5   6:00a   4.5   3.4  0.00   4.9  33.0   1:30p     S
15  66.2  73.3   4:00p  62.1   8:30a   0.5   1.7  0.59   1.8  16.0   7:30p     E
16  64.5  71.9   4:00p  57.6   7:30p   1.5   1.0  1.07   4.7  22.0   9:30p     E
17  59.0  65.6   4:00p  52.1   8:00a   6.0   0.0  0.00   7.8  32.0   4:30p   SSW
18  53.6  60.7  12:30a  44.1  12:00m  11.4   0.0  0.25   6.8  28.0   3:00p   WSW
19  38.9  44.2  12:30a  34.6  12:00m  26.1   0.0  0.00   8.8  27.0   6:00p   WNW
20  43.9  54.1   2:00p  33.5   5:00a  21.1   0.0  0.00   4.6  20.0   1:00p   SSW
21  47.2  50.9   3:00p  43.7   7:30a  17.8   0.0  0.04   2.3  13.0  10:30p   ENE
22  49.1  51.9   2:30p  46.5  11:00p  15.9   0.0  0.29   3.9  16.0   5:00a   NNE
23  45.7  47.7   4:00p  44.0  10:00p  19.3   0.0  0.31   6.2  20.0   5:30p   WNW
24  48.1  57.7   3:30p  43.7   3:00a  16.9   0.0  0.00   8.2  25.0   8:00a   WNW
25  50.6  61.7   4:00p  41.4   7:00a  14.4   0.0  0.00   7.4  28.0   9:00p    SW
26  46.4  50.5   1:00a  43.1   8:30a  18.6   0.0  0.16  11.5  36.0   1:00p     W
27  47.1  54.7   5:00p  40.9  10:00p  17.9   0.0  0.00   7.1  26.0   2:00a     W
28  51.8  69.3  11:00p  41.4  12:30a  13.3   0.1  0.02   1.8  23.0  11:00p   ESE
29  53.7  61.5   1:30a  45.9   7:30p  11.3   0.0  0.00   4.9  22.0   3:30p     W
30  43.3  48.5   2:30p  36.3  12:00m  21.7   0.0  0.00   7.0  21.0   5:30a     W
31  39.1  47.5   4:00p  28.8   7:00a  25.9   0.0  0.00   2.6  15.0   1:00p   ENE
-------------------------------------------------------------------------------------
    51.5  76.2    14    28.8    31   427.8   7.9  3.76   5.3  36.0    26       W

Max >=  90.0:  0
Max <=  32.0:  0
Min <=  32.0:  1
Min <=   0.0:  0
Max Rain: 1.07 ON 10/16/14
Days of Rain: 10 (>.01 in) 8 (>.1 in) 1 (>1 in)
Heat Base:  65.0  Cool Base:  65.0  Method: Integration