NOAA-Style Climate Report Archive

for Hessville, NY - Since March 2004

(Reports Generated by WeatherLink)

Report for 2014 September
                   MONTHLY CLIMATOLOGICAL SUMMARY for SEP. 2014

NAME: Indian Trail Weather   CITY: Hessville   STATE: New York 
ELEV:  1041 ft  LAT:  42° 51' 52" N  LONG:  74° 43' 15" W

                   TEMPERATURE (°F), RAIN  (in), WIND SPEED (mph)

                                      HEAT  COOL        AVG
    MEAN                              DEG   DEG         WIND                 DOM
DAY TEMP  HIGH   TIME   LOW    TIME   DAYS  DAYS  RAIN  SPEED HIGH   TIME    DIR
------------------------------------------------------------------------------------
 1  73.7  84.0   4:00p  67.2   7:00a   0.0   8.7  0.00   3.3  15.0  11:30p    SW
 2  74.7  84.3   4:30p  64.7  12:00m   0.0   9.7  0.38   5.5  26.0   8:00p    SW
 3  67.0  75.6   3:30p  59.7  10:30p   1.3   3.3  0.29   4.3  18.0   9:00a   WNW
 4  69.0  81.6   4:30p  54.8   6:30a   2.0   5.9  0.00   3.2  22.0   1:30p   SSW
 5  75.7  85.9   4:30p  65.6   6:30a   0.0  10.7  0.00   5.1  24.0  11:00p   SSW
 6  69.3  80.0  12:00p  60.8   5:30p   1.2   5.5  0.06   6.6  29.0   2:30p    SW
 7  62.5  70.9   3:30p  52.9  12:00m   3.8   1.3  0.00   4.1  16.0   2:00a   WNW
 8  60.6  72.8   4:00p  47.8   6:00a   6.3   1.9  0.00   4.0  18.0   4:30p   ESE
 9  60.0  71.3   4:00p  48.2   6:00a   6.1   1.1  0.00   3.9  16.0  10:30a     E
10  63.5  74.9   3:30p  53.3   3:00a   3.9   2.4  0.00   1.9  13.0   3:00p   ESE
11  64.4  74.1   1:00p  54.9  12:00m   2.5   2.0  0.04   8.5  41.0   7:30a   WNW
12  52.2  59.7   4:00p  44.2  12:00m  12.8   0.0  0.00   4.4  18.0   1:00a   WNW
13  49.1  57.2   6:30p  44.0  12:30a  15.9   0.0  0.41   4.9  25.0   7:00p     E
14  51.1  59.7   3:30p  45.0   7:30a  13.9   0.0  0.00   4.9  19.0   4:30p   WNW
15  53.1  64.9   4:00p  39.6   6:30a  11.9   0.0  0.00   1.5  12.0   2:30p     S
16  54.8  63.9   4:00p  49.0  12:00m  10.2   0.0  0.29   3.2  16.0   2:00p   WNW
17  53.2  64.6   4:30p  43.2   7:00a  11.8   0.0  0.00   3.2  14.0  12:30p    SW
18  54.1  65.2   2:30p  46.1  11:30p  10.9   0.0  0.00   3.9  19.0   3:30p   WNW
19  47.1  57.0   4:00p  40.7  12:00m  17.9   0.0  0.00   3.3  16.0  11:30a   ENE
20  59.8  69.9   3:00p  40.8  12:30a   6.1   0.9  0.00   8.0  36.0  11:30a   SSW
21  67.6  80.6   3:30p  57.8  10:30p   1.9   4.6  0.02   6.4  33.0   4:30p   SSW
22  51.9  60.0  12:30a  48.5   9:00p  13.1   0.0  0.03   7.4  29.0   6:00a   WNW
23  53.8  65.8   5:30p  43.1   6:00a  11.2   0.0  0.00   3.9  15.0   8:00a    SW
24  57.3  70.9   3:30p  45.3   7:00a   8.5   0.8  0.00   3.0  16.0   4:00p   ENE
25  53.9  62.8   3:30p  46.7   5:30a  11.1   0.0  0.00   1.3  11.0   2:00p   WSW
26  61.6  74.9   4:00p  49.6   6:00a   5.7   2.2  0.00   3.0  12.0   5:30p    SW
27  65.4  78.5   3:30p  55.5   7:00a   3.2   3.7  0.00   4.9  15.0   8:00a    SW
28  65.1  78.2   3:30p  52.1   7:30a   3.5   3.6  0.00   3.3  13.0   4:30a    SW
29  61.9  71.6   5:00p  54.5  12:00m   4.4   1.3  0.00   2.0  13.0   6:30a    SW
30  59.5  68.4   3:30p  51.1   4:30a   6.0   0.6  0.01   2.4  13.0   1:30p   ENE
-------------------------------------------------------------------------------------
    60.4  85.9     5    39.6    15   207.1  70.2  1.53   4.2  41.0    11      SW

Max >=  90.0:  0
Max <=  32.0:  0
Min <=  32.0:  0
Min <=   0.0:  0
Max Rain: 0.41 ON 09/13/14
Days of Rain: 8 (>.01 in) 4 (>.1 in) 0 (>1 in)
Heat Base:  65.0  Cool Base:  65.0  Method: Integration