NOAA-Style Climate Report Archive

for Hessville, NY - Since March 2004

(Reports Generated by WeatherLink)

Report for 2014 August
                   MONTHLY CLIMATOLOGICAL SUMMARY for AUG. 2014

NAME: Indian Trail Weather   CITY: Hessville   STATE: New York 
ELEV:  1041 ft  LAT:  42° 51' 52" N  LONG:  74° 43' 15" W

                   TEMPERATURE (°F), RAIN  (in), WIND SPEED (mph)

                                      HEAT  COOL        AVG
    MEAN                              DEG   DEG         WIND                 DOM
DAY TEMP  HIGH   TIME   LOW    TIME   DAYS  DAYS  RAIN  SPEED HIGH   TIME    DIR
------------------------------------------------------------------------------------
 1  69.1  82.4   5:30p  55.5   6:30a   2.4   6.5  0.01   2.3  14.0   1:00p    SW
 2  68.5  78.9   3:00p  60.0   5:30a   1.1   4.5  0.00   2.0  10.0  12:30p   ESE
 3  67.9  78.9   2:30p  59.1   4:30a   1.5   4.5  0.06   2.8  18.0   8:00p     E
 4  69.4  79.8   4:00p  62.2   5:30a   0.6   5.0  0.05   2.8  12.0  11:30a   WNW
 5  69.8  81.1   1:30p  59.7   5:00a   0.8   5.6  0.00   3.2  15.0   4:00p    SW
 6  67.3  75.7   4:30p  60.2  11:30p   1.1   3.4  0.00   5.1  18.0   4:30p    SW
 7  63.6  71.7   1:00p  57.6   4:00a   2.8   1.4  0.00   4.9  25.0   3:00p   WNW
 8  65.8  76.2   3:30p  56.2   6:30a   2.7   3.5  0.00   5.2  18.0   1:30p   WNW
 9  68.6  79.4   4:30p  58.2   3:00a   1.9   5.5  0.00   4.4  15.0  12:00p    SW
10  69.1  82.8   5:00p  57.1   6:00a   1.8   5.9  0.00   2.3  11.0   3:00p    SW
11  69.1  80.6   3:30p  57.0   6:30a   1.9   6.0  0.00   2.3  15.0   3:30p   ENE
12  64.3  69.6   6:30p  57.1   6:00a   1.9   1.1  0.10   4.6  14.0   4:00p   ESE
13  65.7  70.8   4:00p  60.0  12:00m   0.9   1.6  0.32   4.5  26.0  12:00m     E
14  59.4  68.8   4:30p  53.2   5:30a   5.9   0.3  0.00   5.9  24.0   1:30a    SW
15  56.8  62.0   4:00p  52.0   2:00a   8.2   0.0  0.02   5.0  24.0  12:30p    SW
16  61.5  70.7   2:00p  53.6   6:30a   4.4   0.9  0.05   7.0  20.0  10:00p    SW
17  63.0  69.7   3:30p  57.1  12:00m   2.8   0.8  0.02   6.3  25.0   2:00a    SW
18  61.9  71.1   4:00p  55.9  11:30p   4.3   1.1  0.00   4.5  20.0  10:30a   WNW
19  61.8  75.8   4:00p  46.8   5:30a   6.0   2.8  0.00   2.3  13.0   3:00p   ENE
20  66.7  80.9   2:00p  55.1   5:30a   2.5   4.2  0.24   1.6  17.0   7:30p     E
21  66.7  72.0   3:00p  63.2  11:30p   0.1   1.8  1.67   3.3  30.0   8:30p   ENE
22  63.1  65.7   1:00p  60.4  11:30p   1.9   0.0  1.49   3.3  14.0   2:30p   ENE
23  63.1  68.3   3:00p  57.9  12:00m   2.7   0.7  0.28   3.4  14.0   1:00p   ENE
24  65.8  78.4   4:30p  54.4   5:00a   3.4   4.1  0.00   2.5  10.0  11:30a    SW
25  68.1  80.7   5:30p  55.2   7:00a   2.3   5.4  0.00   2.3  12.0   1:30p   SSW
26  70.5  81.5   4:00p  59.1   5:00a   1.1   6.6  0.00   3.9  18.0  12:30p    SW
27  70.4  77.1   4:30p  62.3  12:00m   0.2   5.6  0.00   5.6  19.0   2:00a    SW
28  62.4  69.4   3:00p  56.3  12:00m   3.1   0.5  0.00   5.4  23.0   3:00p   WNW
29  61.1  72.3   4:30p  51.2   7:00a   5.4   1.6  0.00   3.1  12.0   3:30p    SW
30  66.3  77.0   2:00p  52.8   7:00a   3.2   4.5  0.00   5.0  24.0  12:00m     S
31  71.5  74.8  10:30a  68.8  12:30a   0.0   6.5  0.22   6.1  26.0   1:00a    SW
-------------------------------------------------------------------------------------
    65.8  82.8    10    46.8    19    78.9 101.9  4.53   4.0  30.0    21      SW

Max >=  90.0:  0
Max <=  32.0:  0
Min <=  32.0:  0
Min <=   0.0:  0
Max Rain: 1.67 ON 08/21/14
Days of Rain: 12 (>.01 in) 6 (>.1 in) 2 (>1 in)
Heat Base:  65.0  Cool Base:  65.0  Method: Integration