NOAA-Style Climate Report Archive

for Hessville, NY - Since March 2004

(Reports Generated by WeatherLink)

Report for 2014 July
                   MONTHLY CLIMATOLOGICAL SUMMARY for JUL. 2014

NAME: Indian Trail Weather   CITY: Hessville   STATE: New York 
ELEV:  1041 ft  LAT:  42° 51' 52" N  LONG:  74° 43' 15" W

                   TEMPERATURE (°F), RAIN  (in), WIND SPEED (mph)

                                      HEAT  COOL        AVG
    MEAN                              DEG   DEG         WIND                 DOM
DAY TEMP  HIGH   TIME   LOW    TIME   DAYS  DAYS  RAIN  SPEED HIGH   TIME    DIR
------------------------------------------------------------------------------------
 1  77.4  89.4   4:00p  65.8   8:00p   0.0  12.4  0.25   7.0  43.0   7:30p   SSW
 2  77.0  87.5   1:00p  64.5  11:00p   0.0  12.0  0.61   4.1  36.0  11:00p    SW
 3  70.7  84.3   3:30p  62.6   6:00a   0.2   5.8  0.78   2.8  26.0   5:00p   WNW
 4  64.4  70.0   5:30p  59.5  12:00m   1.6   1.1  0.00   5.9  24.0  12:30p   WNW
 5  66.0  75.2   4:00p  55.7   6:00a   2.4   3.4  0.00   7.6  26.0   1:30p   WNW
 6  69.5  79.2   6:30p  59.0   2:30a   1.3   5.8  0.00   6.5  21.0   4:00p    SW
 7  70.5  80.1   3:00p  60.9   4:00a   0.4   5.8  0.40   6.4  31.0   2:30p    SW
 8  74.6  83.5   4:30p  66.3   9:00p   0.0   9.6  0.67   7.8  45.0   8:30p    SW
 9  69.0  79.8   2:30p  59.3  12:00m   0.5   4.5  0.33   6.6  25.0   2:00a    SW
10  64.6  73.9   5:30p  56.3   2:30a   3.2   2.8  0.00   4.1  16.0   1:30p    SW
11  65.5  78.1   5:30p  51.5   5:30a   3.7   4.1  0.00   2.7  13.0   4:30p   SSW
12  71.1  84.2   4:30p  55.4   5:30a   2.3   8.4  0.00   3.6  18.0  12:00m   SSW
13  73.3  79.4  12:30p  69.4  12:00m   0.0   8.3  0.11   7.9  31.0   2:00p   SSW
14  73.4  83.1   2:30p  65.6   6:00a   0.0   8.4  0.00   3.5  13.0   1:00p   SSW
15  68.9  77.6   5:00p  62.4   5:00a   0.2   4.1  0.08   2.7  22.0   1:00p   SSW
16  66.0  73.6   2:00p  57.5  11:30p   1.5   2.5  0.00   3.1  16.0   3:30p   WNW
17  61.7  69.8   2:00p  54.5   6:00a   3.9   0.6  0.10   3.8  14.0   4:30p    SW
18  65.2  76.6   5:00p  53.3   3:30a   3.6   3.8  0.00   2.7  14.0   1:30p    SW
19  65.2  75.7   2:00p  55.1   6:00a   2.8   3.0  0.00   2.9  17.0   4:00p   ESE
20  66.6  77.0   4:30p  57.9   4:00a   2.1   3.6  0.00   1.9  15.0   3:00p    NE
21  70.7  82.0   3:00p  58.6   6:00a   1.3   7.0  0.00   1.6  15.0   2:00p    SW
22  75.8  85.0   4:00p  66.9   3:00a   0.0  10.8  0.00   4.2  17.0  11:00p    SW
23  74.5  87.6   2:30p  65.2  12:00m   0.0   9.5  0.33   7.2  23.0   7:30a    SW
24  64.7  71.5   3:30p  56.1  12:00m   2.2   1.9  0.00   5.3  21.0  12:00p   WNW
25  64.7  76.2   4:00p  53.9   3:00a   3.8   3.5  0.00   3.6  13.0   9:00a    SW
26  67.4  77.4   3:30p  58.1   4:30a   1.7   4.1  0.00   2.6  15.0   5:00a    SW
27  70.9  81.4   4:30p  63.5   3:00a   0.1   6.0  0.17   4.1  20.0  11:30a   SSW
28  63.0  66.9   2:00a  58.2  12:00m   2.2   0.2  0.80   4.7  26.0   7:00p   WNW
29  61.1  69.0   4:00p  53.1   6:00a   4.5   0.5  0.00   5.2  21.0  12:30a   WNW
30  62.9  73.6   5:00p  52.8   4:30a   4.3   2.2  0.00   3.3  18.0  10:30p   SSW
31  63.7  74.3   3:30p  54.2   4:00a   3.4   2.1  0.06   3.4  21.0   1:30p    SW
-------------------------------------------------------------------------------------
    68.4  89.4     1    51.5    11    53.2 157.8  4.69   4.5  45.0     8      SW

Max >=  90.0:  0
Max <=  32.0:  0
Min <=  32.0:  0
Min <=   0.0:  0
Max Rain: 0.80 ON 07/28/14
Days of Rain: 13 (>.01 in) 10 (>.1 in) 0 (>1 in)
Heat Base:  65.0  Cool Base:  65.0  Method: Integration