NOAA-Style Climate Report Archive

for Hessville, NY - Since March 2004

(Reports Generated by WeatherLink)

Report for 2014 June
                   MONTHLY CLIMATOLOGICAL SUMMARY for JUN. 2014

NAME: Indian Trail Weather   CITY: Hessville   STATE: New York 
ELEV:  1041 ft  LAT:  42° 51' 52" N  LONG:  74° 43' 15" W

                   TEMPERATURE (°F), RAIN  (in), WIND SPEED (mph)

                                      HEAT  COOL        AVG
    MEAN                              DEG   DEG         WIND                 DOM
DAY TEMP  HIGH   TIME   LOW    TIME   DAYS  DAYS  RAIN  SPEED HIGH   TIME    DIR
------------------------------------------------------------------------------------
 1  63.0  77.8   5:30p  47.0   6:00a   5.2   3.3  0.00   2.6  16.0   1:30p   SSW
 2  71.3  84.8   4:30p  56.6  12:30a   1.2   7.5  0.00   4.7  24.0   3:30a    SW
 3  70.5  83.3   1:00p  62.9  12:00m   0.1   5.6  0.35   3.4  20.0   1:30p   SSW
 4  63.3  70.2   2:00p  53.3   6:00a   3.1   1.4  0.00   3.8  19.0   1:30a    SW
 5  60.0  69.4   2:30p  52.9  12:00m   5.6   0.6  0.00   4.7  23.0   4:00p   WNW
 6  59.7  68.7   5:30p  52.8   6:00a   5.7   0.5  0.00   5.6  21.0   3:00p   WNW
 7  66.2  78.4   6:00p  52.9   6:00a   3.5   4.7  0.00   4.2  17.0   1:30p    SW
 8  68.6  81.4   4:30p  52.0   6:00a   2.7   6.3  0.00   2.6  14.0  12:30p   ENE
 9  62.9  69.8   1:00a  60.2  11:30p   2.3   0.2  0.23   3.4  14.0  10:30a     E
10  66.6  75.8   2:00p  60.1   3:30a   1.6   3.2  0.00   2.7  13.0   4:00p    SE
11  59.7  65.1  12:30a  56.8  12:00p   5.3   0.0  0.33   7.0  17.0   8:30a     E
12  60.6  64.3   2:00p  55.7   5:30a   4.4   0.0  0.51   3.5  11.0   1:30a     E
13  65.2  73.0   3:30p  62.4  10:30p   1.0   1.2  1.33   3.4  22.0   4:00p     E
14  56.6  63.6  12:30a  53.9   7:00a   8.4   0.0  0.01   6.1  22.0   5:00p   WNW
15  61.3  71.3   4:00p  52.0   5:30a   5.0   1.3  0.00   4.9  21.0   9:30a   WNW
16  66.2  78.5   3:00p  51.2   6:00a   3.4   4.6  0.00   3.1  15.0  10:00p   ENE
17  74.8  85.4   4:30p  62.3   5:30a   0.1   9.9  0.35   4.5  39.0  11:30p    SW
18  67.3  71.3   4:30p  63.9  12:00m   0.0   2.3  0.07   6.0  30.0   5:00a   WNW
19  67.6  75.7   2:30p  60.1  12:00m   1.0   3.7  0.00   4.5  20.0   1:30p   WNW
20  62.0  70.8   4:30p  51.9   5:30a   4.2   1.2  0.00   5.2  20.0   3:30p   WNW
21  61.4  73.0   5:00p  46.2   5:00a   5.7   2.1  0.00   2.6  17.0   3:00p   NNW
22  64.5  76.8   3:30p  49.6   5:30a   4.4   3.8  0.00   2.3  17.0   2:00p    SW
23  68.7  82.0   3:30p  51.2   6:00a   3.0   6.7  0.00   3.7  25.0  11:30p   SSW
24  71.2  80.1   5:30p  63.7   8:30a   0.0   6.2  0.10   6.2  24.0   1:00a   SSW
25  70.8  77.4   1:30p  65.6  12:00m   0.0   5.8  0.45   3.7  23.0   1:30a    SW
26  70.6  80.9   4:30p  62.2  12:00m   0.2   5.7  0.00   4.1  18.0   2:30p   WNW
27  69.4  80.6   6:30p  57.0   5:30a   1.7   6.0  0.00   2.0  13.0  12:00p   SSW
28  70.3  81.9   3:30p  55.8   5:30a   1.5   6.8  0.00   2.7  13.0   5:30p     E
29  73.5  86.5   3:00p  59.0   6:00a   0.9   9.4  0.00   3.3  20.0  11:30p   SSW
30  75.6  84.9   3:30p  67.8   8:00a   0.0  10.6  0.00   3.9  24.0   1:00a   SSW
-------------------------------------------------------------------------------------
    66.3  86.5    29    46.2    21    81.2 120.6  3.73   4.0  39.0    17     WNW

Max >=  90.0:  0
Max <=  32.0:  0
Min <=  32.0:  0
Min <=   0.0:  0
Max Rain: 1.33 ON 06/13/14
Days of Rain: 9 (>.01 in) 7 (>.1 in) 1 (>1 in)
Heat Base:  65.0  Cool Base:  65.0  Method: Integration