NOAA-Style Climate Report Archive

for Hessville, NY - Since March 2004

(Reports Generated by WeatherLink)

Report for 2014 May
                   MONTHLY CLIMATOLOGICAL SUMMARY for MAY. 2014

NAME: Indian Trail Weather   CITY: Hessville   STATE: New York 
ELEV:  1041 ft  LAT:  42° 51' 52" N  LONG:  74° 43' 15" W

                   TEMPERATURE (°F), RAIN  (in), WIND SPEED (mph)

                                      HEAT  COOL        AVG
    MEAN                              DEG   DEG         WIND                 DOM
DAY TEMP  HIGH   TIME   LOW    TIME   DAYS  DAYS  RAIN  SPEED HIGH   TIME    DIR
------------------------------------------------------------------------------------
 1  51.7  67.0   2:30p  45.2  12:30a  13.4   0.1  0.47   5.0  23.0   7:30p    SW
 2  49.4  57.4   4:30p  42.6   3:00a  15.6   0.0  0.02   6.6  28.0   1:00p   WSW
 3  51.5  60.6   1:30p  46.5  11:00p  13.5   0.0  0.13   5.6  30.0   4:00p    SW
 4  45.2  49.7   4:00p  43.1   8:00a  19.8   0.0  0.16  12.6  37.0   5:00p     W
 5  47.9  57.5   4:00p  41.3   7:30a  17.1   0.0  0.00  10.4  30.0   2:30a     W
 6  48.7  58.4   4:00p  39.7   6:00a  16.3   0.0  0.00   7.3  26.0  11:30a   WSW
 7  50.2  63.5   6:30p  33.8   6:00a  14.8   0.0  0.00   2.9  14.0   3:00p    SW
 8  57.6  72.0   5:30p  41.1   6:00a   8.8   1.4  0.00   3.0  15.0   1:30p     E
 9  60.7  74.5   4:00p  47.4   6:30a   6.0   1.8  0.17   4.5  18.0   4:30p     E
10  65.8  77.5   4:30p  57.0   4:30a   2.8   3.6  0.14   6.5  28.0   2:00p     W
11  59.7  69.5   6:00p  51.0   6:30a   6.0   0.7  0.00   8.0  24.0  11:00a     W
12  68.5  81.4   4:00p  54.0   6:30a   2.7   6.2  0.00   3.9  18.0  12:00p   WSW
13  64.0  71.2   5:00p  58.7  11:30p   2.2   1.2  0.00   6.7  24.0   4:30p     E
14  63.0  76.8   5:30p  52.2   8:30a   4.6   2.6  0.74   4.8  16.0   5:00p     E
15  68.0  79.6   2:00p  59.3   6:30a   1.6   4.7  0.00   6.0  33.0   2:30p     E
16  58.8  71.3   1:30p  45.0  12:00m   7.0   0.8  1.02   7.5  24.0  10:30a     E
17  47.6  56.2   3:30p  40.0   6:00a  17.4   0.0  0.08   5.7  20.0   1:30p     W
18  49.3  59.1   4:00p  38.2   5:30a  15.7   0.0  0.00   6.0  24.0   1:30p     W
19  53.7  65.0   4:00p  41.3   5:30a  11.3   0.0  0.00   7.5  29.0   3:30p   WSW
20  60.3  71.5   4:30p  46.5   6:00a   6.1   1.4  0.00   5.8  19.0   1:30p     W
21  61.4  74.0   2:00p  46.9   6:00a   5.6   2.0  0.00   3.8  19.0   6:00p    SW
22  61.7  74.7   4:00p  55.9  11:00p   4.1   0.8  0.04   3.3  26.0   4:00p   ENE
23  54.1  56.5  12:30a  51.5   9:30p  10.9   0.0  0.33   4.7  21.0   1:00a     W
24  55.3  62.3   1:00p  49.6  11:00p   9.7   0.0  0.16   4.7  20.0   7:00p   WNW
25  62.9  75.2   4:00p  47.7   5:00a   4.9   2.7  0.00   6.0  24.0   5:30p     W
26  70.0  79.2   4:30p  61.4   4:00a   0.7   5.8  0.00   8.3  30.0   1:00p   WSW
27  72.7  82.2   3:30p  64.8   6:30a   0.0   7.7  0.00   6.0  20.0   1:30p    SW
28  56.3  67.2   1:30a  50.2  12:00m   8.9   0.2  0.00   6.2  18.0   7:00p   ENE
29  56.9  65.8   6:00p  46.2   5:00a   8.1   0.0  0.00   3.7  17.0  10:00a     E
30  60.2  71.2   3:00p  51.8  11:00p   5.7   0.9  0.02   6.3  28.0   5:30p    SW
31  58.8  68.7   4:30p  46.4   6:00a   6.8   0.6  0.00   4.7  19.0  11:00a   ENE
-------------------------------------------------------------------------------------
    57.8  82.2    27    33.8     7   268.1  45.2  3.48   5.9  37.0     4       W

Max >=  90.0:  0
Max <=  32.0:  0
Min <=  32.0:  0
Min <=   0.0:  0
Max Rain: 1.02 ON 05/16/14
Days of Rain: 13 (>.01 in) 9 (>.1 in) 1 (>1 in)
Heat Base:  65.0  Cool Base:  65.0  Method: Integration