NOAA-Style Climate Report Archive

for Hessville, NY - Since March 2004

(Reports Generated by WeatherLink)

Report for 2014 April
                   MONTHLY CLIMATOLOGICAL SUMMARY for APR. 2014

NAME: Indian Trail Weather   CITY: Hessville   STATE: New York 
ELEV:  1041 ft  LAT:  42° 51' 52" N  LONG:  74° 43' 15" W

                   TEMPERATURE (°F), RAIN  (in), WIND SPEED (mph)

                                      HEAT  COOL        AVG
    MEAN                              DEG   DEG         WIND                 DOM
DAY TEMP  HIGH   TIME   LOW    TIME   DAYS  DAYS  RAIN  SPEED HIGH   TIME    DIR
------------------------------------------------------------------------------------
 1  39.2  50.1   3:00p  27.5   7:00a  25.8   0.0  0.00   3.8  15.0   3:00a     E
 2  41.8  53.3   4:30p  33.6   3:30a  23.2   0.0  0.00   4.5  17.0   4:30p   WNW
 3  36.3  43.9   3:30p  28.2   7:00a  28.7   0.0  0.00   4.8  16.0  11:30a     W
 4  37.7  45.6  12:00p  31.9   6:30a  27.3   0.0  0.22   8.5  24.0   5:30p   ESE
 5  36.1  41.4  12:00p  32.7   9:30p  28.9   0.0  0.00   9.7  35.0   3:30p     W
 6  37.9  50.8   5:00p  27.7   7:00a  27.1   0.0  0.00   8.1  34.0  12:30a     W
 7  39.9  52.3   2:30p  31.1   4:00a  25.1   0.0  0.08   5.3  27.0  11:30p   ESE
 8  44.2  59.6  12:00p  38.2  12:30a  20.8   0.0  0.12   9.1  33.0  11:00a     W
 9  39.5  46.0   3:30p  32.3  12:00m  25.5   0.0  0.00   9.0  30.0   1:00p     W
10  49.7  64.4   3:30p  31.2   5:30a  15.3   0.0  0.00  11.2  39.0   4:30p   SSW
11  51.0  59.6   1:00p  41.5  12:00m  14.0   0.0  0.03   7.2  29.0   2:00a    SW
12  50.7  65.5   4:30p  36.4   6:30a  14.3   0.0  0.00   6.1  21.0   1:30p    SW
13  61.5  80.1   3:30p  43.0   6:30a   8.2   4.7  0.01   8.0  30.0   4:00p   SSW
14  69.0  78.9   2:30p  58.4  12:00m   0.7   4.7  0.12  14.9  48.0  12:00p   SSW
15  47.0  63.8   3:00a  26.2  12:00m  18.0   0.0  0.94   9.8  32.0   4:00p     W
16  28.1  36.1   5:00p  21.9   6:30a  36.9   0.0  0.00   9.3  32.0  12:30a     W
17  35.4  49.2   4:30p  21.7   4:30a  29.6   0.0  0.00   6.7  22.0   1:00p     E
18  40.5  53.2   5:30p  27.7   5:00a  24.5   0.0  0.00   4.0  17.0  12:30p     E
19  44.4  52.5   4:30p  37.4   7:00a  20.6   0.0  0.00   8.4  27.0  11:00a   WNW
20  48.0  62.0   5:30p  33.4   5:30a  17.0   0.0  0.00   3.2  16.0   2:00p   ENE
21  57.7  73.9   4:30p  41.9   7:30a   9.0   1.7  0.00   4.2  16.0   3:00p    SW
22  55.7  67.0  12:30p  44.0  12:00m   9.3   0.0  0.04   7.2  30.0   2:30p   SSW
23  40.8  46.2   1:00p  37.0  12:00m  24.2   0.0  0.06  11.6  30.0   4:30p     W
24  41.6  52.1   5:00p  33.3   6:30a  23.4   0.0  0.00  11.3  34.0   2:00p     W
25  47.5  63.0   5:00p  31.1   4:30a  17.5   0.0  0.08   6.6  22.0   5:00p     E
26  45.0  53.1   1:30p  40.4  11:30p  20.0   0.0  0.45   7.3  30.0   6:00p   WSW
27  43.3  50.5   6:00p  38.6   5:30a  21.7   0.0  0.00   9.2  24.0   9:00a     W
28  48.7  60.2   5:30p  35.2   6:30a  16.3   0.0  0.00   5.5  17.0   4:30p     E
29  43.5  47.4   2:00p  38.1  12:00m  21.5   0.0  0.45  11.1  32.0   3:00p   ESE
30  41.0  46.1  11:00p  37.3   6:00a  24.0   0.0  0.39  11.9  27.0   6:30a     E
-------------------------------------------------------------------------------------
    44.8  80.1    13    21.7    17   618.4  11.1  2.99   7.9  48.0    14       W

Max >=  90.0:  0
Max <=  32.0:  0
Min <=  32.0: 11
Min <=   0.0:  0
Max Rain: 0.94 ON 04/15/14
Days of Rain: 12 (>.01 in) 7 (>.1 in) 0 (>1 in)
Heat Base:  65.0  Cool Base:  65.0  Method: Integration