NOAA-Style Climate Report Archive

for Hessville, NY - Since March 2004

(Reports Generated by WeatherLink)

Report for 2014 March
                   MONTHLY CLIMATOLOGICAL SUMMARY for MAR. 2014

NAME: Indian Trail Weather   CITY: Hessville   STATE: New York 
ELEV:  1041 ft  LAT:  42° 51' 52" N  LONG:  74° 43' 15" W

                   TEMPERATURE (°F), RAIN  (in), WIND SPEED (mph)

                                      HEAT  COOL        AVG
    MEAN                              DEG   DEG         WIND                 DOM
DAY TEMP  HIGH   TIME   LOW    TIME   DAYS  DAYS  RAIN  SPEED HIGH   TIME    DIR
------------------------------------------------------------------------------------
 1  15.6  31.3   9:30p  -0.5   2:30a  49.4   0.0  0.00   2.4  17.0  10:00p   SSE
 2  18.4  30.6  12:30a  10.5  11:00p  46.6   0.0  0.00   7.6  23.0   9:00a     W
 3   5.8  11.6   1:00p   0.5   7:00a  59.2   0.0  0.00   9.3  30.0   4:00a     W
 4  10.1  18.5   3:00p   2.7   5:00a  54.9   0.0  0.00   4.7  15.0   8:30a   WSW
 5  16.3  23.7   2:30p   9.4  12:00m  48.7   0.0  0.00   3.7  20.0   5:00p    NW
 6  10.4  19.6   3:30p  -3.1   7:00a  54.6   0.0  0.00   2.8  12.0  12:30p   ENE
 7  18.0  33.3   4:00p   2.8   4:00a  47.0   0.0  0.00   2.5  13.0   2:30p   ENE
 8  29.9  38.1   2:00p  19.0   2:00a  35.1   0.0  0.00   6.1  22.0   7:30p   WNW
 9  23.2  26.7   4:30p  18.8   5:00a  40.1   0.0  0.00   7.0  28.0  11:30a     W
10  28.0  36.4  12:00m  21.8   6:00a  37.0   0.0  0.00   1.5  16.0  12:00m    NW
11  40.9  45.9   4:30p  36.0  11:00p  24.1   0.0  0.00   8.0  25.0  11:00a     W
12  29.6  38.3   1:00a  13.6  12:00m  35.4   0.0  0.90   3.8  19.0  11:00a     E
13   8.4  13.6  12:30a   3.6   8:30a  56.6   0.0  0.00   0.6  22.0  11:30p     W
14  24.1  42.1  12:00m  10.7   1:00a  40.9   0.0  0.00   6.7  44.0  11:00p   SSW
15  35.7  42.7  12:30a  23.0  12:00m  29.3   0.0  0.02  12.7  39.0  12:30a    SW
16  15.4  23.0  12:30a   8.4  12:00m  49.6   0.0  0.00  11.0  30.0   1:30a     W
17  14.4  26.0   6:00p   5.9   5:30a  50.6   0.0  0.00   1.9  10.0   2:00p    NW
18  23.4  36.2   5:00p  10.6   5:30a  41.6   0.0  0.00   4.2  16.0   3:30p     E
19  31.3  40.4   3:00p  21.6   6:30a  33.7   0.0  0.06   4.7  18.0  12:00p   ENE
20  35.0  39.9  11:00a  30.1  10:30p  30.0   0.0  0.08   9.1  34.0   3:00p   WSW
21  29.3  33.5   5:30p  22.1  11:30p  35.7   0.0  0.00  10.1  32.0   1:30p   WSW
22  31.5  43.6   1:00p  21.7  12:30a  33.5   0.0  0.00   8.8  40.0   1:00p     W
23  23.5  32.3  12:30a  13.9  12:00m  41.5   0.0  0.00  10.3  27.0   6:30a     W
24  17.6  24.9   5:00p  11.4   7:00a  47.4   0.0  0.00   7.4  23.0   2:00p     W
25  24.7  34.8   5:00p  14.6   4:30a  40.3   0.0  0.00   4.6  20.0  11:30a    SW
26  21.2  26.3   1:00a  16.9  10:30p  43.8   0.0  0.00  12.6  38.0   4:30p     W
27  26.7  39.4   3:00p  11.9   7:00a  38.3   0.0  0.00   4.5  24.0  12:00m   WSW
28  37.4  48.3   6:00p  30.9   5:00a  27.6   0.0  0.59   4.9  28.0  10:00p   ENE
29  38.6  45.1   2:30p  34.7   8:00a  26.4   0.0  0.43   7.8  25.0   1:30a     E
30  35.9  39.4  12:00p  31.9  11:30p  29.1   0.0  0.65   6.8  25.0   9:30p    NW
31  35.7  43.3   5:30p  30.2   6:30a  29.3   0.0  0.09   8.7  31.0   4:00p   WNW
-------------------------------------------------------------------------------------
    24.4  48.3    28    -3.1     6  1257.3   0.0  2.82   6.3  44.0    14       W

Max >=  90.0:  0
Max <=  32.0: 12
Min <=  32.0: 29
Min <=   0.0:  2
Max Rain: 0.90 ON 03/12/14
Days of Rain: 8 (>.01 in) 4 (>.1 in) 0 (>1 in)
Heat Base:  65.0  Cool Base:  65.0  Method: Integration