NOAA-Style Climate Report Archive

for Hessville, NY - Since March 2004

(Reports Generated by WeatherLink)

Report for 2014 February
                   MONTHLY CLIMATOLOGICAL SUMMARY for FEB. 2014

NAME: Indian Trail Weather   CITY: Hessville   STATE: New York 
ELEV:  1041 ft  LAT:  42° 51' 52" N  LONG:  74° 43' 15" W

                   TEMPERATURE (°F), RAIN  (in), WIND SPEED (mph)

                                      HEAT  COOL        AVG
    MEAN                              DEG   DEG         WIND                 DOM
DAY TEMP  HIGH   TIME   LOW    TIME   DAYS  DAYS  RAIN  SPEED HIGH   TIME    DIR
------------------------------------------------------------------------------------
 1  30.5  39.1  12:00m  21.8   7:30a  34.5   0.0  0.06   3.7  25.0  12:00m     E
 2  34.0  41.0   2:00a  25.4  12:00m  31.1   0.0  0.00   7.0  26.0   1:00a     W
 3  23.5  26.5   4:00p  15.4  12:00m  41.6   0.0  0.00   4.7  16.0  12:30a   WNW
 4  21.9  26.4   3:00p  15.4  12:30a  43.1   0.0  0.00   3.2  14.0   2:00a     W
 5  20.9  23.8   3:00p  13.2  12:00m  44.1   0.0  0.52   5.8  24.0  12:00m     E
 6  10.0  17.8   3:30p   3.1   7:30a  55.0   0.0  0.00   5.8  25.0  12:30a     W
 7  13.5  22.1   2:30p   3.7  11:00p  51.5   0.0  0.00   6.9  22.0   9:00a   WSW
 8   9.8  20.2   2:00p  -4.0   7:30a  55.2   0.0  0.00   4.8  16.0  10:00a    SW
 9  14.5  24.2  12:30p   2.1   7:30a  50.5   0.0  0.04   2.2  11.0  12:00m    SW
10  14.9  20.0   1:30p  10.0   7:00p  50.1   0.0  0.00   8.1  23.0  12:30p     W
11   9.6  15.8   2:30p   3.7   7:30a  55.4   0.0  0.00   7.1  23.0  12:30p   WSW
12   6.5  15.7   3:00p  -6.2   7:30a  58.5   0.0  0.00   2.4  10.0   1:00p    NE
13  18.3  28.5  11:30p   6.3  12:30a  46.7   0.0  0.40   3.5  17.0  11:00p   ESE
14  24.6  28.7   3:00p  18.5   5:30a  40.4   0.0  0.12  12.7  32.0   6:00a     W
15  24.6  30.9   3:00p  19.6  12:00m  40.4   0.0  0.00   5.8  30.0  12:00m   WNW
16  14.4  19.6  12:30a  10.5   7:30a  50.6   0.0  0.00  11.1  31.0   2:30a     W
17  10.1  20.3   4:30p   0.3   7:00a  54.9   0.0  0.00   6.3  24.0   2:30a   WSW
18  18.9  29.3   3:30p   8.9   2:00a  46.1   0.0  0.08   3.1  18.0   7:30p     E
19  25.2  36.6   8:30p  14.1   3:00a  39.8   0.0  0.01   4.0  34.0   9:30p     W
20  33.6  43.1  12:30p  26.6   7:30a  31.4   0.0  0.26   4.7  28.0  12:30a     E
21  33.5  38.4   2:30p  30.5   7:30p  31.5   0.0  0.79   3.2  32.0   2:30p     E
22  38.2  43.7   3:00p  32.8   7:30a  26.8   0.0  0.00  12.0  36.0   4:00p    SW
23  35.7  40.9   4:00p  24.9  12:00m  29.3   0.0  0.00   8.6  26.0   6:00a    SW
24  19.0  24.9  12:30a  14.9  12:00m  46.0   0.0  0.00  12.3  34.0   1:00p   WSW
25  13.7  19.6   1:30p   8.1   6:30a  51.3   0.0  0.00   7.5  24.0   3:00p   WSW
26   9.5  14.7   9:00a  -0.9  11:00p  55.5   0.0  0.00   8.4  34.0  12:00p    SW
27   8.2  19.8   2:00p  -1.0   2:30a  56.8   0.0  0.00   9.6  35.0  10:30p   WSW
28   4.7  12.0   4:30p  -1.0   7:00a  60.3   0.0  0.00   5.3  25.0  12:30a     W
-------------------------------------------------------------------------------------
    19.4  43.7    22    -6.2    12  1278.4   0.0  2.28   6.4  36.0    22       W

Max >=  90.0:  0
Max <=  32.0: 21
Min <=  32.0: 27
Min <=   0.0:  5
Max Rain: 0.79 ON 02/21/14
Days of Rain: 8 (>.01 in) 5 (>.1 in) 0 (>1 in)
Heat Base:  65.0  Cool Base:  65.0  Method: Integration