NOAA-Style Climate Report Archive

for Hessville, NY - Since March 2004

(Reports Generated by WeatherLink)

Report for 2014 January
                   MONTHLY CLIMATOLOGICAL SUMMARY for JAN. 2014

NAME: Indian Trail Weather   CITY: Hessville   STATE: New York 
ELEV:  1041 ft  LAT:  42° 51' 52" N  LONG:  74° 43' 15" W

                   TEMPERATURE (°F), RAIN  (in), WIND SPEED (mph)

                                      HEAT  COOL        AVG
    MEAN                              DEG   DEG         WIND                 DOM
DAY TEMP  HIGH   TIME   LOW    TIME   DAYS  DAYS  RAIN  SPEED HIGH   TIME    DIR
------------------------------------------------------------------------------------
 1  14.6  18.6  12:00p  11.9  11:00p  50.4   0.0  0.02   7.6  31.0   1:00a   WSW
 2   5.9  14.2   1:30a   3.2  10:30p  59.1   0.0  0.12   5.9  15.0   6:00a     E
 3  -2.0   4.2   3:00a  -7.0   8:30a  67.0   0.0  0.04   6.1  24.0  11:30a     W
 4   3.4  12.8   2:30p  -6.4   8:00a  61.6   0.0  0.00   2.2  14.0   1:00a   ESE
 5  18.3  32.0  12:00m   6.2   4:00a  46.7   0.0  0.02   2.1  10.0   7:00p     E
 6  30.0  50.7   5:30a   6.1  12:00m  35.0   0.0  0.29  12.3  44.0   8:30a     W
 7   2.0   6.2  12:30a  -0.3  10:00a  63.0   0.0  0.00  16.9  39.0  12:00m    SW
 8   8.3  15.5   2:30p   1.5   7:30a  56.7   0.0  0.00  11.0  36.0  12:30a    SW
 9  16.1  24.4   2:00p   8.8   9:30p  48.9   0.0  0.00   5.0  20.0   5:00a   WSW
10  21.4  29.2   2:00p  10.3  12:30a  43.6   0.0  0.03   1.3   7.0  12:00p   ESE
11  36.9  51.6   7:30p  25.4  12:30a  28.1   0.0  0.28   4.2  30.0   9:00p   ESE
12  33.9  40.2  12:30a  29.9  12:00m  31.1   0.0  0.00  11.5  35.0   9:00a     W
13  36.5  46.4  12:00m  28.9   8:30a  28.5   0.0  0.00   4.8  28.0  12:00m   SSW
14  39.6  46.0  12:30a  33.5  12:00m  25.4   0.0  0.07   3.8  22.0  12:30a     W
15  33.2  45.2   1:00p  27.9   8:00a  31.8   0.0  0.01   3.9  22.0   1:00p    SW
16  26.3  31.1   4:30p  19.6  11:00p  38.7   0.0  0.00   2.9  14.0   1:00a   WSW
17  27.6  38.0   3:00p  18.3  12:30a  37.4   0.0  0.00   3.4  21.0  12:30p   SSW
18  23.7  29.7   1:00a  19.0   6:30a  41.3   0.0  0.01   5.4  23.0   5:00p     W
19  23.1  28.4  12:00m  15.7   8:00a  41.9   0.0  0.00   8.1  26.0   2:30p    SW
20  23.3  30.7  12:30p   5.5  12:00m  41.7   0.0  0.00   7.4  29.0   3:00p     W
21   2.4   7.7   3:00p  -5.7  12:00m  62.6   0.0  0.00   3.7  13.0  12:00p    NW
22  -4.2   4.1   3:30p -12.2   7:30a  69.2   0.0  0.00   7.1  20.0   1:30p   WSW
23   3.7  11.2   2:30p  -4.1  12:30a  61.3   0.0  0.00   6.0  18.0  12:30p     W
24   6.9  14.3   3:00p  -2.5   5:00a  58.1   0.0  0.00   8.5  28.0   8:30p   WSW
25  17.5  21.3   1:00p  11.9  12:00m  47.5   0.0  0.00   9.7  30.0  11:00p     S
26  10.5  17.9  12:00m   3.5   6:00a  54.5   0.0  0.00   6.9  37.0   2:30a     W
27  16.9  38.8   8:30a   5.3  11:00p  48.1   0.0  0.00  10.6  40.0   9:00a   WSW
28   5.4  11.8   2:30p   0.9  10:30p  59.6   0.0  0.00   9.0  33.0   5:00a    SW
29   7.9  15.8   3:30p  -0.2   6:00a  57.1   0.0  0.00   8.3  25.0   4:00p    SW
30  15.4  26.9   3:30p   6.2   7:30a  49.6   0.0  0.00   6.1  25.0   4:00a    SW
31  27.2  32.4   3:30p  23.0   4:00a  37.8   0.0  0.00   7.5  29.0   2:30a    SW
-------------------------------------------------------------------------------------
    17.2  51.6    11   -12.2    22  1483.3   0.0  0.89   6.7  44.0     6      SW

Max >=  90.0:  0
Max <=  32.0: 22
Min <=  32.0: 30
Min <=   0.0:  8
Max Rain: 0.29 ON 01/06/14
Days of Rain: 8 (>.01 in) 3 (>.1 in) 0 (>1 in)
Heat Base:  65.0  Cool Base:  65.0  Method: Integration