NOAA-Style Climate Report Archive

for Hessville, NY - Since March 2004

(Reports Generated by WeatherLink)

Report for 2014
                            ANNUAL CLIMATOLOGICAL SUMMARY

NAME: Indian Trail Weather  CITY: Hessville   STATE: New York  
ELEV:  1041 ft  LAT:  42° 51' 52" N  LONG:  74° 43' 15" W

               TEMPERATURE (°F), HEAT BASE 65.0, COOL BASE 65.0
                          DEP.  HEAT  COOL                                          
        MEAN  MEAN        FROM  DEG   DEG                        MAX  MAX  MIN  MIN 
 YR MO  MAX   MIN   MEAN  NORM  DAYS  DAYS  HI  DATE  LOW  DATE  >=90 <=32 <=32 <=0 
------------------------------------------------------------------------------------
 14  1  25.7   9.2  17.2  -3.3  1483     0  51.6  11 -12.2   22    0   22   30    8
 14  2  26.6  11.3  19.4  -3.9  1278     0  43.7  22  -6.2   12    0   21   27    5
 14  3  33.2  15.7  24.4  -7.0  1257     0  48.3  28  -3.1    6    0   12   29    2
 14  4  55.6  34.6  44.8   0.5   618    11  80.1  13  21.7   17    0    0   11    0
 14  5  68.3  48.3  57.8   2.5   268    45  82.2  27  33.8    7    0    0    0    0
 14  6  76.1  56.6  66.3   2.3    81   121  86.5  29  46.2   21    0    0    0    0
 14  7  78.2  59.1  68.4   0.5    53   158  89.4   1  51.5   11    0    0    0    0
 14  8  75.0  57.3  65.8  -0.6    79   102  82.8  10  46.8   19    0    0    0    0
 14  9  71.0  50.9  60.4   1.2   207    70  85.9   5  39.6   15    0    0    0    0
 14 10  59.9  43.9  51.5   3.6   428     8  76.2  14  28.8   31    0    0    1    0
 14 11  43.8  29.2  36.4  -1.2   859     0  68.1  24  14.0   29    0    5   17    0
 14 12  35.5  25.8  30.7   4.6  1064     0  56.3  25  11.8    8    0   11   26    0
------------------------------------------------------------------------------------
        54.2  37.0  45.4  -0.1  7677   515  89.4 JUL -12.2  JAN    0   71  141   15

                                PRECIPITATION (in)

               DEP.   MAX        DAYS OF RAIN 
               FROM   OBS.          OVER
 YR MO  TOTAL  NORM   DAY  DATE .01   .1   1
---------------------------------------------
 14  1  0.89  -2.33  0.29    6    8    3    0
 14  2  2.28  -0.64  0.79   21    8    5    0
 14  3  2.82  -1.29  0.90   12    8    4    0
 14  4  2.99  -0.99  0.94   15   12    7    0
 14  5  3.48  -0.84  1.02   16   13    9    1
 14  6  3.73  -0.88  1.33   13    9    7    1
 14  7  4.69   0.31  0.80   28   13   10    0
 14  8  4.53   0.23  1.67   21   12    6    2
 14  9  1.53  -2.42  0.41   13    8    4    0
 14 10  3.76  -0.33  1.07   16   10    8    1
 14 11  1.63  -2.24  0.58   17   10    5    0
 14 12  2.99  -0.35  0.68    9   12    7    0
---------------------------------------------
       35.32-11.77  1.67  AUG  123   75    5

                                WIND SPEED (mph)
                          DOM
 YR MO   AVG.  HI   DATE  DIR
---------------------------------
 14  1   6.7  44.0    6    SW
 14  2   6.4  36.0   22     W
 14  3   6.3  44.0   14     W
 14  4   7.9  48.0   14     W
 14  5   5.9  37.0    4     W
 14  6   4.0  39.0   17   WNW
 14  7   4.5  45.0    8    SW
 14  8   4.0  30.0   21    SW
 14  9   4.2  41.0   11    SW
 14 10   5.3  36.0   26     W
 14 11   6.9  42.0   24    SW
 14 12   6.8  39.0    3     W
---------------------------------
         5.7  48.0  APR   SW