NOAA-Style Climate Report Archive

for Hessville, NY - Since March 2004

(Reports Generated by WeatherLink)

Report for 2013 December
                   MONTHLY CLIMATOLOGICAL SUMMARY for DEC. 2013

NAME: Indian Trail Weather   CITY: Hessville   STATE: New York 
ELEV:  1041 ft  LAT:  42° 51' 52" N  LONG:  74° 43' 15" W

                   TEMPERATURE (°F), RAIN  (in), WIND SPEED (mph)

                                      HEAT  COOL        AVG
    MEAN                              DEG   DEG         WIND                 DOM
DAY TEMP  HIGH   TIME   LOW    TIME   DAYS  DAYS  RAIN  SPEED HIGH   TIME    DIR
------------------------------------------------------------------------------------
 1  30.0  36.5   1:30p  22.8   7:30a  35.0   0.0  0.00   1.1  13.0   2:00a     E
 2  33.2  36.5   2:00p  29.8  12:00m  31.8   0.0  0.00   0.3   5.0  11:30a     E
 3  33.2  37.3  12:30p  28.5  10:30p  31.8   0.0  0.00   3.0  12.0   1:00p   WSW
 4  31.3  39.1   2:00p  25.2   4:00a  33.7   0.0  0.00   3.4  11.0   2:00a     E
 5  43.7  55.8   7:00p  32.2   5:30a  21.3   0.0  0.01   4.2  31.0   4:00p   SSW
 6  35.0  43.5  12:30a  30.3  11:00p  30.0   0.0  0.19   6.1  22.0   2:00a     W
 7  28.1  32.0   1:00p  24.2  12:00m  36.9   0.0  0.01   7.3  29.0   2:00p   WSW
 8  24.5  26.8   2:00p  22.3   8:00a  40.5   0.0  0.00   4.1  17.0  12:00m   WSW
 9  30.6  39.6   3:00p  23.2   3:30a  34.4   0.0  0.00   8.8  28.0   7:00p     E
10  26.3  32.5   3:00a  19.3   8:00p  38.7   0.0  0.00   9.0  30.0  12:00m   WSW
11  22.0  26.0   2:30p  17.8  12:00m  43.0   0.0  0.02  12.0  34.0   4:30a   WSW
12  13.9  19.6   2:00p   6.1   7:30a  51.1   0.0  0.02   7.6  31.0  11:30p    SW
13  17.5  24.7  12:30p  10.0  11:30p  47.5   0.0  0.00  10.8  38.0   7:30a    SW
14   8.2  10.3  12:30a   6.6   7:30a  56.8   0.0  0.00   8.3  20.0   6:30p     E
15  20.9  27.4   1:00p  10.0  12:30a  44.1   0.0  0.10   7.5  27.0   5:00p     W
16  14.1  22.9  12:30a   1.3  12:00m  50.9   0.0  0.00   7.2  37.0   1:30a   WSW
17   5.3  12.8   9:00p  -3.5   7:00a  59.7   0.0  0.10   1.2   9.0  11:30a     E
18  22.0  31.8   2:30p   6.7   1:00a  43.0   0.0  0.00   6.8  26.0   8:30p    SW
19  33.2  38.7   1:00p  26.6   6:30a  31.8   0.0  0.00   7.5  25.0  11:30a    SW
20  39.6  46.6  12:00p  32.9   8:30a  25.4   0.0  0.24   5.8  24.0   2:00p    SW
21  49.9  56.2  12:00p  43.0  12:00m  15.1   0.0  0.32   9.5  33.0   4:00a    SW
22  48.6  64.7   1:30p  34.1   6:30a  16.4   0.0  0.03   8.0  43.0  12:00p    SW
23  37.3  41.9  12:30a  28.0  12:00m  27.7   0.0  0.05   5.1  25.0   4:30p   WNW
24  21.5  28.0  12:30a  12.2  12:00m  43.5   0.0  0.00   7.1  28.0  11:30p   WNW
25  12.5  17.7   1:30p   4.0   8:00a  52.5   0.0  0.00   4.8  24.0   1:30a     E
26  22.8  28.8   3:00p  16.0   1:30a  42.2   0.0  0.11   5.5  22.0   4:00p    SW
27  26.4  30.7   2:00p  20.4   4:30a  38.6   0.0  0.00   6.4  23.0   7:00a   WSW
28  34.7  40.9   2:30p  24.4  12:30a  30.3   0.0  0.00   7.0  31.0   6:30a    SW
29  35.9  41.6  10:00a  31.6   1:30a  29.1   0.0  0.59   3.6  21.0   1:00p   SSW
30  19.6  35.6   1:30a   6.5   8:30p  45.4   0.0  0.00  10.3  37.0   5:30a     W
31  12.9  21.0   4:00p   6.7   2:30a  52.1   0.0  0.00   6.4  38.0   5:00p   ESE
-------------------------------------------------------------------------------------
    26.9  64.7    22    -3.5    17  1180.3   0.0  1.79   6.3  43.0    22      SW

Max >=  90.0:  0
Max <=  32.0: 15
Min <=  32.0: 27
Min <=   0.0:  1
Max Rain: 0.59 ON 12/29/13
Days of Rain: 11 (>.01 in) 5 (>.1 in) 0 (>1 in)
Heat Base:  65.0  Cool Base:  65.0  Method: Integration