NOAA-Style Climate Report Archive

for Hessville, NY - Since March 2004

(Reports Generated by WeatherLink)

Report for 2013 November
                   MONTHLY CLIMATOLOGICAL SUMMARY for NOV. 2013

NAME: Indian Trail Weather   CITY: Hessville   STATE: New York 
ELEV:  1041 ft  LAT:  42° 51' 52" N  LONG:  74° 43' 15" W

                   TEMPERATURE (°F), RAIN  (in), WIND SPEED (mph)

                                      HEAT  COOL        AVG
    MEAN                              DEG   DEG         WIND                 DOM
DAY TEMP  HIGH   TIME   LOW    TIME   DAYS  DAYS  RAIN  SPEED HIGH   TIME    DIR
------------------------------------------------------------------------------------
 1  58.6  66.8   1:30p  42.4  12:00m   6.5   0.1  0.17  12.8  41.0   6:30a   SSW
 2  45.6  57.8  12:00p  37.8  12:00m  19.0   0.0  0.01   4.5  19.0   2:30p    SW
 3  32.8  38.4  12:00p  25.2  11:30p  32.2   0.0  0.01   7.4  23.0   1:00p     W
 4  30.5  38.9  12:30p  20.5   4:00a  34.5   0.0  0.00   2.9  16.0   8:00a   ESE
 5  39.7  53.7  12:00p  24.1   2:00a  25.3   0.0  0.00   2.1  20.0  11:00a    SE
 6  52.0  60.6  12:30p  38.3   1:30a  13.0   0.0  0.00  10.0  36.0   8:30p   SSW
 7  43.8  58.0  12:30a  34.6  11:30p  21.2   0.0  0.29  10.0  34.0   5:30a     W
 8  35.1  39.6  10:00a  32.5  12:00m  29.9   0.0  0.03   9.3  33.0  10:00a   WSW
 9  37.1  42.6   1:00p  31.9   2:30a  27.9   0.0  0.00   3.4  16.0   6:30p    SW
10  41.0  48.5  11:00a  36.1  12:30a  24.0   0.0  0.05  11.5  40.0   4:30p     W
11  39.1  43.4   1:30p  34.4   4:30a  22.9   0.0  0.04   9.4  29.0   6:39p    SW
12  26.7  34.4  12:01a  24.3   8:45a  38.3   0.0  0.01   8.3  27.0  11:46a     W
13  26.4  32.1   1:58p  21.1   7:06a  38.6   0.0  0.00   7.7  24.0   9:57a     W
14  38.3  48.3   3:32p  29.4   4:58a  26.7   0.0  0.00  10.0  31.0  12:03a    SW
15  45.2  56.3   2:30p  34.9   6:36a  20.1   0.0  0.00   6.6  24.0  12:57a    SW
16  47.8  59.1   3:30p  39.5  10:00p  17.2   0.0  0.00   5.2  26.0   3:00a    SW
17  50.7  60.9  11:30p  37.8   4:00a  14.3   0.0  0.00   4.9  33.0  12:00m   SSE
18  50.2  61.2   1:00a  35.7   9:30p  14.8   0.0  0.25  12.6  44.0   9:30p   WSW
19  31.5  35.9  12:30a  26.1  12:00m  33.5   0.0  0.01  10.6  36.0   4:30a   WNW
20  27.2  36.7   2:30p  18.4   7:30a  37.8   0.0  0.00   2.5  17.0  12:30a   ESE
21  32.0  42.6   3:30p  18.4   6:00a  33.0   0.0  0.00   2.2  16.0   3:30p   ESE
22  35.4  41.9   3:30p  29.9   5:00p  29.6   0.0  0.04   4.0  27.0   9:00p   WSW
23  19.2  35.0  12:30a  10.7   4:30p  45.8   0.0  0.00  13.5  37.0   6:00a     W
24  17.4  31.1  11:30p   9.5   5:00p  47.6   0.0  0.10   7.8  29.0   2:00a     W
25  30.1  35.0   9:30p  26.4  12:00p  34.9   0.0  0.03   5.7  27.0   7:00a   SSW
26  31.1  32.5  12:30p  29.9   3:30a  17.6   0.0  0.59   4.2  11.0   2:30a   ENE
27  32.2  34.8   9:30a  25.7  12:00m  28.7   0.0  0.20   9.6  34.0   9:30p     W
28  20.1  25.8  12:30a  16.0   7:00p  44.9   0.0  0.00   8.9  36.0   5:30a     W
29  19.3  26.5  12:30p  10.3  11:00p  45.7   0.0  0.00   3.3  17.0   1:30p     W
30  17.7  26.7   4:30p   4.9   5:30a  47.3   0.0  0.00   2.5  10.0  12:00p     E
-------------------------------------------------------------------------------------
    35.1  66.8     1     4.9    30   872.8   0.1  1.83   7.1  44.0    18       W

Max >=  90.0:  0
Max <=  32.0:  4
Min <=  32.0: 19
Min <=   0.0:  0
Max Rain: 0.59 ON 11/26/13
Days of Rain: 11 (>.01 in) 5 (>.1 in) 0 (>1 in)
Heat Base:  65.0  Cool Base:  65.0  Method: Integration