NOAA-Style Climate Report Archive

for Hessville, NY - Since March 2004

(Reports Generated by WeatherLink)

Report for 2013 October
                   MONTHLY CLIMATOLOGICAL SUMMARY for OCT. 2013

NAME: Indian Trail Weather   CITY: Hessville   STATE: New York 
ELEV:  1041 ft  LAT:  42° 51' 52" N  LONG:  74° 43' 15" W

                   TEMPERATURE (°F), RAIN  (in), WIND SPEED (mph)

                                      HEAT  COOL        AVG
    MEAN                              DEG   DEG         WIND                 DOM
DAY TEMP  HIGH   TIME   LOW    TIME   DAYS  DAYS  RAIN  SPEED HIGH   TIME    DIR
------------------------------------------------------------------------------------
 1  60.7  71.8   3:00p  48.7   5:30a   5.7   1.5  0.00   4.8  15.0   8:30a    SW
 2  63.7  74.6   1:30p  54.2  11:00p   3.1   1.9  0.00   7.3  23.0  11:30a    SW
 3  60.0  73.9   1:00p  51.3   4:00a   6.3   1.3  0.00   3.6  15.0  10:00a    SW
 4  56.8  59.6  12:30p  53.3   8:00a   8.2   0.0  0.25   1.9   9.0  10:00a   ENE
 5  57.4  61.2  11:30a  54.1  12:00m   7.6   0.0  0.07   2.0  10.0   8:00p     E
 6  56.5  66.2   2:30p  51.5   6:00a   8.5   0.0  0.00   4.3  15.0   4:00p     E
 7  59.1  73.1  10:00a  50.6  11:30p   7.2   1.3  0.45   6.1  30.0   3:00p   WSW
 8  51.3  60.5   2:30p  40.2  12:00m  13.7   0.0  0.00   5.4  24.0   2:00a    NW
 9  48.7  61.7   1:00p  35.3   5:00a  16.3   0.0  0.00   2.9  15.0  11:30a   ENE
10  50.3  59.3  12:30p  39.3   5:30a  14.7   0.0  0.00   1.8  10.0   1:00p   WSW
11  55.4  67.3   2:30p  45.8   6:00a   9.7   0.1  0.00   2.0  12.0  10:30a   ENE
12  56.4  70.7   1:00p  41.3   5:30a   9.5   1.0  0.00   5.1  20.0  12:00p     E
13  55.8  67.7   2:00p  48.5   3:00a   9.5   0.2  0.00   4.0  17.0  10:30a     E
14  55.2  61.3  12:00p  50.3   6:00a   9.8   0.0  0.01   2.5  12.0  11:30a   WSW
15  57.0  66.1   2:30p  50.4  12:00m   8.0   0.0  0.00   2.5  12.0   2:30p   WSW
16  57.0  66.6   1:30p  48.6   5:30a   8.1   0.0  0.00   2.9  17.0   2:00p   SSW
17  57.8  67.2   2:00p  51.4  10:30p   7.3   0.1  0.48   4.3  23.0  10:00p   WSW
18  52.4  59.6  12:00p  44.9  11:30p  12.6   0.0  0.03   8.6  32.0   2:00p   WSW
19  52.8  63.6  11:30a  45.2   6:00a  12.2   0.0  0.02   7.1  28.0  11:30p   SSW
20  47.8  55.8  12:30p  42.3   6:00a  17.2   0.0  0.00   9.3  29.0   1:30a    SW
21  54.9  65.5   1:00p  42.4   2:00a  10.1   0.0  0.00   8.1  31.0  10:30p   SSW
22  47.3  54.2  12:30a  36.6  11:30p  17.7   0.0  0.04   7.5  28.0  12:30a   SSW
23  41.3  50.0  12:30p  35.3  11:30p  23.7   0.0  0.01   5.0  18.0   6:00p    SW
24  39.2  47.6  12:00p  33.0   4:00a  25.9   0.0  0.02   9.6  32.0   1:00p    SW
25  38.8  45.8   2:00p  35.0   2:30a  26.2   0.0  0.03   7.3  25.0   2:30p     W
26  42.7  46.4   5:00p  37.3   6:00a  22.3   0.0  0.00  10.7  34.0   1:30p   SSW
27  40.4  45.1   9:00a  33.3  10:30p  24.7   0.0  0.00   8.1  23.0   1:30a   WSW
28  40.9  50.7  10:30a  27.1  11:30p  24.1   0.0  0.00   8.0  30.0  10:00a    SW
29  34.0  44.0   1:30p  23.0   6:00a  31.0   0.0  0.00   2.4  15.0  11:30a   SSW
30  39.3  51.4   2:00p  32.6   6:00a  25.7   0.0  0.01   1.0  10.0   3:00p    NE
31  46.6  59.7   9:30p  34.2   4:00a  18.4   0.0  0.26   4.2  36.0  11:30p     S
-------------------------------------------------------------------------------------
    50.9  74.6     2    23.0    29   445.0   7.4  1.68   5.2  36.0    31      SW

Max >=  90.0:  0
Max <=  32.0:  0
Min <=  32.0:  2
Min <=   0.0:  0
Max Rain: 0.48 ON 10/17/13
Days of Rain: 10 (>.01 in) 4 (>.1 in) 0 (>1 in)
Heat Base:  65.0  Cool Base:  65.0  Method: Integration