NOAA-Style Climate Report Archive

for Hessville, NY - Since March 2004

(Reports Generated by WeatherLink)

Report for 2013 September
                   MONTHLY CLIMATOLOGICAL SUMMARY for SEP. 2013

NAME: Indian Trail Weather   CITY: Hessville   STATE: New York 
ELEV:  1041 ft  LAT:  42° 51' 52" N  LONG:  74° 43' 15" W

                   TEMPERATURE (°F), RAIN  (in), WIND SPEED (mph)

                                      HEAT  COOL        AVG
    MEAN                              DEG   DEG         WIND                 DOM
DAY TEMP  HIGH   TIME   LOW    TIME   DAYS  DAYS  RAIN  SPEED HIGH   TIME    DIR
------------------------------------------------------------------------------------
 1  71.4  78.9   3:00p  64.3   2:30a   0.0   6.4  0.00   2.5  11.0   1:30p     E
 2  69.2  79.8   3:30p  62.2   9:30p   0.3   4.4  0.73   3.1  32.0   5:00p   SSW
 3  64.3  70.4  11:30a  61.4   8:00p   1.5   0.8  0.06   5.4  22.0  12:00p   WSW
 4  66.0  74.7   3:00p  58.0   5:30a   1.7   2.7  0.02   6.0  21.0  11:30a   WSW
 5  58.4  66.1   2:30p  43.4  12:00m   6.7   0.0  0.02   5.9  24.0  10:00a   WNW
 6  54.4  66.1   3:00p  42.0   1:30a  10.6   0.0  0.02   4.1  18.0  12:30p    SW
 7  60.8  72.8  12:00p  51.1   2:30a   5.1   0.9  0.01   3.9  18.0  12:00m    SW
 8  58.2  64.4  12:00p  43.1  11:30p   6.8   0.0  0.00   6.2  23.0  12:00p   WNW
 9  58.5  71.6   1:30p  41.0   5:00a   7.6   1.1  0.00   4.5  24.0  11:30p   SSW
10  72.4  83.9   2:30p  59.1   4:30a   0.9   8.3  0.20   5.0  23.0   7:30a    SW
11  77.3  91.2   2:30p  66.9   9:00p   0.0  12.3  0.37   8.2  33.0   6:00p    SW
12  69.9  82.0  12:30p  61.9  12:00m   0.2   5.2  0.16   4.3  22.0  12:30p    SW
13  56.0  62.0   2:30a  47.6  11:00p   9.0   0.0  0.04   6.1  23.0   3:30p   WNW
14  50.5  59.5   1:00p  43.7  10:30p  14.5   0.0  0.00   5.7  20.0  10:00a   WNW
15  55.6  66.0  12:30p  42.5   4:30a   9.4   0.0  0.00   4.9  15.0  12:00p    SW
16  52.0  58.9   1:30p  40.2  12:00m  13.0   0.0  0.03   5.5  20.0   2:00a   WNW
17  47.7  62.2   3:30p  35.5   4:00a  17.3   0.0  0.00   2.6  13.0  11:00a   SSW
18  55.1  71.9   3:00p  38.7   5:00a  11.0   1.1  0.00   2.6  13.0   9:00a   SSW
19  60.5  75.7   3:00p  46.6   5:00a   6.9   2.4  0.00   2.4  11.0  12:00p   SSW
20  63.3  77.6   2:00p  48.7   4:00a   4.7   3.0  0.00   3.1  16.0   8:30p   ESE
21  63.2  74.3  11:30a  50.3   4:30a   4.2   2.4  0.13   5.9  27.0  12:00p     S
22  52.0  58.1   1:00a  44.2  12:00m  13.0   0.0  0.00   8.3  31.0  12:30p   WNW
23  47.2  55.4   2:00p  40.1   5:00a  17.8   0.0  0.00   6.0  23.0  11:00a   WNW
24  50.1  62.2   1:30p  40.7   5:00a  14.9   0.0  0.00   6.2  19.0   9:30a   WSW
25  55.3  69.1   2:00p  40.9   4:00a  10.2   0.5  0.00   4.3  18.0   6:00a   WSW
26  53.9  65.3   3:00p  44.5   3:30a  11.1   0.0  0.00   2.2  12.0   1:30p    SE
27  51.5  58.8   1:00p  42.7   5:30a  13.5   0.0  0.00   2.1  12.0   9:00a   ESE
28  55.3  69.9   2:00p  41.5   5:30a  10.4   0.7  0.00   2.8  14.0  12:30p   ENE
29  56.7  71.3   3:00p  43.0   5:30a   9.3   1.0  0.00   2.4  13.0  12:30p   ENE
30  57.0  72.4   1:30p  44.6   5:30a   9.3   1.3  0.00   2.6  20.0   1:30p   SSW
-------------------------------------------------------------------------------------
    58.8  91.2    11    35.5    17   240.9  54.5  1.79   4.5  33.0    11      SW

Max >=  90.0:  1
Max <=  32.0:  0
Min <=  32.0:  0
Min <=   0.0:  0
Max Rain: 0.73 ON 09/02/13
Days of Rain: 11 (>.01 in) 5 (>.1 in) 0 (>1 in)
Heat Base:  65.0  Cool Base:  65.0  Method: Integration