NOAA-Style Climate Report Archive

for Hessville, NY - Since March 2004

(Reports Generated by WeatherLink)

Report for 2013 August
                   MONTHLY CLIMATOLOGICAL SUMMARY for AUG. 2013

NAME: Indian Trail Weather   CITY: Hessville   STATE: New York 
ELEV:  1041 ft  LAT:  42° 51' 52" N  LONG:  74° 43' 15" W

                   TEMPERATURE (°F), RAIN  (in), WIND SPEED (mph)

                                      HEAT  COOL        AVG
    MEAN                              DEG   DEG         WIND                 DOM
DAY TEMP  HIGH   TIME   LOW    TIME   DAYS  DAYS  RAIN  SPEED HIGH   TIME    DIR
------------------------------------------------------------------------------------
 1  66.4  71.4   3:00p  60.9   6:30a   0.5   1.9  0.14   4.9  25.0   4:30p   SSW
 2  66.7  76.2   5:00p  60.4   5:30a   1.4   3.1  0.01   5.2  17.0   2:30p    SW
 3  66.9  75.1   3:30p  58.1  12:00m   1.2   3.1  0.00   6.0  22.0   2:30p   WNW
 4  63.5  71.5   3:00p  57.5  12:00m   2.9   1.4  0.02   7.6  28.0   4:30p   WNW
 5  61.5  72.3   5:00p  51.4   5:30a   4.9   1.5  0.00   4.4  21.0  11:30a     W
 6  63.3  76.6   4:00p  47.8   6:00a   4.7   3.0  0.00   2.6  11.0   2:30p   SSW
 7  68.2  75.4   4:30p  60.8   6:30a   0.5   3.7  0.00   4.2  21.0   4:00p     S
 8  73.0  83.0   4:00p  62.8   5:00a   0.2   8.2  0.00   3.5  17.0   9:30a   SSW
 9  70.1  77.3   6:00p  65.1  12:00m   0.0   5.1  0.62   2.4  15.0   3:30a   WNW
10  65.3  72.5   2:00p  55.0  12:00m   1.8   2.1  0.00   7.7  27.0   1:00p   WSW
11  63.2  74.0   6:00p  51.0   6:30a   4.5   2.7  0.00   3.3  15.0   3:30p    SW
12  66.5  77.8   5:00p  54.7   6:00a   2.5   4.0  0.00   2.6  14.0  12:30p   SSW
13  63.9  70.2   3:30p  56.2  12:00m   1.7   0.6  1.38   4.4  26.0   9:00p   WNW
14  58.4  66.0   4:00p  53.5   6:30a   6.6   0.0  0.00   7.9  32.0   2:00p    SW
15  61.1  71.6   3:30p  53.4   3:00a   5.2   1.2  0.00   5.9  19.0   1:00p    SW
16  63.0  75.0   1:00p  50.6   5:00a   4.4   2.5  0.00   3.3  15.0  11:00a    SW
17  65.0  78.5   2:30p  50.5   4:30a   4.1   4.1  0.00   2.4  10.0  11:30a   SSW
18  65.1  74.4   2:30p  55.9   4:00a   2.5   2.6  0.00   2.9  14.0  11:30p    SW
19  68.3  78.5   2:30p  60.7   3:30a   0.9   4.2  0.00   4.2  15.0   1:00a    SW
20  69.2  80.4   2:30p  56.9   4:30a   1.4   5.7  0.00   3.7  14.0  10:00a    SW
21  71.5  83.2   1:00p  61.6   4:00a   0.5   7.0  0.00   4.2  14.0  10:30a    SW
22  73.0  84.2  12:30p  63.8   4:30a   0.1   8.1  0.00   4.6  29.0   5:00p    SW
23  65.7  74.9   3:00p  52.6  12:00m   2.3   3.0  0.00   4.3  17.0   5:00p   WNW
24  62.0  75.8   3:00p  49.1   4:30a   5.6   2.7  0.00   2.6  11.0  12:00p    SW
25  66.8  79.6   2:00p  52.3   3:30a   3.1   5.0  0.00   4.2  17.0  11:00a    SW
26  69.1  75.8  11:30a  63.9   2:30a   0.0   4.1  0.43   5.5  21.0   7:00a    SW
27  70.5  80.5   1:30p  63.5   5:00a   0.1   5.5  0.12   2.9  13.0   7:00a    SW
28  71.4  83.1   4:00p  61.4   4:30a   0.4   6.8  0.00   3.0  14.0   5:30p   SSW
29  69.3  79.2   2:30p  63.1   4:30a   0.2   4.5  0.00   2.7  14.0  10:30a     E
30  72.4  83.5   1:30p  63.3   2:30a   0.1   7.5  0.01   3.5  13.0   1:30p    SW
31  71.3  79.9   1:00p  65.7   5:30a   0.0   6.3  0.07   3.0  16.0   3:00p    SW
-------------------------------------------------------------------------------------
    66.8  84.2    22    47.8     6    64.3 121.2  2.80   4.2  32.0    14      SW

Max >=  90.0:  0
Max <=  32.0:  0
Min <=  32.0:  0
Min <=   0.0:  0
Max Rain: 1.38 ON 08/13/13
Days of Rain: 7 (>.01 in) 5 (>.1 in) 1 (>1 in)
Heat Base:  65.0  Cool Base:  65.0  Method: Integration