NOAA-Style Climate Report Archive

for Hessville, NY - Since March 2004

(Reports Generated by WeatherLink)

Report for 2013 July
                   MONTHLY CLIMATOLOGICAL SUMMARY for JUL. 2013

NAME: Indian Trail Weather   CITY: Hessville   STATE: New York 
ELEV:  1041 ft  LAT:  42° 51' 52" N  LONG:  74° 43' 15" W

                   TEMPERATURE (°F), RAIN  (in), WIND SPEED (mph)

                                      HEAT  COOL        AVG
    MEAN                              DEG   DEG         WIND                 DOM
DAY TEMP  HIGH   TIME   LOW    TIME   DAYS  DAYS  RAIN  SPEED HIGH   TIME    DIR
------------------------------------------------------------------------------------
 1  68.0  71.2   2:30p  65.6  12:30a   0.0   3.0  0.64   3.9  17.0   4:00p     E
 2  71.2  82.9   5:00p  66.7   6:00a   0.0   6.2  0.53   2.3  14.0  12:00m     E
 3  77.6  86.1   4:00p  71.2   2:00a   0.0  12.6  0.00   5.9  23.0   9:30a   SSW
 4  78.1  87.9   3:30p  70.3  12:00m   0.0  13.1  0.35   5.2  26.0  10:30p   SSW
 5  77.1  89.2   4:30p  68.8   2:30a   0.0  12.1  0.02   4.5  21.0   6:00p    SW
 6  75.7  83.7   4:30p  69.1   1:30a   0.0  10.7  0.00   4.1  17.0   9:30a    SW
 7  75.5  87.9   2:30p  67.2   4:30a   0.0  10.5  0.37   2.9  20.0   7:30p    SW
 8  74.2  82.3   5:00p  67.5   5:30a   0.0   9.2  0.09   3.8  15.0  12:00p    SW
 9  75.1  84.8   4:30p  65.3   3:30a   0.0  10.1  0.00   2.7  16.0  10:00p   ENE
10  75.4  81.4   5:00p  70.1   4:00a   0.0  10.4  0.05   6.0  27.0  10:30p   SSW
11  71.8  77.8   4:30p  66.5  12:00m   0.0   6.8  0.00   5.2  19.0  10:30a   WNW
12  68.9  76.5   4:30p  59.1   5:00a   1.1   5.0  0.00   3.0  14.0   1:30p   ENE
13  69.0  76.1   6:00p  62.9   8:30a   0.3   4.3  0.00   4.3  20.0   6:30a     E
14  75.4  86.4   3:00p  65.4   4:00a   0.0  10.4  0.00   2.8  14.0   3:30p    SW
15  78.8  87.3   3:30p  70.2   6:00a   0.0  13.8  0.00   4.5  19.0   4:00p   WNW
16  79.0  89.0   4:30p  67.8   5:30a   0.0  14.0  0.00   4.0  17.0   6:30p   WNW
17  80.7  90.8   4:30p  69.9   6:00a   0.0  15.7  0.00   4.7  18.0  10:30p    SW
18  81.6  90.7   4:00p  74.4   6:00a   0.0  16.6  0.00   5.4  20.0   3:00p    SW
19  81.3  91.7   4:00p  68.8  12:00m   0.0  16.3  0.03   8.1  37.0  10:30p    SW
20  72.3  82.2   2:30p  64.4  12:00m   0.0   7.3  0.22   6.3  22.0   3:30p    SW
21  70.7  79.8   4:30p  60.3   5:30a   0.5   6.1  0.00   3.3  15.0   5:00p    NW
22  69.6  79.4   4:00p  61.6   2:00a   0.7   5.3  0.31   3.6  14.0   5:00p   ENE
23  71.2  81.1   5:00p  65.0   6:00a   0.0   6.2  2.33   3.0  14.0   6:00p    NW
24  63.1  69.4  12:30a  53.6  12:00m   2.7   0.8  0.00   5.9  24.0  12:30p   WNW
25  59.2  71.3   6:00p  45.8   5:30a   7.1   1.3  0.00   2.5  15.0  11:00a   ENE
26  64.8  77.9   5:00p  52.4   4:30a   4.1   3.9  0.00   2.9  14.0  12:00p    SW
27  68.6  82.7   4:30p  52.7   5:30a   2.8   6.4  0.00   2.8  14.0  12:30p     S
28  68.1  74.1   4:30p  63.9   7:00a   0.2   3.3  0.20   2.5  19.0   4:30p   ESE
29  65.9  75.7   2:30p  56.4  12:00m   2.1   3.0  0.00   4.3  17.0   4:30p    SW
30  64.1  73.0   5:00p  56.2  12:30a   2.8   2.0  0.00   4.8  18.0  12:00p    SW
31  67.1  78.4   6:30p  57.0   6:30a   2.4   4.5  0.00   3.0  14.0   2:30p    SW
-------------------------------------------------------------------------------------
    72.2  91.7    19    45.8    25    26.8 250.9  5.14   4.1  37.0    19      SW

Max >=  90.0:  3
Max <=  32.0:  0
Min <=  32.0:  0
Min <=   0.0:  0
Max Rain: 2.33 ON 07/23/13
Days of Rain: 12 (>.01 in) 8 (>.1 in) 1 (>1 in)
Heat Base:  65.0  Cool Base:  65.0  Method: Integration