NOAA-Style Climate Report Archive

for Hessville, NY - Since March 2004

(Reports Generated by WeatherLink)

Report for 2013 June
                   MONTHLY CLIMATOLOGICAL SUMMARY for JUN. 2013

NAME: Indian Trail Weather   CITY: Hessville   STATE: New York 
ELEV:  1041 ft  LAT:  42° 51' 52" N  LONG:  74° 43' 15" W

                   TEMPERATURE (°F), RAIN  (in), WIND SPEED (mph)

                                      HEAT  COOL        AVG
    MEAN                              DEG   DEG         WIND                 DOM
DAY TEMP  HIGH   TIME   LOW    TIME   DAYS  DAYS  RAIN  SPEED HIGH   TIME    DIR
------------------------------------------------------------------------------------
 1  78.0  86.6   4:00p  65.1   6:00a   0.0  13.0  0.00   7.2  27.0  12:00m   SSW
 2  73.8  82.0  12:00p  64.6   1:00p   0.0   8.8  0.91   7.9  42.0  12:30p    SW
 3  57.6  65.2  12:30a  48.8  11:30p   7.4   0.0  0.00   5.3  21.0   1:00p   WNW
 4  55.3  65.8   5:00p  45.3   5:30a   9.7   0.0  0.00   7.1  29.0   1:00p   WNW
 5  59.0  70.2   1:30p  44.2   5:30a   7.3   1.3  0.00   3.1  12.0   6:30p   NNW
 6  57.2  67.2   1:00p  49.6   5:00a   8.0   0.2  0.69   4.4  16.0  12:30p     E
 7  54.3  56.4   3:30p  52.8  11:30p  10.7   0.0  0.93   7.1  18.0  12:30p     E
 8  57.9  65.7   4:30p  52.4   3:00a   7.1   0.0  0.06   4.0  18.0  12:30p   WNW
 9  62.4  74.2   5:00p  52.7   6:00a   4.9   2.3  0.00   4.2  18.0   2:00p    SW
10  57.6  60.9   1:00p  50.7   5:00a   7.4   0.0  0.86   5.5  18.0   6:00p     E
11  59.8  65.4   4:30p  57.3   6:00a   5.2   0.0  0.87   6.0  29.0   8:00p     E
12  61.7  71.5   3:30p  54.3   6:00a   4.7   1.4  0.00   7.2  28.0  12:30a   WNW
13  54.3  55.7  11:00a  51.2   2:30a  10.7   0.0  2.06   5.9  25.0   3:00p   ENE
14  61.9  72.9   5:30p  52.3   2:00a   4.7   1.6  0.01   6.9  29.0   3:00p   WNW
15  62.9  72.3   5:00p  53.3   5:00a   4.3   2.1  0.00   5.8  24.0   2:00p   WNW
16  63.0  69.6  10:30a  53.7   3:00a   3.0   1.1  0.06   5.2  28.0   3:00p   SSW
17  67.2  79.2   2:00p  57.6  12:00m   1.3   3.5  0.13   6.4  26.0   2:00p    SW
18  59.0  63.8  12:00p  53.3  11:00p   6.0   0.0  0.01   2.7  13.0   2:00p     E
19  60.3  70.0   5:00p  51.7   5:00a   5.6   0.9  0.00   3.8  17.0  12:00p   WNW
20  62.3  76.6   5:00p  46.1   6:00a   5.8   3.1  0.00   3.3  14.0  12:30a   SSW
21  68.2  80.5   3:30p  54.0   6:00a   2.6   5.8  0.00   3.5  12.0   1:00p    SW
22  73.2  83.4   3:00p  59.7   4:00a   0.5   8.7  0.00   5.0  20.0  10:30a    SW
23  77.2  89.8   4:00p  68.9  11:30p   0.0  12.2  0.00   7.1  27.0   1:00a    SW
24  73.6  85.7   1:00p  65.0   7:00p   0.0   8.6  0.44   6.6  27.0   2:30p    SW
25  72.8  84.8   1:30p  65.0   6:00a   0.0   7.8  0.28   5.1  21.0   1:30p    SW
26  72.1  81.7   6:00p  66.9   6:00a   0.0   7.1  0.04   4.0  16.0   5:30a    SW
27  72.0  82.2   3:00p  63.5   5:30a   0.1   7.1  0.02   3.1  21.0   6:30p    SW
28  67.7  73.7   1:30p  63.0  11:30p   0.1   2.8  2.35   6.7  41.0   3:00a   WSW
29  68.4  78.4   5:00p  62.3   3:30a   0.6   3.9  0.00   4.3  25.0   1:30p   SSW
30  70.1  84.2   5:00p  62.0   3:00a   0.5   5.6  0.62   3.1  15.0   5:30p    SW
-------------------------------------------------------------------------------------
    64.7  89.8    23    44.2     5   118.2 108.9 10.34   5.3  42.0     2      SW

Max >=  90.0:  0
Max <=  32.0:  0
Min <=  32.0:  0
Min <=   0.0:  0
Max Rain: 2.35 ON 06/28/13
Days of Rain: 15 (>.01 in) 11 (>.1 in) 2 (>1 in)
Heat Base:  65.0  Cool Base:  65.0  Method: Integration