NOAA-Style Climate Report Archive

for Hessville, NY - Since March 2004

(Reports Generated by WeatherLink)

Report for 2013 May
                   MONTHLY CLIMATOLOGICAL SUMMARY for MAY. 2013

NAME: Indian Trail Weather   CITY: Hessville   STATE: New York 
ELEV:  1041 ft  LAT:  42° 51' 52" N  LONG:  74° 43' 15" W

                   TEMPERATURE (°F), RAIN  (in), WIND SPEED (mph)

                                      HEAT  COOL        AVG
    MEAN                              DEG   DEG         WIND                 DOM
DAY TEMP  HIGH   TIME   LOW    TIME   DAYS  DAYS  RAIN  SPEED HIGH   TIME    DIR
------------------------------------------------------------------------------------
 1  60.7  73.0   4:30p  44.5   6:00a   6.3   2.0  0.00   4.5  19.0   2:00p     E
 2  63.5  77.6   5:30p  43.7   6:30a   5.2   3.7  0.00   3.1  16.0   2:00a     E
 3  59.5  68.9   5:00p  50.3   7:00a   6.1   0.6  0.00   8.3  21.0  10:00a     E
 4  59.6  71.7   4:30p  42.8   4:30a   6.9   1.6  0.00   3.7  18.0   1:30p   ENE
 5  59.6  72.7   3:30p  43.7   6:00a   7.2   1.8  0.00   4.0  18.0   4:30p     E
 6  59.1  72.7   4:30p  41.5   6:00a   7.6   1.7  0.00   4.1  20.0   2:00p   ENE
 7  65.1  76.9   3:30p  48.3   5:30a   3.6   3.7  0.00   4.2  19.0   1:00a     E
 8  60.3  67.6  10:30a  51.6   4:00a   5.0   0.3  0.10   5.1  24.0  12:30p     E
 9  58.5  68.5   5:30p  49.3   6:00a   6.7   0.2  0.13   2.7  11.0  11:30p   WSW
10  63.7  73.8   2:30p  49.7   6:00a   3.9   2.5  0.07   4.8  28.0  11:00p   SSW
11  57.6  68.1  12:30p  49.0  11:30p   7.6   0.1  0.12   6.7  28.0  12:30a   SSW
12  47.4  54.4   3:00p  37.4  11:30p  17.6   0.0  0.02   6.4  29.0   6:30p   WSW
13  40.2  46.4   6:30p  35.3  12:00m  24.8   0.0  0.00   9.4  29.0   4:00a   WSW
14  43.3  54.2   5:30p  33.3   5:30a  21.7   0.0  0.00   5.1  17.0  12:30p   WSW
15  48.7  64.7   8:30p  31.6   3:30a  16.3   0.0  0.05   4.5  28.0   8:30p   ENE
16  63.3  74.4   3:00p  53.2  12:00m   4.3   2.6  0.00  10.3  34.0   3:30p     W
17  55.0  66.3   4:30p  44.1   4:00a  10.1   0.1  0.00   5.9  20.0   2:00p     W
18  57.2  70.8   4:30p  40.0   6:00a   8.8   1.0  0.00   3.9  25.0  12:00m   SSW
19  54.7  59.5   5:30p  48.2   5:30a  10.3   0.0  0.05   2.7  21.0   1:00a     E
20  65.9  80.1   5:30p  53.5   2:00a   3.6   4.6  0.00   2.6  16.0   9:00a   NNW
21  71.0  83.4   2:30p  60.5   4:00a   0.9   6.9  0.60   4.0  30.0  11:00p   SSW
22  69.8  79.6   6:00p  62.1   5:30a   0.4   5.3  1.35   4.4  43.0  11:30p   SSW
23  68.4  75.1   3:00p  59.5  11:00p   0.7   4.1  0.03   7.2  38.0  12:30a   SSW
24  46.0  60.4   3:30a  40.0   7:00p  19.0   0.0  0.54   7.6  26.0   9:30a   WNW
25  42.4  44.1   6:00p  41.0   7:30a  22.6   0.0  0.33  10.4  33.0  11:30a   WNW
26  48.3  57.4   5:00p  42.5  12:30a  16.7   0.0  0.00  10.9  32.0   9:00a   WNW
27  54.8  66.1   4:30p  44.5   5:00a  10.3   0.0  0.00   7.3  22.0   1:00a    SW
28  54.7  66.7   3:30p  37.5   5:30a  10.4   0.0  0.04   3.1  14.0   4:30p   ESE
29  63.7  81.4   5:00p  54.3   1:30a   4.7   3.3  1.37   4.2  41.0   6:30p    SW
30  73.0  83.8   4:00p  61.9   4:30a   0.1   8.2  0.01   4.6  18.0   1:00p    SW
31  76.7  88.7   3:30p  63.6   6:00a   0.0  11.7  0.00   3.7  17.0   1:30p    SW
-------------------------------------------------------------------------------------
    58.4  88.7    31    31.6    15   269.4  66.0  4.81   5.5  43.0    22      SW

Max >=  90.0:  0
Max <=  32.0:  0
Min <=  32.0:  1
Min <=   0.0:  0
Max Rain: 1.37 ON 05/29/13
Days of Rain: 14 (>.01 in) 7 (>.1 in) 2 (>1 in)
Heat Base:  65.0  Cool Base:  65.0  Method: Integration