NOAA-Style Climate Report Archive

for Hessville, NY - Since March 2004

(Reports Generated by WeatherLink)

Report for 2013 April
                   MONTHLY CLIMATOLOGICAL SUMMARY for APR. 2013

NAME: Indian Trail Weather   CITY: Hessville   STATE: New York 
ELEV:  1041 ft  LAT:  42° 51' 52" N  LONG:  74° 43' 15" W

                   TEMPERATURE (°F), RAIN  (in), WIND SPEED (mph)

                                      HEAT  COOL        AVG
    MEAN                              DEG   DEG         WIND                 DOM
DAY TEMP  HIGH   TIME   LOW    TIME   DAYS  DAYS  RAIN  SPEED HIGH   TIME    DIR
------------------------------------------------------------------------------------
 1  35.8  46.3   9:30a  26.6  12:00m  29.2   0.0  0.08   9.5  38.0   4:30p     W
 2  26.5  31.1   2:00p  22.1   8:00a  38.5   0.0  0.04  12.2  42.0   3:00p   WSW
 3  28.0  33.4   3:00p  22.7   5:30a  37.0   0.0  0.00  13.1  33.0   5:00p     W
 4  38.2  52.7   5:00p  25.4   7:00a  26.8   0.0  0.00   7.6  25.0   1:00a    SW
 5  38.7  45.4   1:00p  30.5  12:00m  26.3   0.0  0.00  11.5  31.0   3:30p     W
 6  32.9  43.2   6:00p  23.9   7:00a  32.1   0.0  0.00   6.8  21.0   5:00a    NW
 7  46.0  60.8   5:30p  28.2   2:30a  19.0   0.0  0.00   9.7  46.0  11:00a   SSW
 8  47.1  57.2   4:30p  39.2   7:30a  17.9   0.0  0.00   4.8  18.0  12:30a     W
 9  50.6  60.4   4:00a  43.8   2:30a  14.4   0.0  0.02   7.4  30.0   8:00a     W
10  48.2  54.7  12:30p  44.3   6:30a  16.8   0.0  1.33   2.9  15.0   1:30p   NNW
11  37.5  45.7  12:30a  30.3  11:30p  27.5   0.0  0.07   5.6  16.0  10:30a     E
12  33.8  37.1   2:30p  29.9   4:00a  31.2   0.0  0.71   4.9  25.0  12:30p     E
13  40.4  47.6   5:30p  34.9  12:30a  24.6   0.0  0.00   4.5  22.0   6:30p    SW
14  37.4  44.1   4:00p  31.5  12:00m  27.6   0.0  0.03   7.0  26.0  10:30a     W
15  43.5  58.5   4:30p  29.0   3:00a  21.5   0.0  0.00   3.9  18.0   2:00p   ENE
16  53.9  59.9   8:00p  46.9  12:00m  11.1   0.0  0.18  13.4  45.0  12:30p   SSW
17  47.7  58.3   6:00p  37.8   6:30a  17.3   0.0  0.00   6.9  24.0  12:00p    NW
18  52.2  68.2   3:30p  38.2   6:00a  12.9   0.1  0.00   7.1  34.0   8:00p     S
19  61.0  70.8   6:00p  40.9  10:30p   5.8   1.8  0.80  11.4  42.0   1:00p     S
20  40.3  46.6  11:30a  31.3  12:00m  24.7   0.0  0.01  11.2  34.0   7:00p     W
21  36.7  49.0   5:00p  26.8   6:30a  28.3   0.0  0.00   6.1  25.0   2:00a    NW
22  43.7  55.4   4:30p  32.9   4:30a  21.3   0.0  0.00   7.1  25.0  11:00a   ESE
23  42.8  53.0   4:00p  31.6   6:30a  22.2   0.0  0.00   8.3  28.0  12:00p     E
24  52.8  73.5   4:00p  33.4   6:00a  13.2   0.9  0.01   5.4  44.0   8:30p     E
25  43.6  54.2   6:00p  35.2   6:30a  21.4   0.0  0.03   7.5  34.0   1:30a     W
26  43.9  52.2   5:30p  37.1  10:00p  21.1   0.0  0.00   6.1  19.0  10:30a     W
27  48.0  63.8   4:30p  30.6   6:00a  17.0   0.0  0.00   3.9  17.0   2:30p   NNW
28  56.9  71.0   4:00p  40.2   3:30a   9.0   0.9  0.00   5.3  29.0  11:30p   ENE
29  51.7  60.1  12:30a  47.6   8:00a  13.3   0.0  0.14   5.5  27.0   1:00a     E
30  56.2  67.2   4:30p  47.7   7:30a   8.9   0.1  0.00   2.9  12.0   2:00p     E
-------------------------------------------------------------------------------------
    43.9  73.5    24    22.1     2   637.9   3.8  3.45   7.3  46.0     7       W

Max >=  90.0:  0
Max <=  32.0:  1
Min <=  32.0: 15
Min <=   0.0:  0
Max Rain: 1.33 ON 04/10/13
Days of Rain: 11 (>.01 in) 5 (>.1 in) 1 (>1 in)
Heat Base:  65.0  Cool Base:  65.0  Method: Integration