NOAA-Style Climate Report Archive

for Hessville, NY - Since March 2004

(Reports Generated by WeatherLink)

Report for 2013 March
                   MONTHLY CLIMATOLOGICAL SUMMARY for MAR. 2013

NAME: Indian Trail Weather   CITY: Hessville   STATE: New York 
ELEV:  1041 ft  LAT:  42° 51' 52" N  LONG:  74° 43' 15" W

                   TEMPERATURE (°F), RAIN  (in), WIND SPEED (mph)

                                      HEAT  COOL        AVG
    MEAN                              DEG   DEG         WIND                 DOM
DAY TEMP  HIGH   TIME   LOW    TIME   DAYS  DAYS  RAIN  SPEED HIGH   TIME    DIR
------------------------------------------------------------------------------------
 1  31.8  36.8  12:30p  26.9  12:00m  33.2   0.0  0.00   6.8  20.0   4:00p   WNW
 2  24.2  28.4   1:30p  19.3  12:00m  40.8   0.0  0.00   7.6  20.0   3:00p     W
 3  21.2  26.9   1:30p  16.8   5:30a  43.8   0.0  0.00   8.3  23.0   3:30p     W
 4  24.6  26.6  11:30p  21.7  12:30a  40.4   0.0  0.00  10.5  35.0  11:30a     W
 5  29.0  39.0   5:00p  23.8   7:00a  36.0   0.0  0.00   4.7  19.0   3:00a   WNW
 6  32.2  37.4   1:00p  25.6   2:30a  32.8   0.0  0.00   7.8  28.0  11:30a   ENE
 7  31.8  36.4  12:00p  27.7  12:00m  33.2   0.0  0.10   5.8  16.0   2:30a    NW
 8  31.2  38.9   4:30p  26.1   5:30a  33.8   0.0  0.12   8.7  26.0   4:00p   WNW
 9  34.9  48.5   4:30p  24.6   6:30a  30.1   0.0  0.00   4.9  13.0   5:00a   WSW
10  37.7  52.0   4:30p  23.7   8:00a  26.1   0.0  0.00   2.6  10.0   2:00p     E
11  39.6  50.5  11:00p  32.9   8:00a  25.4   0.0  0.00   3.9  23.0  10:00p     E
12  41.8  51.3   5:30a  35.1  12:00m  23.2   0.0  0.79   5.8  22.0   5:30a     W
13  33.4  40.3   2:30p  27.9  12:00m  31.6   0.0  0.01   6.2  21.0  10:30p     W
14  22.7  27.9  12:30a  17.7  11:30a  42.3   0.0  0.00  12.8  32.0  10:30a     W
15  27.1  33.5   6:00p  16.3   6:30a  37.9   0.0  0.01   8.1  28.0   9:00p    SW
16  24.6  30.4   1:30p  15.7   7:30a  40.4   0.0  0.00   4.9  24.0  12:30a     W
17  22.2  29.6   3:30p  15.0   5:00a  42.8   0.0  0.00   7.4  25.0   2:00p     W
18  22.7  32.5   3:30p  10.2   6:30a  42.3   0.0  0.04   8.5  25.0  12:00m     E
19  28.3  33.3   5:30p  23.8  12:00m  36.7   0.0  0.23   8.7  25.0   7:00p     E
20  24.7  31.6   1:00p  16.6  12:00m  40.4   0.0  0.00   9.6  29.0   1:00p   WSW
21  23.3  32.5   4:00p  15.5   7:00a  41.7   0.0  0.00   7.4  20.0   3:30a    SW
22  25.9  31.2   2:30p  17.1   1:00a  39.1   0.0  0.00   9.1  29.0   5:00p    SW
23  30.5  36.5   4:00p  26.9   7:00a  34.5   0.0  0.00  12.0  30.0   4:00p     W
24  33.3  40.8   3:30p  29.0   3:00a  31.7   0.0  0.00   5.6  20.0  12:30a     W
25  33.8  39.7   4:00p  27.4   4:00a  31.2   0.0  0.00   4.6  17.0   1:00p     E
26  37.3  44.1   3:30p  32.5   4:00a  27.7   0.0  0.00   6.2  20.0  12:00m     W
27  36.4  43.9   3:30p  29.2   5:30a  28.6   0.0  0.00   7.5  24.0   2:00p     W
28  37.5  44.0   4:00p  33.1   7:00a  27.5   0.0  0.00   7.3  22.0   7:30p     W
29  37.5  43.4   4:30p  32.6   5:30a  27.5   0.0  0.00   6.0  19.0  10:00a     W
30  39.8  48.8   5:00p  32.6   6:30a  25.2   0.0  0.00   5.2  19.0   1:00p     W
31  40.1  53.2   2:30p  28.7   7:00a  24.9   0.0  0.03   4.8  28.0   2:30p     S
-------------------------------------------------------------------------------------
    31.0  53.2    31    10.2    18  1052.8   0.0  1.33   7.1  35.0     4       W

Max >=  90.0:  0
Max <=  32.0:  8
Min <=  32.0: 25
Min <=   0.0:  0
Max Rain: 0.79 ON 03/12/13
Days of Rain: 6 (>.01 in) 3 (>.1 in) 0 (>1 in)
Heat Base:  65.0  Cool Base:  65.0  Method: Integration