NOAA-Style Climate Report Archive

for Hessville, NY - Since March 2004

(Reports Generated by WeatherLink)

Report for 2013 February
                   MONTHLY CLIMATOLOGICAL SUMMARY for FEB. 2013

NAME: Indian Trail Weather   CITY: Hessville   STATE: New York 
ELEV:  1041 ft  LAT:  42° 51' 52" N  LONG:  74° 43' 15" W

                   TEMPERATURE (°F), RAIN  (in), WIND SPEED (mph)

                                      HEAT  COOL        AVG
    MEAN                              DEG   DEG         WIND                 DOM
DAY TEMP  HIGH   TIME   LOW    TIME   DAYS  DAYS  RAIN  SPEED HIGH   TIME    DIR
------------------------------------------------------------------------------------
 1  18.6  22.2   1:30p  15.1  12:00m  46.4   0.0  0.01  11.4  36.0   1:00p   WSW
 2  16.0  22.6  12:00p   7.3   7:00a  49.0   0.0  0.00   5.7  20.0   8:30a    SW
 3  17.4  26.5   2:30p   8.1   6:30a  47.6   0.0  0.00   2.4  11.0   1:00p   SSW
 4  16.5  20.5   1:00p  10.0  10:30p  48.5   0.0  0.00   8.0  24.0   1:00p   WSW
 5  18.1  25.0   2:00p  11.2   8:30a  46.9   0.0  0.00   1.6   8.0  11:30a   WSW
 6  22.2  29.4  11:30a  13.8  12:00m  42.8   0.0  0.00   8.4  31.0  12:30p     W
 7  17.3  23.3   2:00p  10.1   5:00a  47.7   0.0  0.00   5.9  18.0   3:30p   ENE
 8  22.1  25.7   1:30p  18.1   2:30a  42.9   0.0  0.32   9.0  25.0   2:30p     E
 9  16.9  23.9   2:30a   8.3  12:00m  48.1   0.0  0.19   9.8  31.0  12:00p   WNW
10  16.3  25.9   3:30p   6.7   7:30a  48.7   0.0  0.00   4.6  19.0   1:30a   WSW
11  29.8  43.4   4:30p  17.1   1:00a  35.2   0.0  0.03   3.9  24.0   7:30p     W
12  32.5  34.6   5:00a  29.4  10:30p  32.5   0.0  0.00  12.4  37.0   2:00p   WSW
13  30.8  38.6   3:00p  26.2   7:30p  34.2   0.0  0.00   3.9  16.0   1:00a   WSW
14  29.6  39.5   4:00p  21.2   4:30a  35.4   0.0  0.00   3.4  12.0   7:00a   WSW
15  36.4  41.0   2:30p  28.8  12:00m  28.6   0.0  0.00   9.3  29.0  10:30a   SSW
16  24.4  29.1  12:30a  19.9  12:00m  40.6   0.0  0.00   5.9  16.0   2:30a     W
17  14.1  19.9  12:30a  10.4  12:00m  50.9   0.0  0.00  11.8  36.0   2:30p   WNW
18  14.0  23.6   4:00p   5.0   5:00a  51.0   0.0  0.00   7.7  28.0   3:00a     W
19  25.1  35.7   8:30p  15.2   4:00a  39.9   0.0  0.08   3.7  26.0   9:30p     E
20  22.7  28.8  12:30a  19.9  11:30p  42.3   0.0  0.00  13.5  38.0   9:30a   WSW
21  16.0  19.9  12:30a  13.2  10:30a  49.0   0.0  0.00  11.2  32.0   4:00a     W
22  25.1  32.6   3:30p  13.2   3:30a  39.9   0.0  0.00   5.7  21.0   4:00a   ESE
23  32.5  34.8   9:30p  29.6   5:00a  32.5   0.0  0.09   2.1  13.0   2:00a     E
24  31.5  34.8   1:30a  28.8   8:00p  33.5   0.0  0.00   6.2  25.0   8:00p     W
25  32.2  38.0   3:30p  27.6  12:00m  32.8   0.0  0.00   5.0  15.0   3:30p   WNW
26  31.7  40.6   2:30p  20.5   7:00a  33.3   0.0  0.00   7.7  31.0  10:00p     E
27  32.3  34.5   3:00p  29.2   2:30a  32.7   0.0  0.54   9.9  36.0   1:30a     E
28  34.2  39.3  12:00p  31.0  11:00p  30.8   0.0  0.08   2.5  11.0   5:00p     W
-------------------------------------------------------------------------------------
    24.2  43.4    11     5.0    18  1143.7   0.0  1.34   6.9  38.0    20     WSW

Max >=  90.0:  0
Max <=  32.0: 15
Min <=  32.0: 28
Min <=   0.0:  0
Max Rain: 0.54 ON 02/27/13
Days of Rain: 7 (>.01 in) 3 (>.1 in) 0 (>1 in)
Heat Base:  65.0  Cool Base:  65.0  Method: Integration