NOAA-Style Climate Report Archive

for Hessville, NY - Since March 2004

(Reports Generated by WeatherLink)

Report for 2013 January
                   MONTHLY CLIMATOLOGICAL SUMMARY for JAN. 2013

NAME: Indian Trail Weather   CITY: Hessville   STATE: New York 
ELEV:  1041 ft  LAT:  42° 51' 52" N  LONG:  74° 43' 15" W

                   TEMPERATURE (°F), RAIN  (in), WIND SPEED (mph)

                                      HEAT  COOL        AVG
    MEAN                              DEG   DEG         WIND                 DOM
DAY TEMP  HIGH   TIME   LOW    TIME   DAYS  DAYS  RAIN  SPEED HIGH   TIME    DIR
------------------------------------------------------------------------------------
 1  22.4  32.0   2:30a  12.7   8:00p  42.6   0.0  0.00  10.0  32.0   3:30p     W
 2  15.3  23.3   1:30p   3.7  11:00p  49.7   0.0  0.00   8.9  29.0   8:00a    SW
 3   8.5  27.0  12:00m  -5.4   4:30a  56.5   0.0  0.01   2.2  20.0  10:30p    SW
 4  29.4  34.9   1:30p  24.3   7:00p  35.6   0.0  0.00  10.6  36.0  11:30a   WSW
 5  29.1  32.5   2:30p  22.2  11:30p  35.9   0.0  0.00   8.5  31.0   2:00a   WSW
 6  32.4  39.4   2:30p  23.3  12:30a  32.6   0.0  0.00   6.2  24.0  11:00a    SW
 7  24.7  35.2   2:00a  12.4  11:30p  40.3   0.0  0.00   5.6  23.0   4:30a     W
 8  28.2  39.6   3:30p  14.0  12:30a  36.8   0.0  0.00   4.7  20.0   6:30a    SW
 9  30.9  45.6   3:30p  18.0   8:00a  34.1   0.0  0.00   7.5  47.0  11:00p    SW
10  33.6  38.6  12:30a  25.8  12:00m  31.4   0.0  0.00   9.4  39.0   2:30a     W
11  29.0  33.2  11:30p  23.4   1:30a  36.0   0.0  0.16   2.7  10.0  11:00a   ENE
12  35.5  43.3   2:00p  32.7  12:30a  29.5   0.0  0.00   1.4   7.0   4:00p     S
13  36.4  39.3  11:00p  34.6   6:30a  28.6   0.0  0.00   1.8   9.0   2:00p   ESE
14  36.1  47.6   5:30a  30.4  12:00m  28.9   0.0  0.00   7.4  33.0   6:30a     W
15  29.6  31.7   1:00p  27.7   9:30p  35.4   0.0  0.00   3.6  12.0   5:30a     W
16  28.5  32.1  11:00p  25.4   5:00a  36.5   0.0  0.08   3.8  20.0   9:00p   ENE
17  26.5  33.2  10:30a  17.3  12:00m  38.5   0.0  0.00   9.0  29.0  12:00p   WSW
18  15.7  25.2  12:00m   8.2   7:00a  49.3   0.0  0.00   4.8  20.0  10:00p     W
19  38.0  46.1  11:00p  20.0   1:30a  27.0   0.0  0.00  11.8  37.0  12:00p    SW
20  33.1  45.4  12:30a  17.1  12:00m  31.9   0.0  0.03  15.3  43.0  11:30a   SSW
21  17.1  23.8   1:00p   9.2   8:00a  47.9   0.0  0.05   3.9  17.0  12:30a   WSW
22  10.6  14.4   3:00a   5.3  12:00m  54.4   0.0  0.00  10.8  28.0   2:30p   WSW
23   1.3   7.0   3:00p  -5.2   7:00a  63.7   0.0  0.00   5.4  22.0   3:00p    SW
24   4.3  11.3   8:30p  -5.7   3:30a  60.7   0.0  0.00   8.4  28.0   2:30p     W
25   8.5  14.2  12:30p   1.4   6:30a  56.5   0.0  0.02   3.2  22.0  12:30a     E
26   9.8  16.5   1:00p   4.5   5:30a  55.2   0.0  0.00   6.6  23.0   3:00p     W
27  15.5  22.9   2:30p   7.3   7:30a  49.5   0.0  0.00   5.3  18.0   1:00a     W
28  19.7  25.0  12:00m  16.4   1:00a  45.3   0.0  0.12   2.7  13.0  12:30p     E
29  30.7  33.8  12:00p  24.9  12:30a  34.3   0.0  0.30   1.9   9.0   3:30p     E
30  44.7  58.4   2:30p  33.1  12:30a  20.3   0.0  0.25   5.1  34.0   1:00p   SSW
31  34.1  53.0   5:00a  20.5  12:00m  30.9   0.0  0.21  13.7  40.0  10:30a   WSW
-------------------------------------------------------------------------------------
    24.5  58.4    30    -5.7    24  1255.8   0.0  1.23   6.5  47.0     9       W

Max >=  90.0:  0
Max <=  32.0: 13
Min <=  32.0: 28
Min <=   0.0:  3
Max Rain: 0.30 ON 01/29/13
Days of Rain: 9 (>.01 in) 5 (>.1 in) 0 (>1 in)
Heat Base:  65.0  Cool Base:  65.0  Method: Integration