NOAA-Style Climate Report Archive

for Hessville, NY - Since March 2004

(Reports Generated by WeatherLink)

Report for 2013
                            ANNUAL CLIMATOLOGICAL SUMMARY

NAME: Indian Trail Weather  CITY: Hessville   STATE: New York  
ELEV:  1041 ft  LAT:  42° 51' 52" N  LONG:  74° 43' 15" W

               TEMPERATURE (°F), HEAT BASE 65.0, COOL BASE 65.0
                          DEP.  HEAT  COOL                                          
        MEAN  MEAN        FROM  DEG   DEG                        MAX  MAX  MIN  MIN 
 YR MO  MAX   MIN   MEAN  NORM  DAYS  DAYS  HI  DATE  LOW  DATE  >=90 <=32 <=32 <=0 
------------------------------------------------------------------------------------
 13  1  32.4  16.1  24.5   4.0  1256     0  58.4  30  -5.7   24    0   13   28    3
 13  2  30.5  17.7  24.2   0.9  1144     0  43.4  11   5.0   18    0   15   28    0
 13  3  38.4  24.3  31.0  -0.4  1053     0  53.2  31  10.2   18    0    8   25    0
 13  4  54.0  34.0  43.9  -0.4   638     4  73.5  24  22.1    2    0    1   15    0
 13  5  69.3  47.0  58.4   3.1   269    66  88.7  31  31.6   15    0    0    1    0
 13  6  73.9  56.2  64.7   0.7   118   109  89.8  23  44.2    5    0    0    0    0
 13  7  81.6  63.7  72.2   4.3    27   251  91.7  19  45.8   25    3    0    0    0
 13  8  76.7  57.5  66.8   0.4    64   121  84.2  22  47.8    6    0    0    0    0
 13  9  69.8  47.7  58.8  -0.4   241    55  91.2  11  35.5   17    1    0    0    0
 13 10  60.3  42.5  50.9   3.0   445     7  74.6   2  23.0   29    0    0    2    0
 13 11  43.5  26.9  35.1  -2.5   873     0  66.8   1   4.9   30    0    4   19    0
 13 12  33.8  19.3  26.9   0.8  1180     0  64.7  22  -3.5   17    0   15   27    1
------------------------------------------------------------------------------------
        55.5  37.9  46.6   1.1  7308   613  91.7 JUL  -5.7  JAN    4   56  145    4

                                PRECIPITATION (in)

               DEP.   MAX        DAYS OF RAIN 
               FROM   OBS.          OVER
 YR MO  TOTAL  NORM   DAY  DATE .01   .1   1
---------------------------------------------
 13  1  1.23  -1.99  0.30   29    9    5    0
 13  2  1.34  -1.58  0.54   27    7    3    0
 13  3  1.33  -2.78  0.79   12    6    3    0
 13  4  3.45  -0.53  1.33   10   11    5    1
 13  5  4.81   0.49  1.37   29   14    7    2
 13  6 10.34   5.73  2.35   28   15   11    2
 13  7  5.14   0.76  2.33   23   12    8    1
 13  8  2.80  -1.50  1.38   13    7    5    1
 13  9  1.79  -2.16  0.73    2   11    5    0
 13 10  1.68  -2.41  0.48   17   10    4    0
 13 11  1.83  -2.04  0.59   26   11    5    0
 13 12  1.79  -1.55  0.59   29   11    5    0
---------------------------------------------
       37.53 -9.56  2.35  JUN  124   66    7

                                WIND SPEED (mph)
                          DOM
 YR MO   AVG.  HI   DATE  DIR
---------------------------------
 13  1   6.5  47.0    9     W
 13  2   6.9  38.0   20   WSW
 13  3   7.1  35.0    4     W
 13  4   7.3  46.0    7     W
 13  5   5.5  43.0   22    SW
 13  6   5.3  42.0    2    SW
 13  7   4.1  37.0   19    SW
 13  8   4.2  32.0   14    SW
 13  9   4.5  33.0   11    SW
 13 10   5.2  36.0   31    SW
 13 11   7.1  44.0   18     W
 13 12   6.3  43.0   22    SW
---------------------------------
         5.8  47.0  JAN   SW