NOAA-Style Climate Report Archive

for Hessville, NY - Since March 2004

(Reports Generated by WeatherLink)

Report for 2012 December
                   MONTHLY CLIMATOLOGICAL SUMMARY for DEC. 2012

NAME: Indian Trail Weather   CITY: Hessville   STATE: New York 
ELEV:  1041 ft  LAT:  42° 51' 52" N  LONG:  74° 43' 15" W

                   TEMPERATURE (°F), RAIN  (in), WIND SPEED (mph)

                                      HEAT  COOL        AVG
    MEAN                              DEG   DEG         WIND                 DOM
DAY TEMP  HIGH   TIME   LOW    TIME   DAYS  DAYS  RAIN  SPEED HIGH   TIME    DIR
------------------------------------------------------------------------------------
 1  24.9  30.5   9:30p  19.7   6:00a  40.1   0.0  0.00   5.0  16.0   3:30a     E
 2  41.6  50.6  12:30p  29.6   1:00a  23.4   0.0  0.14   5.8  25.0   9:00p    SW
 3  42.7  50.2   2:30a  33.5  10:30p  22.3   0.0  0.00   5.0  24.0   3:00a     W
 4  46.2  60.2  10:30p  34.1   2:00a  18.8   0.0  0.03   5.4  32.0   9:00p   SSW
 5  35.7  47.9  12:30a  24.1  12:00m  29.3   0.0  0.21   9.7  27.0  10:00a     W
 6  25.2  33.9   2:00p  19.1   7:30a  39.8   0.0  0.00   3.5  14.0   1:00a   WNW
 7  29.2  34.5   8:00p  23.5  12:30a  35.8   0.0  0.12   1.3   7.0  10:30a   ESE
 8  37.3  46.9   7:30p  32.4   4:00a  27.7   0.0  0.03   2.5  21.0  10:30p     E
 9  36.5  42.4  12:30a  32.6   8:00a  28.5   0.0  0.00   6.3  26.0   2:00a     E
10  41.1  53.2   4:30p  33.8  12:30a  23.9   0.0  0.58   5.2  24.0   3:30p     E
11  31.6  37.0   2:00a  25.5  12:00m  33.4   0.0  0.00   5.2  21.0  12:30p    NW
12  31.1  40.4   2:30p  22.6   3:30a  33.9   0.0  0.00   4.4  19.0   1:30p    SW
13  33.5  40.5   2:00p  28.8   7:00p  31.5   0.0  0.00   3.0  13.0  12:00m   WSW
14  35.9  43.0   1:00p  28.6   3:00a  29.1   0.0  0.00   7.6  24.0  12:00p    SW
15  33.4  40.7  12:30p  26.2  12:00m  31.6   0.0  0.00   3.9  13.0  11:00p     E
16  29.4  33.4   6:30p  24.9   3:30a  35.6   0.0  0.01   5.8  16.0   8:00p     E
17  34.4  37.6   2:30p  31.8   2:00a  30.6   0.0  0.22   6.0  16.0  10:00p     E
18  38.0  41.8   2:00p  35.4   2:00a  27.0   0.0  0.57   5.6  22.0   5:30p     E
19  35.4  39.5   2:00p  32.2  12:00m  29.6   0.0  0.02  10.2  30.0   5:30a     W
20  30.7  35.4   1:00p  23.9   6:00a  34.3   0.0  0.03   6.5  21.0   1:00p     E
21  35.2  40.5  10:00a  32.6  12:30a  29.8   0.0  0.77  12.3  35.0   5:00a     E
22  28.0  33.6  12:30a  24.4  12:30p  37.0   0.0  0.00  14.2  39.0   5:30p     W
23  30.1  34.1   3:30p  26.6   5:00a  34.9   0.0  0.00   8.6  31.0   1:30a   WSW
24  28.4  33.1   2:00p  25.3  11:30p  36.6   0.0  0.00   4.6  23.0   4:30a     E
25  25.0  30.2   1:30p  14.1  12:00m  40.0   0.0  0.09   4.0  15.0   2:00p     E
26  18.9  23.8   2:00p   7.6   6:00a  46.1   0.0  0.05   7.3  26.0  10:00p     E
27  24.7  28.0   9:30a  20.7   9:30p  40.3   0.0  0.41   9.2  24.0   2:00a     W
28  25.2  27.4   3:30p  21.3  12:30a  39.8   0.0  0.00   8.0  24.0   1:00a   WNW
29  25.2  26.7  12:30a  24.3   4:30p  39.8   0.0  0.24   3.9  23.0  12:00m   ENE
30  19.2  25.7  12:30a  15.9   8:30a  45.8   0.0  0.00  12.3  32.0  12:30p     W
31  27.9  34.0   2:30p  20.5  12:30a  37.1   0.0  0.00   9.7  25.0   7:00a   WSW
-------------------------------------------------------------------------------------
    31.7  60.2     4     7.6    26  1033.4   0.0  3.52   6.5  39.0    22       W

Max >=  90.0:  0
Max <=  32.0:  7
Min <=  32.0: 23
Min <=   0.0:  0
Max Rain: 0.77 ON 12/21/12
Days of Rain: 15 (>.01 in) 9 (>.1 in) 0 (>1 in)
Heat Base:  65.0  Cool Base:  65.0  Method: Integration