NOAA-Style Climate Report Archive

for Hessville, NY - Since March 2004

(Reports Generated by WeatherLink)

Report for 2012 November
                   MONTHLY CLIMATOLOGICAL SUMMARY for NOV. 2012

NAME: Indian Trail Weather   CITY: Hessville   STATE: New York 
ELEV:  1041 ft  LAT:  42° 51' 52" N  LONG:  74° 43' 15" W

                   TEMPERATURE (°F), RAIN  (in), WIND SPEED (mph)

                                      HEAT  COOL        AVG
    MEAN                              DEG   DEG         WIND                 DOM
DAY TEMP  HIGH   TIME   LOW    TIME   DAYS  DAYS  RAIN  SPEED HIGH   TIME    DIR
------------------------------------------------------------------------------------
 1  42.7  44.9   2:00p  40.7  12:30a  22.3   0.0  0.04   6.8  21.0  12:30p     W
 2  39.5  43.2   2:00p  36.9   7:30p  25.5   0.0  0.01   8.9  28.0   1:30p   WNW
 3  37.0  40.7   3:00p  34.8   7:00a  28.0   0.0  0.00  10.3  27.0   3:30p    NW
 4  35.2  37.9   2:30p  32.3  11:30p  29.8   0.0  0.00   7.8  22.0  10:30a    NW
 5  32.3  37.9   1:00p  24.2  12:00m  32.7   0.0  0.00   6.3  24.0  12:30p   NNW
 6  28.8  38.3   2:00p  18.9   7:00a  36.2   0.0  0.00   1.9  12.0   1:30p     W
 7  29.9  35.9   2:30p  22.0   2:30a  35.1   0.0  0.00   1.5  11.0  12:30p   SSE
 8  32.8  38.6   1:00p  29.4  12:00m  32.2   0.0  0.00   9.5  29.0   2:00p    NW
 9  37.4  44.3   3:00p  27.9   2:00a  27.6   0.0  0.00   7.5  25.0  12:00p     W
10  42.0  42.3   3:00a  41.2   1:30a   4.8   0.0  0.00   1.4  14.0   2:00a     W
11   ---   ---     ---   ---     ---   0.0   0.0  0.07   0.0   0.0     ---   ---
12   ---   ---     ---   ---     ---   0.0   0.0  0.00   0.0   0.0     ---   ---
13   ---   ---     ---   ---     ---   0.0   0.0  0.62   0.0   0.0     ---   ---
14
15  30.3  73.5   2:30a  24.7  12:00m  31.8   0.0  0.14   1.1  11.0   2:30a     N
16  32.5  42.3   2:30p  23.3   1:30a  32.5   0.0  0.00   2.5  13.0   8:30p   WSW
17  35.3  45.6   1:00p  26.3  12:00m  29.7   0.0  0.00   3.6  13.0   1:00p   WSW
18  33.8  45.4   2:30p  25.8   3:30a  31.2   0.0  0.00   1.9  11.0   1:30p   ESE
19  34.2  47.1   3:00p  25.0   7:30a  30.8   0.0  0.00   2.0   9.0  10:30a     W
20  36.7  48.0   2:00p  26.3   7:30a  28.3   0.0  0.00   1.8  10.0  12:30p    SW
21  38.8  52.0   3:00p  30.8   8:00a  26.2   0.0  0.00   2.3   9.0   2:00p   SSW
22  39.4  54.1   3:00p  26.8   7:30a  25.6   0.0  0.00   2.4   9.0  11:30a   SSW
23  42.8  60.8   2:00p  29.6   4:00a  22.2   0.0  0.04   6.3  30.0   2:30p   SSW
24  31.9  39.8  12:30a  27.4  11:30p  33.1   0.0  0.00  11.8  38.0   1:30p     W
25  29.4  31.8   2:30p  26.1   6:30a  35.6   0.0  0.00   8.3  25.0   2:30a     W
26  31.9  35.1   1:00p  27.1   9:00p  33.1   0.0  0.01   7.0  23.0   4:00a    SW
27  32.1  38.0   3:30p  28.8   7:30a  32.9   0.0  0.00   2.2   9.0   3:30a   WSW
28  31.7  36.4  12:30p  29.6   4:30a  33.3   0.0  0.00   6.1  24.0   9:00p    SW
29  34.9  42.2   2:30p  27.7   7:30a  30.1   0.0  0.00   8.5  28.0   2:00p   WSW
30  26.2  37.2  12:30a  21.3  12:00m  38.8   0.0  0.00   6.6  16.0   1:00a     E
-------------------------------------------------------------------------------------
    34.6  73.5    15    18.9     6   769.4   0.0  0.93   4.7  38.0    24       W

Max >=  90.0:  0
Max <=  32.0:  1
Min <=  32.0: 21
Min <=   0.0:  0
Max Rain: 0.62 ON 11/13/12
Days of Rain: 5 (>.01 in) 2 (>.1 in) 0 (>1 in)
Heat Base:  65.0  Cool Base:  65.0  Method: Integration