NOAA-Style Climate Report Archive

for Hessville, NY - Since March 2004

(Reports Generated by WeatherLink)

Report for 2012 October
                   MONTHLY CLIMATOLOGICAL SUMMARY for OCT. 2012

NAME: Indian Trail Weather   CITY: Hessville   STATE: New York 
ELEV:  1041 ft  LAT:  42° 51' 52" N  LONG:  74° 43' 15" W

                   TEMPERATURE (°F), RAIN  (in), WIND SPEED (mph)

                                      HEAT  COOL        AVG
    MEAN                              DEG   DEG         WIND                 DOM
DAY TEMP  HIGH   TIME   LOW    TIME   DAYS  DAYS  RAIN  SPEED HIGH   TIME    DIR
------------------------------------------------------------------------------------
 1  55.7  64.9   4:00p  50.8   2:30a   9.3   0.0  0.00   9.1  27.0   2:30a     W
 2  56.1  60.3   2:30p  53.3   4:30a   8.9   0.0  0.04   1.4  12.0  12:30a   ENE
 3  60.7  65.1   5:00p  56.4  12:30a   3.4   0.0  0.11   0.7   6.0   1:00p     E
 4  62.4  68.4   5:30p  54.8  10:30p   2.5   0.3  0.00   1.6  11.0   2:30p   WSW
 5  63.9  75.0   2:00p  53.2   7:00a   3.6   2.5  0.31   4.0  17.0  12:00p   WSW
 6  54.4  62.5   8:00a  43.4  12:00m  10.6   0.0  0.08   6.4  25.0   1:00p   WNW
 7  45.6  53.6   3:00p  41.0   3:30a  19.4   0.0  0.11   3.8  16.0  12:30a   WSW
 8  45.2  52.9   3:00p  37.1  12:00m  19.8   0.0  0.00   2.8  16.0   2:30a     W
 9  46.2  57.4   3:30p  33.5   3:30a  18.8   0.0  0.00   3.1  16.0   1:00p   ESE
10  50.4  59.3   3:30p  41.7  12:00m  14.6   0.0  0.07   5.4  29.0   6:30p   WSW
11  45.3  53.2   3:30p  40.0   7:00a  19.7   0.0  0.00   9.5  30.0   9:00a     W
12  41.6  48.0   3:30a  29.8  11:30p  23.4   0.0  0.11   8.3  26.0   1:00a    NW
13  40.0  50.8   2:30p  26.8   3:00a  25.0   0.0  0.00   3.6  16.0  11:30p   WSW
14  49.8  63.2   9:00p  38.9   3:00a  15.2   0.0  1.13   4.3  32.0   9:00p     E
15  59.2  68.2  12:00p  49.6  12:00m   5.9   0.1  0.01   6.8  29.0   1:00a    SW
16  43.1  50.0  12:30a  35.6  10:30p  21.9   0.0  0.01   8.9  28.0   7:00a   WNW
17  45.9  59.9   3:30p  32.5   7:30a  19.1   0.0  0.00   2.9  13.0   3:00a   ESE
18  50.8  66.7   2:30p  37.0   6:30a  14.3   0.1  0.00   3.7  19.0   1:00p   ESE
19  55.5  60.2   5:00p  51.5   7:00a   8.5   0.0  1.96   3.5  18.0  12:30p   ESE
20  53.9  59.7  11:30a  45.3   9:30p  11.1   0.0  0.03   5.8  25.0   2:30p   WSW
21  51.2  58.4   2:00p  45.0   2:00a  13.8   0.0  0.00  11.3  33.0   3:30p     W
22  53.0  61.3   3:30p  46.8  12:00m  12.0   0.0  0.00   8.5  27.0   1:30p   WNW
23  50.1  57.9   2:00p  43.7   6:30a  14.9   0.0  0.21   3.1  12.0   1:00a   WSW
24  47.7  49.3  12:30a  45.5  11:00a  17.3   0.0  0.00   2.3  11.0   1:30a    SE
25  53.3  63.8   2:30p  48.4   6:00a  11.2   0.0  0.00   2.0  12.0   2:30p     E
26  55.9  62.5   3:30p  50.9   5:30a   9.1   0.0  0.00   1.6  16.0   3:00p   ESE
27  57.2  65.4  12:30p  51.5  11:30p   7.8   0.0  0.00   2.8  14.0   1:30p   ESE
28  52.3  54.9   1:00p  50.5   9:30a  12.7   0.0  0.00   1.9  14.0   1:30p   NNE
29  54.0  59.0  10:30p  50.2   4:00a  11.0   0.0  0.58  12.6  44.0  11:30p    NE
30  54.6  58.8  12:30a  48.4  12:00m  10.4   0.0  0.01  14.2  38.0  12:30p   ESE
31  44.5  50.3   3:30a  40.7  11:30p  20.5   0.0  0.03   4.3  20.0   3:30p   SSW
-------------------------------------------------------------------------------------
    51.6  75.0     5    26.8    13   415.7   3.0  4.80   5.2  44.0    29     WSW

Max >=  90.0:  0
Max <=  32.0:  0
Min <=  32.0:  2
Min <=   0.0:  0
Max Rain: 1.96 ON 10/19/12
Days of Rain: 13 (>.01 in) 8 (>.1 in) 2 (>1 in)
Heat Base:  65.0  Cool Base:  65.0  Method: Integration