NOAA-Style Climate Report Archive

for Hessville, NY - Since March 2004

(Reports Generated by WeatherLink)

Report for 2012 September
                   MONTHLY CLIMATOLOGICAL SUMMARY for SEP. 2012

NAME: Indian Trail Weather   CITY: Hessville   STATE: New York 
ELEV:  1041 ft  LAT:  42° 51' 52" N  LONG:  74° 43' 15" W

                   TEMPERATURE (°F), RAIN  (in), WIND SPEED (mph)

                                      HEAT  COOL        AVG
    MEAN                              DEG   DEG         WIND                 DOM
DAY TEMP  HIGH   TIME   LOW    TIME   DAYS  DAYS  RAIN  SPEED HIGH   TIME    DIR
------------------------------------------------------------------------------------
 1  73.1  81.3   4:00p  61.6  12:00m   0.0   8.2  0.00   5.1  22.0   1:30p     W
 2  67.4  81.2   4:00p  56.4   5:00a   2.8   5.3  0.00   1.6  11.0   6:00a   WSW
 3  65.4  78.2   2:30p  53.6   6:30a   3.3   3.7  0.02   2.4  17.0   4:00p    NW
 4  68.7  75.5   4:00p  61.9   2:30a   0.9   4.6  0.21   1.8  20.0  11:30p   ESE
 5  70.5  79.9   5:30p  62.4  11:30p   0.2   5.7  0.06   5.0  25.0   2:30a    NW
 6  70.3  83.5   2:00p  58.7   5:00a   1.3   6.6  0.01   2.9  14.0  12:00p   WSW
 7  70.8  80.2   4:30p  62.5   5:00a   0.1   5.9  0.00   1.6   8.0   1:30a     S
 8  68.6  81.2   1:30p  57.7  12:00m   1.5   5.1  0.65   9.5  37.0   3:00p   SSW
 9  59.7  69.7  12:30p  51.4   3:30a   5.9   0.6  0.00   4.0  19.0   6:30p     W
10  54.0  62.1   2:30p  44.2  12:00m  11.0   0.0  0.00   5.5  24.0  12:00p     W
11  55.8  71.6   4:00p  41.9   6:30a  10.1   0.9  0.00   3.3  14.0   4:30p   WSW
12  62.7  80.0   3:30p  46.2   6:30a   6.3   4.0  0.00   1.9  13.0   2:00p    SW
13  67.2  81.7   3:30p  53.4   7:00a   3.1   5.4  0.00   2.6  14.0   9:30p    SW
14  67.8  79.7   2:00p  56.4   7:00a   1.7   4.5  0.08   3.9  34.0   9:00p    SW
15  57.2  65.6   4:30p  51.8  10:30p   7.8   0.0  0.23   6.8  22.0  12:30a    NW
16  56.4  66.1   4:00p  48.6   7:00a   8.7   0.1  0.00   4.8  19.0   5:00p   WSW
17  62.7  77.8   3:00p  48.3   5:30a   5.3   3.0  0.00   3.3  16.0   3:00p    SW
18  62.4  72.4   5:00p  55.5  12:00m   3.5   0.8  1.43   4.7  36.0   5:30p    SE
19  52.9  60.6   4:30p  41.0  12:00m  12.1   0.0  0.01   5.2  20.0  10:00a     W
20  52.0  68.0   4:00p  36.3   5:00a  13.3   0.3  0.00   2.9  19.0   1:30p    SW
21  57.8  75.4   3:00p  45.2   4:30a   8.5   1.3  0.01   2.6  18.0   4:00p   SSW
22  60.0  74.0   3:30p  52.0   4:30a   6.3   1.4  0.30   4.8  34.0  12:30p   SSW
23  52.1  60.6   3:00p  42.6  12:00m  12.9   0.0  0.00   6.4  26.0   2:30a    NW
24  48.5  60.3   4:00p  37.6   5:30a  16.5   0.0  0.00   3.8  19.0  11:00a   WSW
25  58.4  69.9   4:00p  45.5   4:30a   7.4   0.8  0.00   7.8  25.0  10:00p    SW
26  60.6  65.4   3:00p  54.8   7:00a   4.4   0.0  0.27   5.1  20.0  10:00a    SW
27  56.8  64.9   3:00p  47.1  12:00m   8.2   0.0  0.00   3.5  15.0   2:00p     N
28  49.4  52.7   2:30p  45.6   7:30a  14.9   0.0  0.82   3.1  11.0   7:30a     E
29  53.4  58.1   3:30p  51.5   2:30a  10.4   0.0  0.06   2.0  16.0   1:00p     N
30  51.8  55.1   4:30p  49.6   7:00p  13.2   0.0  0.40   2.5  18.0   5:00p    NE
-------------------------------------------------------------------------------------
    60.5  83.5     6    36.3    20   201.6  68.2  4.56   4.0  37.0     8     WSW

Max >=  90.0:  0
Max <=  32.0:  0
Min <=  32.0:  0
Min <=   0.0:  0
Max Rain: 1.43 ON 09/18/12
Days of Rain: 12 (>.01 in) 8 (>.1 in) 1 (>1 in)
Heat Base:  65.0  Cool Base:  65.0  Method: Integration