NOAA-Style Climate Report Archive

for Hessville, NY - Since March 2004

(Reports Generated by WeatherLink)

Report for 2012 August
                   MONTHLY CLIMATOLOGICAL SUMMARY for AUG. 2012

NAME: Indian Trail Weather   CITY: Hessville   STATE: New York 
ELEV:  1041 ft  LAT:  42° 51' 52" N  LONG:  74° 43' 15" W

                   TEMPERATURE (°F), RAIN  (in), WIND SPEED (mph)

                                      HEAT  COOL        AVG
    MEAN                              DEG   DEG         WIND                 DOM
DAY TEMP  HIGH   TIME   LOW    TIME   DAYS  DAYS  RAIN  SPEED HIGH   TIME    DIR
------------------------------------------------------------------------------------
 1  72.0  83.7   3:30p  63.6   6:00a   0.0   7.1  0.00   2.1  16.0   2:30p     W
 2  74.1  85.2   5:00p  63.3   4:00a   0.0   9.1  0.00   3.3  16.0   4:00p   WSW
 3  77.5  88.9   4:00p  69.2   4:30a   0.0  12.5  0.00   3.9  18.0   2:30p   WSW
 4  78.9  92.4   4:00p  65.7   5:30a   0.0  13.9  0.00   3.1  22.0  11:00p   SSW
 5  76.6  84.4   4:00p  69.4  11:30p   0.0  11.6  0.14   6.3  29.0   2:30p    SW
 6  68.2  74.8   4:30p  59.9  11:30p   0.8   4.0  0.01   6.0  21.0  11:30a    NW
 7  68.7  83.5   5:30p  53.3   6:00a   2.6   6.3  0.00   2.5  13.0   5:30p     W
 8  72.8  87.9   4:00p  57.1   6:30a   1.3   9.0  0.00   2.3  16.0   3:30p     W
 9  73.9  88.7   2:30p  64.3   6:30a   0.0   8.9  0.08   2.6  24.0   6:00p    SW
10  67.7  72.8   5:30p  64.0   6:00a   0.1   2.7  0.93   3.0  12.0   3:30p     E
11  72.0  83.7   6:00p  64.1   4:00a   0.1   7.0  0.00   3.1  19.0   7:00p     E
12  69.0  77.7   2:00p  61.1   6:00a   0.6   4.7  0.01   3.0  14.0   1:00p   WSW
13  68.3  76.6   6:00p  61.3   6:30a   0.6   3.9  0.00   4.3  20.0  11:30a   WSW
14  68.0  79.7   3:00p  59.4   6:00a   1.2   4.3  0.33   2.3  17.0  11:30p    SW
15  68.6  77.3   3:00p  62.2   6:30a   0.6   4.2  0.13   2.4  17.0   2:00a     W
16  69.7  80.2   4:00p  59.7  12:00m   0.7   5.3  0.00   4.4  18.0   3:00p    NW
17  66.2  78.4   1:30p  59.7  12:30a   1.5   2.7  0.49   5.6  22.0  10:00a   WSW
18  63.0  72.2   4:00p  53.2  11:30p   3.7   1.6  0.00   5.1  19.0   3:00p    NW
19  61.6  75.4   4:30p  48.1   6:30a   6.0   2.6  0.00   2.4  13.0   5:30a     W
20  62.9  74.7  11:30a  51.8   5:30a   4.3   2.1  0.03   2.4  13.0  12:00m   WSW
21  64.5  75.9   5:30p  54.0   6:00a   3.7   3.2  0.00   3.9  16.0  12:30p    NW
22  65.3  79.1   3:00p  51.1   6:30a   4.1   4.3  0.00   2.4  13.0   2:30p   SSW
23  70.5  81.9   3:00p  60.5   7:00a   0.9   6.3  0.00   2.9  16.0   1:00p   WSW
24  70.7  83.5   3:00p  58.1   4:00a   1.4   7.2  0.00   1.9  10.0   1:00p    SW
25  71.4  84.1   3:00p  57.9   6:30a   1.1   7.5  0.00   1.8  16.0   1:00p   WSW
26  70.8  82.9   3:30p  59.3   5:00a   1.1   6.9  0.00   2.2  18.0  12:00m    SW
27  71.6  82.5   4:30p  62.1   7:00a   0.2   6.9  0.73   4.7  26.0  12:30p    SW
28  69.3  76.6  12:00p  60.8  12:00m   0.1   4.4  1.21   5.4  24.0   2:30p    NW
29  61.8  71.7   4:00p  53.9   6:30a   4.6   1.4  0.00   3.1  16.0   1:00p    NW
30  65.5  78.7   5:00p  48.0   6:30a   4.1   4.6  0.00   6.2  24.0  11:30p   WSW
31  74.8  85.6   3:30p  62.8   5:00a   0.1  10.0  0.00   9.0  24.0   1:00a   WSW
-------------------------------------------------------------------------------------
    69.5  92.4     4    48.0    30    45.5 186.2  4.09   3.7  29.0     5     WSW

Max >=  90.0:  1
Max <=  32.0:  0
Min <=  32.0:  0
Min <=   0.0:  0
Max Rain: 1.21 ON 08/28/12
Days of Rain: 9 (>.01 in) 7 (>.1 in) 1 (>1 in)
Heat Base:  65.0  Cool Base:  65.0  Method: Integration