NOAA-Style Climate Report Archive

for Hessville, NY - Since March 2004

(Reports Generated by WeatherLink)

Report for 2012 July
                   MONTHLY CLIMATOLOGICAL SUMMARY for JUL. 2012

NAME: Indian Trail Weather   CITY: Hessville   STATE: New York 
ELEV:  1041 ft  LAT:  42° 51' 52" N  LONG:  74° 43' 15" W

                   TEMPERATURE (°F), RAIN  (in), WIND SPEED (mph)

                                      HEAT  COOL        AVG
    MEAN                              DEG   DEG         WIND                 DOM
DAY TEMP  HIGH   TIME   LOW    TIME   DAYS  DAYS  RAIN  SPEED HIGH   TIME    DIR
------------------------------------------------------------------------------------
 1  75.6  84.6   3:00p  65.9  12:00m   0.0  10.6  0.00   7.4  26.0  12:30p     W
 2  71.3  81.2   4:00p  60.5   6:00a   0.5   6.8  0.00   5.8  26.0   5:00p    NW
 3  74.0  85.0   3:30p  61.0   6:00a   0.3   9.3  0.00   3.9  21.0   1:00p     N
 4  77.9  87.9   3:30p  70.2   4:30a   0.0  12.9  0.00   7.1  19.0   7:30p   WSW
 5  74.6  82.3   4:30p  64.3  12:00m   0.0   9.4  0.00   4.9  20.0   2:00p    NW
 6  76.0  91.1   4:00p  60.0   4:30a   1.0  11.9  0.00   3.5  20.0   3:00p   WSW
 7  73.7  81.0  10:30a  67.2  12:00m   0.0   8.7  0.07   4.2  20.0  11:30a     W
 8  72.0  82.3   3:00p  61.3  12:00m   0.2   7.2  0.00   4.9  26.0   4:30p    NW
 9  69.0  79.3   3:00p  56.4   6:30a   1.6   5.7  0.00   5.0  22.0  12:00p     W
10  68.2  82.3   4:00p  54.6   3:30a   2.6   5.8  0.00   2.9  22.0   4:30p     N
11  71.6  85.2   5:00p  55.2   5:00a   1.8   8.3  0.00   2.4  14.0   1:30p     W
12  76.5  91.3   3:00p  61.4   5:30a   0.3   9.7  0.00   2.8  19.0   3:30p     N
13  84.8  91.3   3:30p  65.7   7:00a   0.0   7.4  0.00   2.3  14.0   2:00p     N
14  77.6  89.6   3:30p  66.9   7:00a   0.0   9.7  0.69   4.0  18.0  12:00m   WSW
15  73.7  80.8  10:30a  67.2   6:00a   0.0   8.7  0.38   3.3  17.0  12:30a   WSW
16  75.6  84.4   4:00p  67.9   4:00a   0.0  10.6  0.01   5.9  22.0   6:30p    NW
17  82.4  94.8   3:30p  71.0   5:30a   0.0  17.4  0.11   8.7  29.0   4:30p   WSW
18  76.1  84.4   3:00p  64.1  12:00m   0.0  11.1  0.00   4.2  20.0   2:30p     N
19  69.8  81.5   3:30p  59.1   5:30a   0.8   5.6  0.00   3.3  17.0   4:00p     N
20  66.0  74.0   3:00p  59.1   5:30a   1.6   2.7  0.00   2.9  14.0  11:30a   ESE
21  69.1  81.3   3:00p  56.8   6:00a   1.9   6.0  0.00   2.1  13.0  10:30p     W
22  75.4  85.8   3:00p  64.4   6:30a   0.0  10.4  0.00   5.3  20.0   3:00p    SW
23  76.1  86.8   1:30p  68.5   6:00a   0.0  11.1  1.01   8.2  32.0   4:00p    SW
24  71.3  81.2  12:30p  63.0  12:00m   0.1   6.5  1.46   7.1  41.0   1:00a    NW
25  68.3  78.9   4:30p  57.1   6:00a   1.4   4.7  0.00   4.5  21.0  11:00a    NW
26  72.8  85.6   4:00p  63.0   6:30a   0.1   8.0  0.22   5.4  21.0   5:30p   WSW
27  72.9  80.8   6:00p  66.1  11:30p   0.0   7.9  0.40   3.2  19.0  12:30a    NW
28  69.1  75.9   5:30p  64.1   3:30a   0.0   4.1  0.44   2.0  12.0   5:30p     N
29  69.8  79.1   5:00p  63.2  12:00m   0.1   4.8  0.70   1.4  14.0   6:30p     N
30  72.1  84.8   5:00p  60.0   6:00a   0.9   8.0  0.01   2.5  21.0  12:00m    SW
31  71.8  79.5   2:00p  64.1   6:30a   0.0   6.9  0.05   3.6  21.0   1:30a    NE
-------------------------------------------------------------------------------------
    73.4  94.8    17    54.6    10    15.2 257.9  5.55   4.3  41.0    24     WSW

Max >=  90.0:  4
Max <=  32.0:  0
Min <=  32.0:  0
Min <=   0.0:  0
Max Rain: 1.46 ON 07/24/12
Days of Rain: 11 (>.01 in) 9 (>.1 in) 2 (>1 in)
Heat Base:  65.0  Cool Base:  65.0  Method: Integration