NOAA-Style Climate Report Archive

for Hessville, NY - Since March 2004

(Reports Generated by WeatherLink)

Report for 2012 June
                   MONTHLY CLIMATOLOGICAL SUMMARY for JUN. 2012

NAME: Indian Trail Weather   CITY: Hessville   STATE: New York 
ELEV:  1041 ft  LAT:  42° 51' 52" N  LONG:  74° 43' 15" W

                   TEMPERATURE (°F), RAIN  (in), WIND SPEED (mph)

                                      HEAT  COOL        AVG
    MEAN                              DEG   DEG         WIND                 DOM
DAY TEMP  HIGH   TIME   LOW    TIME   DAYS  DAYS  RAIN  SPEED HIGH   TIME    DIR
------------------------------------------------------------------------------------
 1  58.3  67.2   1:00p  44.7   4:30a   6.7   0.2  0.04   5.9  24.0   9:00p   ESE
 2  56.6  63.8   3:30p  48.7  12:00m   8.4   0.0  0.70   4.4  25.0   3:30a     N
 3  55.9  66.1  12:30p  46.3   4:00a   9.1   0.0  0.07   4.2  24.0   2:00p   WSW
 4  52.2  58.8   3:30p  49.6  12:00m  12.8   0.0  0.41   4.0  18.0   3:30p     E
 5  54.7  64.4   3:30p  46.3   2:00a  10.3   0.0  0.00   1.9  11.0  10:30a     N
 6  56.4  68.9   3:00p  47.2   5:00a   8.9   0.3  0.01   3.4  22.0   4:30p   WSW
 7  58.0  71.0   2:00p  47.7   2:30a   7.6   0.6  0.00   3.6  16.0   5:00p   WSW
 8  65.2  77.1   2:30p  52.6   2:30a   3.5   3.7  0.00   6.5  25.0   3:30p   WSW
 9  63.2  69.9   4:30p  57.9   6:30a   2.4   0.5  0.00   3.3  14.0   4:00p   WSW
10  70.6  83.7   4:00p  58.8   2:00a   1.2   6.8  0.00   1.4   8.0   9:00a   WSW
11  71.4  82.3   2:30p  61.6   5:30a   0.4   6.3  0.00   3.4  19.0   6:00p    SW
12  63.6  68.5   2:30p  58.5   5:30a   1.8   0.6  0.72   1.7  20.0   6:00p   ESE
13  62.6  71.2   5:00p  56.0   6:00a   3.6   1.2  0.03   6.4  24.0   3:00p    NW
14  62.9  75.5   6:00p  48.9   5:30a   4.9   2.7  0.00   2.3  13.0  11:30a     W
15  65.4  78.2   4:00p  50.5   5:00a   3.8   4.1  0.00   1.6  11.0   1:30p     E
16  68.8  80.0   3:30p  54.2   4:30a   2.4   6.2  0.00   2.6  17.0  11:00p   ESE
17  68.5  78.6   3:30p  55.4   5:00a   1.4   4.9  0.00   3.5  17.0   9:30p   SSW
18  64.6  72.2   6:00p  53.6   6:00a   2.3   1.9  0.00   3.6  14.0   1:00a   ENE
19  72.7  84.6   5:00p  63.5   4:00a   0.3   7.7  0.00   4.0  19.0  11:30p    SW
20  82.1  90.8   2:00p  72.2   5:00a   0.0  14.6  0.00   5.5  17.0   6:30a    NW
21  81.2  90.4   3:30p  72.6   5:00a   0.0  10.8  0.00   4.3  17.0   5:30a   WSW
22  74.5  80.4   2:30p  64.0  12:00m   0.0   6.8  0.00   4.0  19.0   6:00p    NW
23  69.0  78.2   2:00p  58.8  12:00m   0.6   3.9  0.00   5.8  22.0  10:30a    NW
24  69.3  80.4   5:00p  58.4  12:30a   1.6   5.5  0.03   3.9  28.0   7:30p   WSW
25  61.3  69.0  10:30a  53.9  10:30p   4.0   0.2  0.10   6.0  27.0   2:00p    NW
26  58.5  65.7   7:00p  52.9   5:00a   6.5   0.0  0.15   8.1  26.0   4:30p    NW
27  66.2  74.7   5:30p  57.4   6:00a   1.8   3.0  0.00   8.8  31.0   4:30p    NW
28  72.4  84.8   3:30p  60.0   6:30a   0.8   8.2  0.00   5.3  21.0  12:30a     W
29  76.9  86.2   1:30p  67.5   6:00a   0.0  11.9  0.22   6.5  28.0   3:30p     W
30  76.1  86.0   4:00p  65.6   3:00a   0.0  10.9  0.00   7.0  25.0   2:30p   WSW
-------------------------------------------------------------------------------------
    66.0  90.8    20    44.7     1   107.1 123.5  2.48   4.4  31.0    27     WSW

Max >=  90.0:  2
Max <=  32.0:  0
Min <=  32.0:  0
Min <=   0.0:  0
Max Rain: 0.72 ON 06/12/12
Days of Rain: 10 (>.01 in) 5 (>.1 in) 0 (>1 in)
Heat Base:  65.0  Cool Base:  65.0  Method: Integration