NOAA-Style Climate Report Archive

for Hessville, NY - Since March 2004

(Reports Generated by WeatherLink)

Report for 2012 May
                   MONTHLY CLIMATOLOGICAL SUMMARY for MAY. 2012

NAME: Indian Trail Weather   CITY: Hessville   STATE: New York 
ELEV:  1041 ft  LAT:  42° 51' 52" N  LONG:  74° 43' 15" W

                   TEMPERATURE (°F), RAIN  (in), WIND SPEED (mph)

                                      HEAT  COOL        AVG
    MEAN                              DEG   DEG         WIND                 DOM
DAY TEMP  HIGH   TIME   LOW    TIME   DAYS  DAYS  RAIN  SPEED HIGH   TIME    DIR
------------------------------------------------------------------------------------
 1  48.5  55.1   7:00p  43.7   6:00a  16.2   0.0  0.74   2.4  13.0   2:30a   ESE
 2  52.7  57.7   3:30p  48.6   5:30a  12.3   0.0  0.20   4.0  14.0   3:00p     E
 3  55.1  65.1   4:00p  48.6   5:30a   9.9   0.0  0.01   2.9  13.0   4:00p   ESE
 4  61.4  74.0   3:00p  53.2   5:00a   5.4   1.8  0.36   4.5  28.0   1:30a   NNW
 5  57.8  65.6   5:00p  50.8  12:00m   7.2   0.0  0.00   4.0  13.0   3:00p   ESE
 6  55.9  71.0   6:00p  38.9   5:30a   9.9   0.9  0.01   2.7  12.0  12:00p    SE
 7  57.9  69.7   2:00p  46.1   6:30a   7.7   0.6  0.27   5.3  26.0   9:30p   ESE
 8  54.2  61.3   5:00p  48.3   8:00a  10.8   0.0  3.05   4.5  24.0   4:00p   ESE
 9  59.4  68.2   4:00p  53.2  12:00m   5.8   0.2  0.07   2.9  19.0  10:00p    NW
10  48.1  53.0  12:30a  43.3  12:00m  16.5   0.0  0.03  10.0  31.0   9:30p   WNW
11  50.9  60.5   4:00p  41.2   3:00a  14.1   0.0  0.00  10.5  32.0   2:00p     W
12  61.9  75.7   3:30p  45.9   5:00a   6.2   3.1  0.00   6.5  24.0   2:00p     W
13  65.2  75.4   5:00p  56.7   6:00a   2.9   3.1  0.00   4.4  19.0   6:00p   WSW
14  59.3  64.8   4:30p  55.8   3:30a   5.7   0.0  0.79   1.7  12.0   5:30p   ESE
15  60.9  68.2   5:00p  57.0   4:00a   4.4   0.3  1.16   1.7  11.0   4:00p   ESE
16  62.1  78.7   2:00p  48.7  12:00m   5.2   2.4  0.02   4.5  31.0   5:00p   WNW
17  52.1  62.5   4:30p  41.7   5:30a  12.9   0.0  0.00   6.6  24.0  11:00a     W
18  55.2  71.2   6:30p  36.7   5:00a  10.8   0.9  0.00   2.3  11.0  11:30a   WSW
19  64.6  81.0   5:30p  46.5   6:00a   5.1   4.7  0.00   2.0  10.0   4:00p    SW
20  68.8  82.3   4:00p  51.5   6:00a   2.5   6.3  0.00   3.3  17.0  12:30p   SSW
21  62.5  70.7   3:00p  52.1   6:00a   3.4   0.9  0.08   3.1  16.0   2:30p     E
22  64.2  70.7   5:30p  61.0   5:30a   1.7   0.9  0.25   1.5  11.0   4:00p     E
23  67.5  77.3   2:30p  59.6  12:00m   1.2   3.7  0.01   2.4  13.0  11:30a     N
24  66.2  77.5   4:00p  57.1   4:00a   2.3   3.5  0.00   2.2  17.0   5:00p   SSE
25  69.2  79.7   4:00p  58.8   3:30a   1.5   5.7  0.00   6.9  29.0  11:00p    SW
26  72.0  80.0   4:00p  59.7  11:30p   0.2   7.3  0.00   5.7  26.0   1:00a    NW
27  68.1  81.5   4:00p  50.6   6:00a   2.7   5.8  0.00   2.3  11.0   1:30p   WSW
28  72.6  86.4   5:00p  57.6   6:00a   1.2   8.9  0.00   2.9  22.0   1:00p   WSW
29  75.4  89.6   2:30p  63.5  10:00p   0.1  10.6  0.85   7.4  36.0   4:00p   WSW
30  66.7  75.4  11:00a  56.8  12:00m   1.1   2.8  0.04   4.6  20.0   1:30a   WSW
31  60.6  68.4   3:30p  49.9  12:00m   5.1   0.7  0.00   5.1  22.0   1:30p    NW
-------------------------------------------------------------------------------------
    61.2  89.6    29    36.7    18   192.0  75.1  7.94   4.2  36.0    29     WSW

Max >=  90.0:  0
Max <=  32.0:  0
Min <=  32.0:  0
Min <=   0.0:  0
Max Rain: 3.05 ON 05/08/12
Days of Rain: 14 (>.01 in) 9 (>.1 in) 2 (>1 in)
Heat Base:  65.0  Cool Base:  65.0  Method: Integration