NOAA-Style Climate Report Archive

for Hessville, NY - Since March 2004

(Reports Generated by WeatherLink)

Report for 2012 April
                   MONTHLY CLIMATOLOGICAL SUMMARY for APR. 2012

NAME: Indian Trail Weather   CITY: Hessville   STATE: New York 
ELEV:  1041 ft  LAT:  42° 51' 52" N  LONG:  74° 43' 15" W

                   TEMPERATURE (°F), RAIN  (in), WIND SPEED (mph)

                                      HEAT  COOL        AVG
    MEAN                              DEG   DEG         WIND                 DOM
DAY TEMP  HIGH   TIME   LOW    TIME   DAYS  DAYS  RAIN  SPEED HIGH   TIME    DIR
------------------------------------------------------------------------------------
 1  38.5  42.4  12:30p  36.7   9:00p  26.5   0.0  0.13   3.8  14.0  11:00p     W
 2  40.2  50.2   5:00p  33.2   6:30a  24.8   0.0  0.00  10.9  34.0   4:00p    NW
 3  41.5  53.4   4:00p  32.0   2:30a  23.5   0.0  0.00   8.8  25.0  10:00a   WNW
 4  43.6  53.6   1:30p  35.6  12:00m  21.4   0.0  0.05   9.6  35.0   4:30p     W
 5  36.0  43.2   4:30p  31.3   9:00p  29.0   0.0  0.00   9.0  24.0   2:00p    NW
 6  38.5  47.8   3:30p  29.6   5:00a  26.5   0.0  0.00   9.2  27.0   5:30p   NNW
 7  42.6  52.3   2:30p  31.0   4:30a  22.4   0.0  0.00  10.8  31.0  12:30p   NNW
 8  44.2  54.0   3:30p  30.1   6:30a  20.8   0.0  0.00  10.0  39.0  11:00p   WNW
 9  42.9  48.1   6:30p  36.4   5:30a  22.1   0.0  0.01  14.8  39.0  12:30a   WNW
10  43.6  51.2   3:00p  38.3  12:00m  21.4   0.0  0.00  10.5  29.0   1:30a     W
11  39.6  48.0   1:30p  33.8   6:30a  25.4   0.0  0.13   6.3  25.0   2:00p     W
12  43.4  52.3   3:00p  38.0  12:00m  21.6   0.0  0.03   7.9  30.0   4:00p    NW
13  45.7  58.2   4:00p  33.5   4:00a  19.3   0.0  0.00   7.5  22.0   2:30p   WSW
14  53.6  66.7   2:30p  38.1   6:30a  11.4   0.1  0.00   6.0  21.0  11:00p     W
15  58.8  64.4   4:00p  52.9   6:00a   6.2   0.0  0.05   7.1  20.0   2:00p   WSW
16  71.5  85.8   3:30p  54.8   3:30a   2.5   9.0  0.00   8.0  29.0   3:30p    SW
17  54.2  66.5  12:30a  39.4  12:00m  10.8   0.0  0.00  10.4  32.0   4:00a   WNW
18  42.6  53.9   5:00p  32.3   6:30a  22.4   0.0  0.00   4.1  13.0  12:30a     N
19  53.8  71.2   3:30p  32.0   6:30a  12.4   1.3  0.00   3.9  19.0   1:00p   WSW
20  64.5  77.7   2:30p  48.9   3:30a   4.6   4.1  0.00   7.6  25.0   1:00p   SSW
21  52.5  63.6  11:00a  42.0  12:00m  12.5   0.0  0.33   5.8  27.0   7:30p   WNW
22  41.4  46.5   3:30p  37.6  12:00m  23.6   0.0  0.92   4.8  14.0   7:30p     E
23  42.6  53.6   3:30p  37.4  12:30a  22.4   0.0  0.92   6.4  26.0   3:30p     E
24  39.5  45.8   2:30p  35.4   5:00a  25.5   0.0  0.25  10.5  37.0  11:30a    SW
25  41.0  47.2   1:00p  34.8   6:30a  24.0   0.0  0.05   9.1  27.0   1:30p     W
26  42.8  54.6  11:30a  28.6   6:00a  22.2   0.0  0.09   4.3  30.0  11:00p    NE
27  36.2  43.7  12:30a  32.9   9:30a  28.8   0.0  0.01  13.8  35.0   3:30a   WNW
28  37.9  48.4   5:00p  27.9   6:00a  27.1   0.0  0.00   9.1  25.0   2:00a    NW
29  41.7  51.7   3:00p  30.8   3:00a  23.3   0.0  0.00   9.1  33.0   1:30p    NW
30  46.7  60.5   3:30p  30.7   5:30a  18.3   0.0  0.10   4.4  14.0   2:30a     E
-------------------------------------------------------------------------------------
    45.4  85.8    16    27.9    28   602.7  14.5  3.07   8.1  39.0     8     WNW

Max >=  90.0:  0
Max <=  32.0:  0
Min <=  32.0: 10
Min <=   0.0:  0
Max Rain: 0.92 ON 04/22/12
Days of Rain: 12 (>.01 in) 6 (>.1 in) 0 (>1 in)
Heat Base:  65.0  Cool Base:  65.0  Method: Integration