NOAA-Style Climate Report Archive

for Hessville, NY - Since March 2004

(Reports Generated by WeatherLink)

Report for 2012 February
                   MONTHLY CLIMATOLOGICAL SUMMARY for FEB. 2012

NAME: Indian Trail Weather   CITY: Hessville   STATE: New York 
ELEV:  1041 ft  LAT:  42° 51' 52" N  LONG:  74° 43' 15" W

                   TEMPERATURE (°F), RAIN  (in), WIND SPEED (mph)

                                      HEAT  COOL        AVG
    MEAN                              DEG   DEG         WIND                 DOM
DAY TEMP  HIGH   TIME   LOW    TIME   DAYS  DAYS  RAIN  SPEED HIGH   TIME    DIR
------------------------------------------------------------------------------------
 1  44.6  50.9   2:00p  36.4  12:00m  20.4   0.0  0.24  13.8  34.0   4:00p   WSW
 2  30.6  36.4  12:30a  23.3  12:00m  34.4   0.0  0.00   7.0  25.0  12:30a   NNW
 3  27.8  34.1  12:30p  18.4   5:00a  37.2   0.0  0.00   6.8  21.0  11:30a     W
 4  30.3  33.8   1:30a  20.9  11:00p  34.7   0.0  0.02   6.3  20.0   1:30a   WNW
 5  24.0  31.4   3:30p  17.3   5:30a  41.0   0.0  0.00   6.9  19.0  12:30p     W
 6  37.1  49.9   4:00p  26.8  12:30a  27.9   0.0  0.00   7.9  24.0  11:00a     W
 7  32.0  37.7  12:30a  18.2  12:00m  33.0   0.0  0.00   6.9  20.0   5:30a   WNW
 8  25.1  32.6   1:00p  15.3   3:30a  39.9   0.0  0.00   2.7  13.0  12:30p   WSW
 9  30.9  40.9   3:30p  25.4   5:30a  34.1   0.0  0.00   7.4  20.0  10:30a     W
10  30.3  37.1   1:30p  24.2   5:00a  34.7   0.0  0.00   5.8  18.0   8:30a   WSW
11  26.3  34.4  11:00a   8.7  12:00m  38.7   0.0  0.00   5.7  27.0  10:00p    NW
12  12.0  18.7   3:00p   6.8   3:30a  53.0   0.0  0.00   8.6  36.0   3:30p   WNW
13  28.9  37.6   3:00p  15.8  12:30a  36.1   0.0  0.00  11.1  32.0   9:00a     W
14  30.8  36.0  12:30p  23.4   2:00a  34.2   0.0  0.00   3.4  16.0  11:30a   SSW
15  34.0  37.7   1:00p  30.4   5:30a  31.0   0.0  0.00   3.3  17.0   1:00p   ENE
16  31.1  35.4  11:00a  23.7   4:30a  33.9   0.0  0.14   1.9   8.0  12:30p     E
17  35.4  40.7  11:30a  30.7  12:00m  29.6   0.0  0.06   8.0  26.0  11:30p     W
18  31.6  37.3   3:30p  26.7   5:30a  33.4   0.0  0.05   7.6  22.0   2:30a   WSW
19  28.0  33.5  12:30p  20.1   7:00a  37.0   0.0  0.00   5.6  16.0  12:30a    NW
20  26.1  34.2   3:00p  20.6   6:00a  38.9   0.0  0.00   8.0  21.0   2:00p   WNW
21  29.5  40.7   1:30p  15.0   7:00a  35.5   0.0  0.00   4.4  29.0   7:00p   SSW
22  41.5  49.3   2:00p  37.6   9:30p  23.5   0.0  0.05  11.0  30.0   4:30p   WSW
23  36.1  45.5   2:00a  28.8  11:00p  28.9   0.0  0.03   6.8  28.0   2:30a   WNW
24  32.9  39.0   9:00p  29.8  12:30a  32.1   0.0  0.32   7.4  41.0  10:30p   ESE
25  28.7  36.1  12:30a  23.3  12:00m  36.3   0.0  0.05  18.4  41.0   1:30a   WNW
26  22.3  29.8   3:30p  15.7   7:00a  42.7   0.0  0.00   8.1  32.0   1:00a   WNW
27  29.9  46.8   3:00p  16.0   4:30a  35.1   0.0  0.00   5.0  36.0   8:00p    SW
28  30.4  34.1   2:30p  24.6  11:00p  34.6   0.0  0.00  10.3  36.0   4:00a     W
29  28.0  31.0  12:00m  26.1  12:30a  37.0   0.0  0.25   6.3  18.0   6:30p     E
-------------------------------------------------------------------------------------
    30.2  50.9     1     6.8    12  1008.8   0.0  1.21   7.3  41.0    24     WNW

Max >=  90.0:  0
Max <=  32.0:  4
Min <=  32.0: 27
Min <=   0.0:  0
Max Rain: 0.32 ON 02/24/12
Days of Rain: 10 (>.01 in) 4 (>.1 in) 0 (>1 in)
Heat Base:  65.0  Cool Base:  65.0  Method: Integration