NOAA-Style Climate Report Archive

for Hessville, NY - Since March 2004

(Reports Generated by WeatherLink)

Report for 2012 January
                   MONTHLY CLIMATOLOGICAL SUMMARY for JAN. 2012

NAME: Indian Trail Weather   CITY: Hessville   STATE: New York 
ELEV:  1041 ft  LAT:  42° 51' 52" N  LONG:  74° 43' 15" W

                   TEMPERATURE (°F), RAIN  (in), WIND SPEED (mph)

                                      HEAT  COOL        AVG
    MEAN                              DEG   DEG         WIND                 DOM
DAY TEMP  HIGH   TIME   LOW    TIME   DAYS  DAYS  RAIN  SPEED HIGH   TIME    DIR
------------------------------------------------------------------------------------
 1  41.2  50.1   2:30p  34.9   8:00a  23.3   0.0  0.02   7.4  39.0  11:30p    SW
 2  29.9  36.8  12:30a  19.5  12:00m  35.1   0.0  0.00  12.9  34.0  12:30p     W
 3   9.8  19.5   1:00a   2.0  12:00m  55.2   0.0  0.01   9.0  28.0   1:00p    NW
 4  11.2  21.5  10:00p   1.4   3:30a  53.8   0.0  0.00   3.8  18.0  11:30a   WSW
 5  24.4  29.3  11:30a  20.4  12:30a  40.6   0.0  0.00   9.1  33.0   1:00p   WSW
 6  33.6  46.6   1:30p  18.5   8:00a  31.4   0.0  0.00   3.6  20.0  10:00a   WSW
 7  40.8  46.4   3:00p  34.8  10:30p  24.2   0.0  0.00   7.9  26.0   6:00p     W
 8  28.2  35.2  12:30a  17.8  12:00m  36.8   0.0  0.00   8.7  28.0   2:00p   WNW
 9  29.5  39.5   2:30p  18.2  12:30a  35.5   0.0  0.00   6.9  32.0  10:00p    SW
10  34.3  37.9  12:30p  31.7   3:00a  30.7   0.0  0.00  10.4  26.0   3:30p   WNW
11  30.7  38.1   2:30p  24.0   5:00a  34.3   0.0  0.07   2.8  16.0  12:00m   ESE
12  30.5  31.4  11:30p  28.7   3:00a  34.5   0.0  0.90   2.6  17.0   1:00p     E
13  26.2  32.4   8:30a  19.2   4:30p  38.8   0.0  0.12  13.4  39.0   1:30p   WSW
14  14.5  23.5  12:30a  -2.6  12:00m  50.5   0.0  0.00   9.9  28.0  12:30a    NW
15   0.3   8.0   3:00p  -7.5   6:30a  64.7   0.0  0.00   7.5  22.0   1:00p     W
16   8.8  29.3  11:30p  -5.8   5:30a  56.2   0.0  0.07   2.6  14.0  10:00p    SW
17  31.4  48.1  10:30p  22.5   2:00a  33.6   0.0  0.49   5.4  48.0  12:00m   ESE
18  21.0  42.0  12:30a   6.3  12:00m  44.0   0.0  0.00  13.7  42.0  12:30a     W
19  14.3  25.9   4:00p   1.8   7:30a  50.7   0.0  0.00   3.4  21.0   5:00p    SW
20  16.2  25.8  12:30a  11.0  10:00p  48.8   0.0  0.01   8.5  28.0  10:00a     W
21  10.9  16.8   4:00p   4.5  11:30p  54.1   0.0  0.08   3.6  12.0   3:00a     E
22  11.9  21.9  12:00m   0.3   5:00a  53.1   0.0  0.00   1.5  10.0   7:30p     W
23  32.3  47.1  10:30p  21.9  12:30a  32.7   0.0  0.03   2.7  26.0  10:30p   ESE
24  36.4  46.2   1:00a  31.6  11:00p  28.6   0.0  0.00   7.4  30.0  12:00m     N
25  29.4  31.9  12:30a  28.0  11:00p  35.6   0.0  0.00  10.2  33.0   3:00a   WNW
26  28.5  32.3  11:00a  22.7   7:30a  36.5   0.0  0.48   2.9  13.0   3:00p     E
27  33.9  40.1   2:30p  31.7  12:30a  31.1   0.0  1.26   7.1  37.0   7:00p   WNW
28  34.7  41.9   4:00p  29.8  11:30p  30.3   0.0  0.05   9.4  37.0   7:30p   WNW
29  30.7  36.0   1:30p  25.1   5:30a  34.3   0.0  0.00  12.4  33.0   2:30a   WSW
30  25.0  33.5   1:00a  18.9   7:00p  40.0   0.0  0.08   6.9  34.0   3:00a   WNW
31  36.0  50.6  12:00m  21.9  12:30a  29.0   0.0  0.01   4.0  25.0  11:00p   ENE
-------------------------------------------------------------------------------------
    25.4  50.6    31    -7.5    15  1228.0   0.0  3.68   7.0  48.0    17     WNW

Max >=  90.0:  0
Max <=  32.0: 12
Min <=  32.0: 29
Min <=   0.0:  3
Max Rain: 1.26 ON 01/27/12
Days of Rain: 12 (>.01 in) 5 (>.1 in) 1 (>1 in)
Heat Base:  65.0  Cool Base:  65.0  Method: Integration