NOAA-Style Climate Report Archive

for Hessville, NY - Since March 2004

(Reports Generated by WeatherLink)

Report for 2012
                            ANNUAL CLIMATOLOGICAL SUMMARY

NAME: Indian Trail Weather  CITY: Hessville   STATE: New York  
ELEV:  1041 ft  LAT:  42° 51' 52" N  LONG:  74° 43' 15" W

               TEMPERATURE (°F), HEAT BASE 65.0, COOL BASE 65.0
                          DEP.  HEAT  COOL                                          
        MEAN  MEAN        FROM  DEG   DEG                        MAX  MAX  MIN  MIN 
 YR MO  MAX   MIN   MEAN  NORM  DAYS  DAYS  HI  DATE  LOW  DATE  >=90 <=32 <=32 <=0 
------------------------------------------------------------------------------------
 12  1  34.4  17.2  25.4   4.9  1228     0  50.6  31  -7.5   15    0   12   29    3
 12  2  37.3  22.4  30.2   6.9  1009     0  50.9   1   6.8   12    0    4   27    0
 12  3  53.6  33.9  43.6  12.2   678    15  78.0  21  12.0    6    0    2   13    0
 12  4  55.2  35.9  45.4   1.1   603    15  85.8  16  27.9   28    0    0   10    0
 12  5  71.6  51.1  61.2   5.9   192    75  89.6  29  36.7   18    0    0    0    0
 12  6  75.6  56.2  66.0   2.0   107   124  90.8  20  44.7    1    2    0    0    0
 12  7  83.7  62.9  73.4   5.5    15   258  94.8  17  54.6   10    4    0    0    0
 12  8  80.7  59.3  69.5   3.1    45   186  92.4   4  48.0   30    1    0    0    0
 12  9  71.1  50.7  60.5   1.3   202    68  83.5   6  36.3   20    0    0    0    0
 12 10  59.4  44.3  51.6   3.7   416     3  75.0   5  26.8   13    0    0    2    0
 12 11  43.6  28.3  34.6  -3.0   769     0  73.5  15  18.9    6    0    1   21    0
 12 12  38.0  25.7  31.7   5.6  1033     0  60.2   4   7.6   26    0    7   23    0
------------------------------------------------------------------------------------
        58.9  40.9  49.7   4.1  6297   744  94.8 JUL  -7.5  JAN    7   26  125    3

                                PRECIPITATION (in)

               DEP.   MAX        DAYS OF RAIN 
               FROM   OBS.          OVER
 YR MO  TOTAL  NORM   DAY  DATE .01   .1   1
---------------------------------------------
 12  1  3.68   0.46  1.26   27   12    5    1
 12  2  1.21  -1.71  0.32   24   10    4    0
 12  3  2.20  -1.91  0.73    8   10    6    0
 12  4  3.07  -0.91  0.92   22   12    6    0
 12  5  7.94   3.62  3.05    8   14    9    2
 12  6  2.48  -2.13  0.72   12   10    5    0
 12  7  5.55   1.17  1.46   24   11    9    2
 12  8  4.09  -0.21  1.21   28    9    7    1
 12  9  4.56   0.61  1.43   18   12    8    1
 12 10  4.80   0.71  1.96   19   13    8    2
 12 11  0.93  -2.94  0.62   13    5    2    0
 12 12  3.52   0.18  0.77   21   15    9    0
---------------------------------------------
       44.03 -3.06  3.05  MAY  133   78    9

                                WIND SPEED (mph)
                          DOM
 YR MO   AVG.  HI   DATE  DIR
---------------------------------
 12  1   7.0  48.0   17   WNW
 12  2   7.3  41.0   24   WNW
 12  3   6.5  44.0    8     W
 12  4   8.1  39.0    8   WNW
 12  5   4.2  36.0   29   WSW
 12  6   4.4  31.0   27   WSW
 12  7   4.3  41.0   24   WSW
 12  8   3.7  29.0    5   WSW
 12  9   4.0  37.0    8   WSW
 12 10   5.2  44.0   29   WSW
 12 11   4.7  38.0   24     W
 12 12   6.5  39.0   22     W
---------------------------------
         5.5  48.0  JAN    W