NOAA-Style Climate Report Archive

for Hessville, NY - Since March 2004

(Reports Generated by WeatherLink)

Report for 2011 December
                   MONTHLY CLIMATOLOGICAL SUMMARY for DEC. 2011

NAME: Indian Trail Weather   CITY: Hessville   STATE: New York 
ELEV:  1041 ft  LAT:  42° 51' 52" N  LONG:  74° 43' 15" W

                   TEMPERATURE (°F), RAIN  (in), WIND SPEED (mph)

                                      HEAT  COOL        AVG
    MEAN                              DEG   DEG         WIND                 DOM
DAY TEMP  HIGH   TIME   LOW    TIME   DAYS  DAYS  RAIN  SPEED HIGH   TIME    DIR
------------------------------------------------------------------------------------
 1  31.4  39.6   2:30p  24.8   7:00a  33.6   0.0  0.00   6.2  25.0   1:30a    NW
 2  31.9  41.5  12:30p  24.1   7:30a  32.4   0.0  0.00   5.1  19.0   6:30p    SW
 3  29.7  39.5   1:30p  21.9   7:30a  35.3   0.0  0.00   2.2  12.0  12:00p   WNW
 4  37.7  52.8   2:30p  23.2   2:00a  27.3   0.0  0.00   3.5  26.0   1:00p   SSW
 5  42.4  53.5  12:00m  35.2   6:30a  22.6   0.0  0.00   1.9  20.0  11:30p   ENE
 6  45.7  55.5   1:30a  37.2  12:00m  18.9   0.0  0.16   3.8  22.0   1:00a     N
 7  35.2  37.6   3:30a  31.1  12:00m  29.8   0.0  0.61   3.4  20.0  12:00m   NNW
 8  30.2  33.7   2:00p  27.5   2:00a  34.8   0.0  0.04   9.4  30.0  10:00a     W
 9  32.8  38.5   2:00p  27.5   4:30a  32.2   0.0  0.00   6.4  24.0   1:00p    SW
10  27.9  34.9   1:00a  21.9  11:00p  37.1   0.0  0.00   9.4  25.0   4:30a   WNW
11  26.2  34.5   2:30p  17.6   6:30a  38.8   0.0  0.00   6.0  19.0  12:30a   WSW
12  30.8  44.4   2:00p  20.8   5:30a  34.2   0.0  0.00   2.6  17.0   1:30a    SW
13  32.6  40.8   2:30p  25.1  12:30a  32.4   0.0  0.00   4.9  14.0  10:00a     W
14  38.8  45.7   2:00p  32.8   6:30a  26.2   0.0  0.00   2.9  24.0  11:30p   ESE
15  45.3  50.6   6:30p  41.1   8:30a  19.7   0.0  0.46  13.2  38.0  12:30p    SW
16  35.9  48.2  12:30a  32.7  12:00m  29.1   0.0  0.13  13.3  44.0   4:00a     W
17  24.6  33.0  12:30a  12.8  12:00m  39.6   0.0  0.01   7.1  22.0   3:00a    NW
18  15.6  24.7   3:00p   9.0   6:00a  49.4   0.0  0.00   3.0  12.0   2:30a     W
19  30.0  42.3   2:30p  12.5   3:00a  35.0   0.0  0.06   7.9  28.0  10:30a   WSW
20  29.0  36.2   1:30a  22.0   8:00p  36.0   0.0  0.00   4.4  22.0  12:30a    SW
21  33.7  49.4   9:00p  26.6   4:30a  31.3   0.0  0.74   2.8  30.0  12:00m   SSW
22  41.1  47.5  12:30a  37.9  11:00p  23.9   0.0  0.21   5.8  36.0   2:30a   WNW
23  31.9  38.1  12:30a  21.7  12:00m  33.1   0.0  0.38   6.5  27.0   4:30p    NW
24  19.2  24.4   1:00p  12.5  11:30p  45.8   0.0  0.00   4.7  16.0  12:30a    NW
25  27.9  38.1   1:00p  11.9   1:30a  37.1   0.0  0.00   6.1  27.0   9:00p    SW
26  30.8  34.6  12:30a  24.7  10:30p  34.2   0.0  0.01   6.9  29.0   4:00a    NW
27  31.1  42.8  11:30p  24.1   8:00a  33.9   0.0  0.67   3.6  25.0  11:30p     N
28  27.4  42.5  12:30a  16.0  12:00m  37.6   0.0  0.00  15.7  38.0  12:00p   WNW
29  16.8  24.3   3:00p  12.3   7:00a  48.2   0.0  0.00   4.6  29.0  12:30a   NNE
30  24.6  29.1   2:30p  19.0   1:00a  40.4   0.0  0.01   1.6   7.0  12:00p   ESE
31  35.4  41.5  12:00p  26.6   1:00a  29.7   0.0  0.01   2.4  18.0  11:30p     E
-------------------------------------------------------------------------------------
    31.4  55.5     6     9.0    18  1039.6   0.0  3.50   5.7  44.0    16       W

Max >=  90.0:  0
Max <=  32.0:  4
Min <=  32.0: 25
Min <=   0.0:  0
Max Rain: 0.74 ON 12/21/11
Days of Rain: 10 (>.01 in) 8 (>.1 in) 0 (>1 in)
Heat Base:  65.0  Cool Base:  65.0  Method: Integration