NOAA-Style Climate Report Archive

for Hessville, NY - Since March 2004

(Reports Generated by WeatherLink)

Report for 2011 November
                   MONTHLY CLIMATOLOGICAL SUMMARY for NOV. 2011

NAME: Indian Trail Weather   CITY: Hessville   STATE: New York 
ELEV:  1041 ft  LAT:  42° 51' 52" N  LONG:  74° 43' 15" W

                   TEMPERATURE (°F), RAIN  (in), WIND SPEED (mph)

                                      HEAT  COOL        AVG
    MEAN                              DEG   DEG         WIND                 DOM
DAY TEMP  HIGH   TIME   LOW    TIME   DAYS  DAYS  RAIN  SPEED HIGH   TIME    DIR
------------------------------------------------------------------------------------
 1  40.4  54.1   3:00p  31.7   3:00a  24.0   0.0  0.00   1.7   8.0  12:30p     W
 2  43.6  59.4   3:30p  29.7   8:00a  21.4   0.0  0.00   2.6  16.0   2:30p   SSW
 3  49.1  60.5   3:00p  39.9   3:30a  15.9   0.0  0.00   3.5  16.0   1:30p     N
 4  38.2  45.4  12:30a  29.9  11:00p  26.8   0.0  0.00   7.4  27.0   4:00p    NW
 5  33.4  45.5   4:00p  23.1   7:00a  31.6   0.0  0.00   2.0   8.0   2:30p     W
 6  39.2  56.5   2:30p  22.2   7:00a  25.8   0.0  0.00   3.8  22.0  11:00a    SW
 7  47.7  59.2   3:00p  37.3   6:30a  17.3   0.0  0.00   3.3  19.0   2:30a   WSW
 8  53.5  62.2   3:30p  45.0  12:30a  11.5   0.0  0.00   2.7  17.0  10:30a   SSE
 9  50.5  64.5   2:30p  39.2   6:30a  14.5   0.0  0.00   2.3   8.0  11:30a     E
10  46.1  55.2   9:00a  38.1   6:30p  18.9   0.0  0.16   5.5  19.0   5:00a    NW
11  35.2  38.6   1:00a  32.5  10:30p  29.8   0.0  0.12  10.1  28.0   8:30a     W
12  41.1  50.1   2:00p  31.9   6:30a  23.9   0.0  0.00   9.9  34.0   2:30p   WSW
13  50.9  61.4   1:00p  39.8   5:30a  14.1   0.0  0.00   6.0  26.0  11:30a    SW
14  55.1  58.6   1:00p  50.4  11:00p   9.5   0.0  0.42  10.4  31.0   5:30a    SW
15  51.0  57.3   2:30a  44.4  12:00m  14.0   0.0  0.06   6.4  33.0   1:30a     W
16  46.7  53.1   1:00p  38.8   6:00a  18.3   0.0  0.10   4.6  24.0   8:00p    SW
17  35.5  41.5  12:30a  28.8  10:00p  29.5   0.0  0.01   8.9  27.0  11:30p   WNW
18  32.2  39.5   2:00p  28.0   6:00a  32.8   0.0  0.00   8.9  29.0   1:30a     W
19  42.1  55.7   2:30p  26.3   7:30a  22.9   0.0  0.02   7.7  30.0  11:00a    SW
20  49.4  61.9   2:00p  37.2   4:30a  15.6   0.0  0.00  11.1  38.0   6:00a   WSW
21  33.6  44.1  12:30a  24.4  11:00p  31.4   0.0  0.00   4.3  18.0   2:00a     N
22  29.3  35.0  12:00p  20.4   7:30a  35.7   0.0  0.69   2.6  13.0   9:30p     E
23  33.1  37.5   3:00p  30.8  11:00p  30.6   0.0  1.22   4.3  21.0   6:00p    NW
24  35.5  43.8   2:00p  30.2   2:00a  29.5   0.0  0.00   5.0  21.0   1:30p    NW
25  45.8  56.0   3:30p  35.6   7:00a  19.2   0.0  0.00   8.6  26.0   8:00p   WSW
26  48.5  59.4   3:00p  42.1   8:00p  16.5   0.0  0.00   6.1  22.0  12:30a   WSW
27  49.4  62.2   1:30p  34.2   7:00a  15.6   0.0  0.00   4.8  29.0   7:30p   WSW
28  51.6  58.3   9:30a  44.1   6:00p  13.4   0.0  0.00   7.0  31.0   3:30a    SW
29  52.3  57.4   2:30p  46.4  12:30a  12.4   0.0  0.35   3.1  21.0   2:30p   ESE
30  40.9  54.4  12:30a  31.1  12:00m  24.1   0.0  0.00  10.8  32.0   3:00a   WSW
-------------------------------------------------------------------------------------
    43.4  64.5     9    20.4    22   646.5   0.0  3.15   5.8  38.0    20     WSW

Max >=  90.0:  0
Max <=  32.0:  0
Min <=  32.0: 14
Min <=   0.0:  0
Max Rain: 1.22 ON 11/23/11
Days of Rain: 9 (>.01 in) 6 (>.1 in) 1 (>1 in)
Heat Base:  65.0  Cool Base:  65.0  Method: Integration