NOAA-Style Climate Report Archive

for Hessville, NY - Since March 2004

(Reports Generated by WeatherLink)

Report for 2011 October
                   MONTHLY CLIMATOLOGICAL SUMMARY for OCT. 2011

NAME: Indian Trail Weather   CITY: Hessville   STATE: New York 
ELEV:  1041 ft  LAT:  42° 51' 52" N  LONG:  74° 43' 15" W

                   TEMPERATURE (°F), RAIN  (in), WIND SPEED (mph)

                                      HEAT  COOL        AVG
    MEAN                              DEG   DEG         WIND                 DOM
DAY TEMP  HIGH   TIME   LOW    TIME   DAYS  DAYS  RAIN  SPEED HIGH   TIME    DIR
------------------------------------------------------------------------------------
 1  47.1  51.6   6:30a  41.3  11:30p  17.9   0.0  0.51   4.8  24.0   2:00p   NNW
 2  48.5  58.2   3:30p  41.5  12:30a  16.5   0.0  1.21   2.9  14.0   2:30p     E
 3  51.9  60.0   3:00p  46.0  10:30p  13.1   0.0  0.01   4.2  17.0   1:00p     E
 4  52.1  61.9   2:30p  43.5   5:30a  12.9   0.0  0.00   6.9  21.0   3:00p    NW
 5  53.4  60.5   3:30p  41.8  12:00m  11.6   0.0  0.00   7.3  27.0   1:00p    NW
 6  47.1  59.2   3:30p  37.2   7:00a  17.9   0.0  0.00   6.4  24.0   1:00p     W
 7  51.4  68.1   4:00p  36.2   4:00a  13.6   0.3  0.00   3.0  11.0   6:00a   WSW
 8  61.0  77.8   3:30p  48.2   5:30a   6.7   2.7  0.00   4.4  16.0   2:30p   WSW
 9  60.2  73.0  12:00p  54.1   1:30a   2.9   0.5  0.00   2.8  14.0   2:00a   WSW
10  67.8  77.5   2:30p  55.0   7:30a   1.2   3.1  0.00   4.8  19.0   5:00p     W
11  60.3  70.6   3:30p  52.3   6:00a   5.2   0.8  0.00   2.1  12.0   1:00p   ESE
12  54.0  59.2   1:30p  49.8  12:00m  11.0   0.0  0.03   3.5  16.0  11:30p     E
13  53.2  58.9   6:00p  48.4   3:00a  10.1   0.0  0.44   5.7  15.0   3:30a     E
14  59.9  70.8   3:30p  51.3  12:00m   4.5   0.5  1.14   7.7  34.0   3:30p     E
15  49.6  55.7   2:00p  45.8   8:30p  15.4   0.0  0.27  15.3  36.0   3:30p   WSW
16  49.8  56.8  12:30p  45.8   7:00a  15.2   0.0  0.42  11.6  29.0   1:30a     W
17  49.3  57.0   5:30p  42.9   7:30a  15.7   0.0  0.04   8.7  30.0  12:00p   WSW
18  50.7  61.3   3:00p  42.2   7:00a  14.3   0.0  0.00   6.2  22.0   1:00p   WSW
19  49.6  53.7   1:00p  45.2   2:00a  15.4   0.0  0.15   6.1  21.0   7:00p   ESE
20  54.6  65.9  12:00p  47.3  10:00p  10.4   0.0  0.27   9.9  34.0   4:30p    SW
21  48.2  54.3   1:30p  45.2   9:30p  16.8   0.0  0.00  10.7  30.0   5:00a   WSW
22  44.7  48.5  11:00a  43.1   6:30a  19.9   0.0  0.02   5.8  18.0  11:30a     W
23  45.8  56.3   4:30p  37.8  11:00p  19.2   0.0  0.00   2.5  16.0   2:00p     W
24  45.3  62.1   2:00p  35.0   6:30a  19.7   0.0  0.26   4.7  27.0   4:00p    SW
25  45.0  49.8   3:30p  39.6  10:00p  20.0   0.0  0.00  10.0  31.0   4:00p   WNW
26  41.4  42.9   1:30a  40.6  12:00m  23.6   0.0  0.46   3.0  12.0  12:30a   ENE
27  35.5  40.8  12:30a  30.8  12:00m  29.5   0.0  0.76   3.3  13.0   8:30p   ESE
28  32.6  41.9   3:30p  25.3   5:00a  32.4   0.0  0.48   4.7  16.0   1:00p   WSW
29  31.2  34.8   1:30p  28.4   8:00a  33.8   0.0  0.11   1.8  13.0   4:00p     N
30  35.5  45.7   3:30p  29.3   2:00a  29.5   0.0  0.00   7.5  26.0  10:00a    NW
31  37.0  48.1   3:00p  26.5   7:30a  28.0   0.0  0.00   3.1  14.0   1:00p   WSW
-------------------------------------------------------------------------------------
    48.8  77.8     8    25.3    28   503.9   7.9  6.58   5.9  36.0    15     WSW

Max >=  90.0:  0
Max <=  32.0:  0
Min <=  32.0:  5
Min <=   0.0:  0
Max Rain: 1.21 ON 10/02/11
Days of Rain: 16 (>.01 in) 13 (>.1 in) 2 (>1 in)
Heat Base:  65.0  Cool Base:  65.0  Method: Integration