NOAA-Style Climate Report Archive

for Hessville, NY - Since March 2004

(Reports Generated by WeatherLink)

Report for 2011 September
                   MONTHLY CLIMATOLOGICAL SUMMARY for SEP. 2011

NAME: Indian Trail Weather   CITY: Hessville   STATE: New York 
ELEV:  1041 ft  LAT:  42° 51' 52" N  LONG:  74° 43' 15" W

                   TEMPERATURE (°F), RAIN  (in), WIND SPEED (mph)

                                      HEAT  COOL        AVG
    MEAN                              DEG   DEG         WIND                 DOM
DAY TEMP  HIGH   TIME   LOW    TIME   DAYS  DAYS  RAIN  SPEED HIGH   TIME    DIR
------------------------------------------------------------------------------------
 1  64.1  72.9  12:30p  56.2   5:30a   2.4   1.5  0.27   1.4   7.0   9:00a     W
 2  66.1  76.6   4:00p  56.6   5:00a   2.2   3.2  0.01   2.5  13.0   5:00p    SW
 3  71.0  81.8   3:30p  64.6   3:00a   0.0   5.4  0.00   3.3  18.0   3:30a    SW
 4  73.4  84.3   4:00p  67.1   9:30p   0.0   5.6  0.58   3.7  26.0   4:30p   SSW
 5  63.4  71.0  12:00p  55.7  12:00m   2.6   1.0  0.76   4.2  21.0  12:30a    SW
 6  58.5  62.9   4:00p  55.2   6:00a   6.4   0.0  0.47   2.4  12.0  12:30a   WNW
 7  56.8  58.3   2:00p  55.3   8:30a   8.2   0.0  2.55   5.6  16.0   3:30a     E
 8  60.9  69.1   5:00p  57.9  12:30a   3.0   0.2  1.09   2.3  14.0   9:00a     E
 9  69.5  76.0   4:30p  61.7   7:30a   0.1   2.0  0.00   2.7  13.0   4:00p   WSW
10  64.6  74.4   4:30p  55.2  12:00m   1.7   1.5  0.00   2.3  12.0   4:30p     W
11  59.8  72.3   3:00p  49.7   7:00a   6.2   1.0  0.00   2.5  18.0   5:00p   SSE
12  66.8  77.1   3:30p  60.0   6:00a   1.6   3.3  0.00   4.6  20.0   3:00a   WSW
13  69.6  79.7   2:30p  59.2   2:30a   1.5   6.0  0.00   9.0  31.0   9:30p    SW
14  62.9  70.6  12:30a  57.4   6:30a   3.2   1.1  0.00   3.7  18.0   3:00a    NW
15  51.7  59.1   1:30a  43.9  11:00p  13.3   0.0  0.81   5.1  24.0   6:30p    NW
16  47.0  56.3   4:00p  38.9   4:30a  18.0   0.0  0.00   6.5  27.0  11:30a    NW
17  46.1  56.6   5:00p  37.9   3:00a  18.9   0.0  0.00   2.5  12.0  11:30a    SW
18  49.2  61.6   3:30p  37.6   5:30a  15.8   0.0  0.00   2.4  14.0   1:30p     W
19  52.3  64.2   4:00p  38.5   6:30a  12.7   0.0  0.01   3.3  18.0   2:00p   ESE
20  57.0  62.9   1:30p  52.1  12:00m   8.0   0.0  0.25   3.8  20.0  11:30a   WSW
21  58.3  67.1   5:30p  49.2   2:30a   6.9   0.2  0.01   1.9   8.0  11:00a   ESE
22  64.4  76.2   4:00p  56.6   1:00a   2.6   2.1  0.33   2.0  18.0   6:30p   WSW
23  61.2  68.1   1:30p  52.1   7:00a   4.2   0.4  0.05   4.7  17.0  11:00p     E
24  64.3  69.4   3:30p  58.9  12:00m   1.4   0.7  0.21   3.5  16.0   4:30p     N
25  64.9  77.5   5:00p  57.3   5:00a   3.2   3.2  0.09   1.1  10.0  12:30a     E
26  66.4  78.6   3:00p  55.9   7:00a   2.4   3.8  0.04   1.4   8.0   1:30p    SW
27  66.3  74.6   4:30p  59.9   1:30a   1.4   2.7  0.03   2.1  21.0   8:30p    NE
28  63.9  67.8   1:00p  61.9  11:30p   1.3   0.2  0.06   5.1  17.0   8:30p   ESE
29  61.4  72.5   1:30p  54.6  11:30p   4.3   0.7  1.55   4.4  22.0   4:00p   WSW
30  57.3  67.6   1:00p  48.6  12:00m   7.9   0.2  0.00   5.5  26.0  10:30a   WSW
-------------------------------------------------------------------------------------
    61.3  84.3     4    37.6    18   161.4  46.0  9.17   3.5  31.0    13     WSW

Max >=  90.0:  0
Max <=  32.0:  0
Min <=  32.0:  0
Min <=   0.0:  0
Max Rain: 2.55 ON 09/07/11
Days of Rain: 16 (>.01 in) 11 (>.1 in) 3 (>1 in)
Heat Base:  65.0  Cool Base:  65.0  Method: Integration