NOAA-Style Climate Report Archive

for Hessville, NY - Since March 2004

(Reports Generated by WeatherLink)

Report for 2011 August
                   MONTHLY CLIMATOLOGICAL SUMMARY for AUG. 2011

NAME: Indian Trail Weather   CITY: Hessville   STATE: New York 
ELEV:  1041 ft  LAT:  42° 51' 52" N  LONG:  74° 43' 15" W

                   TEMPERATURE (°F), RAIN  (in), WIND SPEED (mph)

                                      HEAT  COOL        AVG
    MEAN                              DEG   DEG         WIND                 DOM
DAY TEMP  HIGH   TIME   LOW    TIME   DAYS  DAYS  RAIN  SPEED HIGH   TIME    DIR
------------------------------------------------------------------------------------
 1  73.9  83.5   2:30p  64.5   1:30a   0.0   8.9  0.00   5.7  24.0   4:00p     W
 2  70.3  78.8   3:00p  59.9  12:00m   0.4   5.6  0.00   6.8  26.0   1:30p    NW
 3  64.1  75.3  12:30p  55.2   6:00a   3.0   2.1  0.08   2.6  13.0   3:30p   ENE
 4  69.2  80.2   4:00p  62.1   5:00a   0.9   5.0  0.04   1.7  10.0   1:30p     N
 5  72.6  84.3   4:30p  61.3   5:30a   0.6   8.2  0.00   2.6  12.0   2:30p     W
 6  69.5  74.4  12:30p  65.8   8:30p   0.0   4.0  0.92   2.4  13.0  11:00a   ESE
 7  72.3  82.8   3:00p  65.9  12:30a   0.0   6.5  0.26   2.5  13.0   1:30p     W
 8  73.4  80.1   1:30p  68.4   6:00a   0.0   6.3  0.08   3.6  13.0   6:00p    NW
 9  71.0  74.4   5:00p  68.1  11:30a   0.0   1.0  0.00   1.7  12.0   7:00p     E
10  69.4  76.2   1:30p  60.6  11:30p   0.4   2.4  0.00   3.9  20.0   6:00p   WSW
11  66.6  70.6   3:30p  58.8   9:30p   0.3   0.9  0.00   4.0  21.0  12:00p     W
12  70.0  76.7   5:00p  58.5  12:00m   0.6   3.9  0.00   4.3  21.0   3:30p   WSW
13  67.3  79.7   5:00p  55.2   6:30a   2.5   4.8  0.00   2.9  16.0   9:00p   SSW
14  66.8  75.0   3:00p  61.4   4:00a   0.7   2.6  0.02   3.2  13.0   1:30p   ESE
15  62.3  63.5  12:30a  61.0   8:30a   1.8   0.0  0.48   3.4  12.0   9:30a   ENE
16  71.2  77.3   5:00p  64.5  12:00m   0.0   3.4  0.44   3.6  17.0   4:00p    NW
17  68.7  80.2   4:30p  57.4   6:00a   1.6   5.4  0.00   3.2  17.0   8:30a   WNW
18  70.5  82.4   5:00p  60.8   7:30a   0.8   6.3  0.00   3.1  14.0   9:30a   WSW
19  67.4  81.6   2:00p  59.7   5:30a   1.1   3.5  0.27   3.5  26.0   2:30p    SW
20  69.6  83.0   5:00p  58.2   6:30a   1.6   6.2  0.10   2.5  14.0   1:30a   WSW
21  70.5  79.9   3:00p  60.2  12:00m   0.3   5.8  0.09   3.9  28.0  10:00p   WSW
22  61.4  69.6   3:00p  53.8  11:30p   4.2   0.5  0.01   7.3  25.0   1:00p    NW
23  61.7  73.6   4:00p  51.8   6:30a   5.3   2.0  0.00   5.4  18.0  12:30a   WSW
24  67.1  77.6   3:00p  55.5   5:30a   2.5   4.6  0.00   6.9  25.0   2:00p   SSW
25  69.4  75.5  12:00p  65.0   8:00p   0.0   3.5  0.08   5.7  26.0  10:00a    SW
26  69.9  77.5   4:30p  60.6  11:30p   0.5   3.9  0.00   2.3  13.0   5:00p     W
27  67.6  77.1   2:30p  57.9   6:30a   1.7   4.0  0.00   1.4   8.0   1:30p   WNW
28  61.5  66.6  12:30a  55.0  10:30p   3.7   0.1  6.56  14.3  51.0   4:30p     N
29  59.9  69.3   4:00p  52.1   4:00a   5.9   0.7  0.00   6.0  22.0   1:30a     W
30  63.4  76.0   5:00p  50.6   5:00a   4.8   3.2  0.00   3.8  17.0   2:00p   WSW
31  67.1  79.9   3:00p  54.3   4:30a   2.6   4.8  0.00   1.9  11.0   2:30a     W
-------------------------------------------------------------------------------------
    67.9  84.3     5    50.6    30    47.8 120.1  9.43   4.1  51.0    28       W

Max >=  90.0:  0
Max <=  32.0:  0
Min <=  32.0:  0
Min <=   0.0:  0
Max Rain: 6.56 ON 08/28/11
Days of Rain: 13 (>.01 in) 6 (>.1 in) 1 (>1 in)
Heat Base:  65.0  Cool Base:  65.0  Method: Integration