NOAA-Style Climate Report Archive

for Hessville, NY - Since March 2004

(Reports Generated by WeatherLink)

Report for 2011 July
                   MONTHLY CLIMATOLOGICAL SUMMARY for JUL. 2011

NAME: Indian Trail Weather   CITY: Hessville   STATE: New York 
ELEV:  1041 ft  LAT:  42° 51' 52" N  LONG:  74° 43' 15" W

                   TEMPERATURE (°F), RAIN  (in), WIND SPEED (mph)

                                      HEAT  COOL        AVG
    MEAN                              DEG   DEG         WIND                 DOM
DAY TEMP  HIGH   TIME   LOW    TIME   DAYS  DAYS  RAIN  SPEED HIGH   TIME    DIR
------------------------------------------------------------------------------------
 1  65.3  75.5   4:00p  53.2   1:00a   3.1   3.4  0.00   3.6  17.0  11:00a     W
 2  69.9  82.8   5:30p  57.1   6:00a   1.4   6.3  0.00   2.6  12.0   6:30p   WSW
 3  69.2  75.7   7:00p  62.7  12:00m   0.1   4.2  0.26   4.1  19.0   2:30p   WSW
 4  70.3  81.0   4:00p  59.4  12:00m   0.6   5.9  0.00   5.2  20.0   4:30p     W
 5  69.7  82.2   3:30p  55.6   6:00a   1.9   6.6  0.00   4.2  16.0  12:30p     W
 6  71.2  85.7   3:00p  61.7   4:00a   0.7   6.9  0.80   5.0  35.0   4:30p   WSW
 7  70.1  77.8   4:30p  61.7   5:30a   0.4   5.5  0.00   3.9  16.0   3:30p    NW
 8  65.5  74.8   2:00p  58.0   3:00a   2.2   2.6  0.01   2.0  10.0   7:30p    SW
 9  68.2  75.8   3:30p  61.0  11:30p   0.7   3.9  0.01   5.5  22.0   8:00a    NW
10  69.6  82.8   4:30p  55.0   6:00a   2.0   6.5  0.00   3.1  14.0   4:00p   WSW
11  76.8  87.0   4:00p  67.4   1:30a   0.0  11.8  0.00   5.0  19.0   4:30p   WSW
12  76.3  82.2   4:30p  70.6  11:00p   0.0  11.3  0.00   7.7  24.0   1:00p     W
13  68.2  77.6   2:00p  58.9  12:00m   0.8   3.9  0.00   6.7  36.0   4:30p    NW
14  67.0  79.3   6:30p  55.2   5:00a   2.8   4.8  0.00   4.1  16.0   6:30a     W
15  68.6  81.6   6:00p  54.4   4:00a   2.5   6.1  0.00   2.4  13.0   1:30p     N
16  70.8  84.7   4:30p  54.7   6:00a   1.9   7.7  0.00   2.3  14.0  12:00m   WSW
17  76.5  87.8   3:30p  65.9   6:00a   0.0  11.5  0.00   5.7  18.0   1:00p   WSW
18  73.2  80.6   5:00p  67.8  11:00a   0.0   8.2  0.72   6.8  28.0   9:30a   WSW
19  73.5  83.7   5:30p  65.0   5:00a   0.0   8.5  0.00   1.8  11.0  12:30a     N
20  75.2  87.6   3:30p  61.4   4:30a   0.5  10.7  0.00   2.3  13.0   1:30p   WSW
21  83.5  94.1   5:30p  72.9   1:00a   0.0  18.5  0.00   7.6  26.0   1:00p   WSW
22  81.8  88.5   4:30p  70.5  10:30p   0.0  15.8  0.00   6.4  22.0   7:30a     W
23  78.4  88.5   4:30p  67.6   6:30a   0.0  13.1  0.00   4.5  19.0   2:30p    NW
24  75.9  84.9   4:00p  65.9  12:00m   0.0  10.9  0.00   4.1  18.0   3:00p     W
25  65.1  72.0  10:00a  57.0   5:30a   1.6   1.7  0.78   2.7  27.0  12:30p    SE
26  68.8  78.2  11:30a  62.5  10:30p   0.2   3.9  1.02   6.0  25.0   8:00p   WSW
27  67.9  78.0   4:30p  59.9   3:00a   1.3   4.2  0.00   5.7  19.0  10:00a    NW
28  70.1  79.7   3:00p  58.9   3:30a   1.2   6.4  0.00   1.9  11.0  11:00a   WSW
29  72.1  82.4   4:30p  66.6   1:30a   0.0   7.1  0.88   4.1  24.0  11:00p    SW
30  72.0  79.9   3:30p  64.6  12:00m   0.0   7.0  0.00   6.7  20.0  12:30p    NW
31  71.9  84.1   4:30p  59.4   6:00a   0.9   7.8  0.00   4.1  17.0  10:30a   WSW
-------------------------------------------------------------------------------------
    71.7  94.1    21    53.2     1    26.8 232.7  4.48   4.4  36.0    13     WSW

Max >=  90.0:  1
Max <=  32.0:  0
Min <=  32.0:  0
Min <=   0.0:  0
Max Rain: 1.02 ON 07/26/11
Days of Rain: 6 (>.01 in) 6 (>.1 in) 1 (>1 in)
Heat Base:  65.0  Cool Base:  65.0  Method: Integration