NOAA-Style Climate Report Archive

for Hessville, NY - Since March 2004

(Reports Generated by WeatherLink)

Report for 2011 June
                   MONTHLY CLIMATOLOGICAL SUMMARY for JUN. 2011

NAME: Indian Trail Weather   CITY: Hessville   STATE: New York 
ELEV:  1041 ft  LAT:  42° 51' 52" N  LONG:  74° 43' 15" W

                   TEMPERATURE (°F), RAIN  (in), WIND SPEED (mph)

                                      HEAT  COOL        AVG
    MEAN                              DEG   DEG         WIND                 DOM
DAY TEMP  HIGH   TIME   LOW    TIME   DAYS  DAYS  RAIN  SPEED HIGH   TIME    DIR
------------------------------------------------------------------------------------
 1  76.0  84.7   4:00p  64.8  12:00m   0.0  11.0  0.40   9.7  36.0   2:00p   WSW
 2  55.3  65.6  12:30a  49.7  11:30p   9.7   0.0  0.00  10.8  38.0   8:30a    NW
 3  55.8  66.9   4:30p  45.7   5:30a   9.3   0.1  0.00   9.6  30.0   1:00p    NW
 4  59.3  71.1   2:00p  46.3  12:30a   6.7   1.0  0.00   4.2  19.0   2:00p     W
 5  57.7  65.8   7:00p  47.3   5:30a   7.3   0.0  0.00   1.8  10.0   3:00p    SW
 6  65.5  79.3   6:00p  52.1   5:00a   3.7   4.2  0.00   2.1  11.0   6:30p     W
 7  70.7  84.3   5:00p  55.5   5:30a   2.4   8.1  0.00   3.9  17.0   2:30p   WSW
 8  74.3  89.7   3:00p  63.0   3:30a   0.2   9.5  0.79   5.5  41.0   6:30p   WSW
 9  74.1  87.6   1:00p  65.9  12:00m   0.0   9.1  0.60   7.0  40.0   1:30p     W
10  67.0  73.7   6:30p  61.7  12:00m   0.6   2.6  0.00   3.6  18.0  11:00a    NW
11  57.0  61.7  12:30a  54.3   6:30a   8.0   0.0  2.96   3.5  13.0   7:00p     E
12  57.7  67.6   5:30p  50.7  12:00m   7.4   0.1  0.16   3.3  17.0   8:00p     E
13  57.8  64.3   3:00p  50.7   1:00a   7.0   0.0  0.00   4.4  16.0   9:00a     W
14  56.6  61.7   4:30p  52.1  11:30p   8.4   0.0  0.29   2.3  16.0  10:30a     N
15  64.5  78.2   3:30p  51.9   6:30a   4.3   3.8  0.00   5.8  22.0   3:30p     W
16  69.0  80.1   2:30p  54.6   5:00a   1.9   5.9  0.00   4.8  25.0  10:30p   WSW
17  63.9  70.6   7:00p  58.8   6:00a   2.1   1.0  0.03   2.6  18.0  11:30p   WSW
18  68.3  78.8   3:00p  58.8   5:30a   1.7   5.0  0.00   5.2  19.0   6:30p    NW
19  63.9  73.0   4:30p  52.3   4:30a   3.1   2.1  0.00   3.7  17.0   1:00p   WNW
20  63.1  77.6   5:00p  48.8   5:00a   5.3   3.5  0.00   2.2  11.0  11:30a     N
21  67.4  81.2   4:30p  53.2   2:30a   3.0   5.4  0.00   1.7  11.0  10:00a     W
22  62.2  66.1   2:00a  57.9   9:00a   2.8   0.0  2.11   2.6  21.0   8:00a     E
23  64.7  71.1   4:30p  62.1   4:00a   1.2   1.0  0.21   4.0  13.0   3:30p     E
24  65.2  73.0  12:30p  61.0   4:00a   1.7   1.9  0.22   2.6  19.0   2:30p   ESE
25  63.5  70.1  11:00a  59.5   2:30a   1.8   0.6  0.36   2.6  16.0   9:00a     W
26  65.8  68.9   3:00p  60.3  11:30p   0.5   1.0  0.00   2.3  11.0   9:00a     W
27  73.9  78.4   5:00p  67.8   8:30a   0.0   4.6  0.00   1.2  10.0   1:00p     N
28  72.4  80.6   4:30p  64.5   1:30a   0.0   4.7  0.06   3.4  16.0   4:00p   SSW
29  61.6  66.8   3:00p  57.7   9:30p   3.4   0.0  0.00   6.7  21.0  11:00a     W
30  63.2  71.5   3:00p  54.7  12:00m   3.4   1.6  0.00   7.5  21.0   3:00p     W
-------------------------------------------------------------------------------------
    64.6  89.7     8    45.7     3   106.9  87.8  8.19   4.4  41.0     8       W

Max >=  90.0:  0
Max <=  32.0:  0
Min <=  32.0:  0
Min <=   0.0:  0
Max Rain: 2.96 ON 06/11/11
Days of Rain: 12 (>.01 in) 10 (>.1 in) 2 (>1 in)
Heat Base:  65.0  Cool Base:  65.0  Method: Integration