NOAA-Style Climate Report Archive

for Hessville, NY - Since March 2004

(Reports Generated by WeatherLink)

Report for 2011 May
                   MONTHLY CLIMATOLOGICAL SUMMARY for MAY. 2011

NAME: Indian Trail Weather   CITY: Hessville   STATE: New York 
ELEV:  1041 ft  LAT:  42° 51' 52" N  LONG:  74° 43' 15" W

                   TEMPERATURE (°F), RAIN  (in), WIND SPEED (mph)

                                      HEAT  COOL        AVG
    MEAN                              DEG   DEG         WIND                 DOM
DAY TEMP  HIGH   TIME   LOW    TIME   DAYS  DAYS  RAIN  SPEED HIGH   TIME    DIR
------------------------------------------------------------------------------------
 1  54.6  67.1   3:00p  36.8   6:00a  10.6   0.2  0.00   3.7  18.0  12:00p   ESE
 2  52.4  60.6   4:00p  43.6   7:00a  12.6   0.0  0.06   2.8  12.0  11:00p   ESE
 3  52.4  58.5   2:30p  47.3   3:00a  12.6   0.0  0.72   3.5  18.0   2:00a     W
 4  42.3  51.3  12:30a  40.2   8:30a  22.7   0.0  0.50   8.8  25.0   5:00a    NW
 5  46.3  53.8   3:30p  39.8   5:30a  18.7   0.0  0.01  12.1  37.0  10:30a   WNW
 6  53.8  65.4   5:30p  42.1   5:30a  11.2   0.0  0.00  10.4  28.0   4:00a   WSW
 7  53.3  62.7   4:30p  45.4   4:30a  11.7   0.0  0.00   6.7  26.0   4:30p     W
 8  52.5  62.7   2:00p  42.9   6:00a  12.5   0.0  0.00   4.9  17.0   3:30a     N
 9  54.6  65.4   5:00p  45.7   4:00a  10.4   0.0  0.00   5.7  25.0   3:00p     N
10  56.0  68.6   5:00p  42.1   6:00a   9.5   0.4  0.00   3.6  14.0   1:00p     N
11  57.7  68.1   4:30p  46.0   5:00a   7.7   0.4  0.00   4.2  20.0   1:00p   ESE
12  59.8  72.5   4:30p  45.2   6:00a   6.8   1.6  0.00   2.8  14.0   4:30p   ESE
13  53.5  62.7   5:30p  47.6   3:00a  11.5   0.0  0.15   1.8  10.0   4:30p   ENE
14  57.1  62.1   1:00p  53.5   4:30a   7.9   0.0  0.05   2.4  18.0   3:30p   SSW
15  53.4  57.9  12:30a  49.8   8:00p  11.6   0.0  0.31   4.3  19.0   2:00p   ESE
16  50.8  54.3   4:30p  48.4   5:30a  14.2   0.0  0.71   6.9  19.0   3:00a     E
17  52.5  56.6   6:00p  48.8   7:00a  12.5   0.0  0.11   6.8  19.0  10:00p     E
18  56.6  60.6   7:00p  53.2   4:30a   8.4   0.0  0.42   7.1  18.0   2:30p     E
19  61.9  73.0   4:30p  55.5   5:00a   4.5   1.4  0.56   6.0  20.0   2:30p   ESE
20  60.2  70.5   3:30p  54.7   5:00a   5.5   0.7  0.08   4.2  19.0   5:00p     N
21  62.2  71.7   1:00p  54.7  12:30a   4.0   1.2  0.11   3.4  16.0   4:30p     N
22  60.0  69.4   2:30p  52.1   4:30a   5.4   0.4  0.01   2.9  14.0   3:30p   WSW
23  62.2  70.6   2:30p  57.0   5:00a   3.6   0.8  0.01   6.0  27.0   2:30p   SSW
24  66.2  74.8   3:00p  56.2  12:00m   1.4   2.7  0.06   9.0  27.0   1:00a   WSW
25  60.2  71.8   4:30p  51.2   2:30a   5.9   1.1  0.00   2.5  13.0  10:30a     W
26  72.6  85.5   4:30p  57.0  12:30a   1.1   8.7  0.54   9.5  52.0  10:30p    SW
27  67.9  81.8   4:00p  58.8   3:00a   1.8   4.7  0.60   3.6  32.0   4:00a    SW
28  67.8  79.3   4:00p  58.9   4:30a   1.8   4.6  0.31   5.2  31.0   6:30p    SW
29  74.1  83.3   4:00p  65.1   1:00a   0.0   9.1  0.00   6.7  24.0  12:00m    SW
30  73.1  81.0   3:30p  65.4  11:30p   0.0   8.1  0.00   5.0  24.0  12:30a    NW
31  71.8  84.3   5:30p  56.8   4:30a   1.6   8.3  0.00   2.3  11.0  11:30a    NE
-------------------------------------------------------------------------------------
    58.7  85.5    26    36.8     1   249.7  54.4  5.32   5.3  52.0    26       E

Max >=  90.0:  0
Max <=  32.0:  0
Min <=  32.0:  0
Min <=   0.0:  0
Max Rain: 0.72 ON 05/03/11
Days of Rain: 16 (>.01 in) 12 (>.1 in) 0 (>1 in)
Heat Base:  65.0  Cool Base:  65.0  Method: Integration