NOAA-Style Climate Report Archive

for Hessville, NY - Since March 2004

(Reports Generated by WeatherLink)

Report for 2011 April
                   MONTHLY CLIMATOLOGICAL SUMMARY for APR. 2011

NAME: Indian Trail Weather   CITY: Hessville   STATE: New York 
ELEV:  1041 ft  LAT:  42° 51' 52" N  LONG:  74° 43' 15" W

                   TEMPERATURE (°F), RAIN  (in), WIND SPEED (mph)

                                      HEAT  COOL        AVG
    MEAN                              DEG   DEG         WIND                 DOM
DAY TEMP  HIGH   TIME   LOW    TIME   DAYS  DAYS  RAIN  SPEED HIGH   TIME    DIR
------------------------------------------------------------------------------------
 1  34.8  39.5   4:30p  30.8   7:30a  30.2   0.0  0.11   7.3  30.0   7:30p   WNW
 2  38.9  47.8   4:00p  31.1   7:00a  26.1   0.0  0.01  12.6  32.0   4:00p   WNW
 3  39.4  47.8   3:30p  32.7   6:00a  25.6   0.0  0.00  11.3  32.0  12:30p    NW
 4  41.1  54.7   7:00p  34.2   8:00a  23.9   0.0  0.59   4.0  27.0   7:00p   ESE
 5  38.4  58.3   3:30a  29.9  11:30p  26.6   0.0  0.28  11.7  34.0   4:00a   WNW
 6  35.5  45.8  12:30p  29.0   3:00a  29.5   0.0  0.00  10.9  34.0   2:00p     W
 7  38.3  49.2   4:30p  28.7   5:30a  26.7   0.0  0.00   3.5  18.0   9:00p   WNW
 8  39.2  49.2   3:30p  26.3   6:30a  25.8   0.0  0.00   3.7  14.0   1:00p     E
 9  45.7  60.5   4:00p  30.5   7:00a  19.3   0.0  0.00   3.3  19.0  11:30a     W
10  50.3  57.9   2:30p  37.9   4:30a  14.7   0.0  0.00   4.9  21.0   5:00p   SSW
11  60.0  77.8   4:00p  45.5   6:00a   8.2   3.2  0.39   9.0  32.0   2:00p   WSW
12  49.7  58.5   4:00p  42.1  12:00m  15.3   0.0  0.04   9.5  33.0   3:00a     E
13  41.9  43.2   5:00p  40.5   6:30a  23.1   0.0  0.24   6.9  24.0   5:00a   ESE
14  45.7  57.1   3:00p  37.2  12:00m  19.3   0.0  0.00   8.7  26.0   4:30a    NW
15  38.6  49.7   5:00p  27.5   6:00a  26.4   0.0  0.00   5.4  19.0   6:00p   ESE
16  36.6  41.6  12:00m  29.6   5:30a  28.4   0.0  0.37  11.5  38.0   2:30p   ESE
17  41.4  50.6   5:00p  33.7  12:00m  23.6   0.0  0.55  11.5  39.0   6:00p     W
18  37.6  46.9   1:30p  32.7   6:30a  27.4   0.0  0.02   8.5  27.0   2:30a     W
19  36.5  39.8   4:30p  33.7   6:30a  28.5   0.0  0.20   4.4  19.0  12:00m   ESE
20  43.8  67.3   5:30p  34.5   1:30a  21.2   0.0  0.34   9.2  36.0   5:30p     E
21  36.1  41.8  12:30a  30.6  11:30p  28.9   0.0  0.05  13.1  36.0   8:30a   WNW
22  39.3  50.0   4:00p  26.6   3:30a  25.7   0.0  0.00   5.5  20.0   1:30p   ESE
23  42.4  56.6   6:30p  32.7   5:30a  22.6   0.0  0.80   4.8  21.0   2:00a   ESE
24  52.4  57.1   2:30p  46.6  12:00m  12.6   0.0  0.00   5.9  21.0  12:30a   WNW
25  48.7  54.1   3:00p  43.5   6:30a  16.3   0.0  0.30   2.7  13.0  10:30p     E
26  60.1  77.6   6:30p  49.4   3:00a   7.5   2.6  1.24   4.6  40.0  10:30p    SE
27  68.7  77.3   4:30p  58.9   4:00a   1.5   5.1  0.61   9.1  48.0  11:00p   SSW
28  63.8  73.2   5:00p  44.1  12:00m   3.5   2.3  1.14  10.4  46.0   7:30a   SSW
29  45.7  53.2   3:00p  39.3   4:30a  19.3   0.0  0.01   5.4  21.0   9:30a    NW
30  49.4  62.2   5:00p  38.1   2:00a  15.6   0.0  0.00   7.3  21.0   2:00p    NW
-------------------------------------------------------------------------------------
    44.7  77.8    11    26.3     8   623.3  13.2  7.29   7.6  48.0    27     WNW

Max >=  90.0:  0
Max <=  32.0:  0
Min <=  32.0: 11
Min <=   0.0:  0
Max Rain: 1.24 ON 04/26/11
Days of Rain: 17 (>.01 in) 14 (>.1 in) 2 (>1 in)
Heat Base:  65.0  Cool Base:  65.0  Method: Integration